CRAN Package Check Results for Package karaoke

Last updated on 2021-11-29 20:50:46 CET.

Flavor Version Tinstall Tcheck Ttotal Status Flags
r-devel-linux-x86_64-debian-clang 1.0 2.80 31.43 34.23 NOTE
r-devel-linux-x86_64-debian-gcc 1.0 2.59 24.95 27.54 NOTE
r-devel-linux-x86_64-fedora-clang 1.0 56.54 NOTE
r-devel-linux-x86_64-fedora-gcc 1.0 42.25 NOTE
r-devel-windows-x86_64-new-UL 1.0 7.00 66.00 73.00 OK
r-devel-windows-x86_64-new-TK 1.0 OK
r-devel-windows-x86_64-old 1.0 5.00 41.00 46.00 OK
r-patched-linux-x86_64 1.0 3.19 30.70 33.89 NOTE
r-patched-solaris-x86 1.0 64.00 NOTE
r-release-linux-x86_64 1.0 3.14 30.67 33.81 NOTE
r-release-macos-arm64 1.0 OK
r-release-macos-x86_64 1.0 OK
r-release-windows-ix86+x86_64 1.0 8.00 36.00 44.00 OK
r-oldrel-macos-x86_64 1.0 OK
r-oldrel-windows-ix86+x86_64 1.0 5.00 37.00 42.00 OK

Check Details

Version: 1.0
Check: for non-standard things in the check directory
Result: NOTE
    Found the following files/directories:
     'song.wav' 'song4karaoke.wav'
Flavors: r-devel-linux-x86_64-debian-clang, r-devel-linux-x86_64-debian-gcc, r-devel-linux-x86_64-fedora-clang, r-devel-linux-x86_64-fedora-gcc, r-patched-linux-x86_64, r-patched-solaris-x86, r-release-linux-x86_64