CRAN Package Check Results for Package kcirt

Last updated on 2022-01-26 15:52:53 CET.

Flavor Version Tinstall Tcheck Ttotal Status Flags
r-devel-linux-x86_64-debian-clang 0.6.0 3.60 45.93 49.53 NOTE
r-devel-linux-x86_64-debian-gcc 0.6.0 2.55 36.23 38.78 NOTE
r-devel-linux-x86_64-fedora-clang 0.6.0 64.76 NOTE
r-devel-linux-x86_64-fedora-gcc 0.6.0 55.85 NOTE
r-devel-windows-x86_64-new-UL 0.6.0 23.00 104.00 127.00 NOTE
r-devel-windows-x86_64-new-TK 0.6.0 NOTE
r-patched-linux-x86_64 0.6.0 4.07 45.48 49.55 NOTE
r-release-linux-x86_64 0.6.0 2.79 45.47 48.26 NOTE
r-release-macos-arm64 0.6.0 NOTE
r-release-macos-x86_64 0.6.0 NOTE
r-release-windows-ix86+x86_64 0.6.0 6.00 51.00 57.00 NOTE
r-oldrel-macos-x86_64 0.6.0 NOTE
r-oldrel-windows-ix86+x86_64 0.6.0 20.00 51.00 71.00 NOTE

Check Details

Version: 0.6.0
Check: DESCRIPTION meta-information
Result: NOTE
    Malformed Description field: should contain one or more complete sentences.
Flavors: r-devel-linux-x86_64-debian-clang, r-devel-linux-x86_64-debian-gcc, r-devel-linux-x86_64-fedora-clang, r-devel-linux-x86_64-fedora-gcc, r-devel-windows-x86_64-new-UL, r-devel-windows-x86_64-new-TK, r-patched-linux-x86_64, r-release-linux-x86_64, r-release-macos-arm64, r-release-macos-x86_64, r-release-windows-ix86+x86_64, r-oldrel-macos-x86_64, r-oldrel-windows-ix86+x86_64

Version: 0.6.0
Check: R code for possible problems
Result: NOTE
    ikcirt.fun.mss.eta: no visible global function definition for 'var'
    ikcirt.fun.mss.eta: no visible global function definition for 'pnorm'
    ikcirt.fun.mss.lambda: no visible global function definition for 'var'
    ikcirt.fun.mss.lambda: no visible global function definition for
     'pnorm'
    ikcirt.fun.mss.mu: no visible global function definition for 'pnorm'
    kcirt.fitEE: no visible binding for global variable 'sd'
    kcirt.fitEE: no visible global function definition for 'var'
    kcirt.fitEE: no visible global function definition for 'cor'
    kcirt.fitMSS: no visible global function definition for 'var'
    kcirt.fitMSS: no visible global function definition for 'pnorm'
    kcirt.fitMSS: no visible global function definition for 'sfInit'
    kcirt.fitMSS: no visible global function definition for 'sfExport'
    kcirt.fitMSS: no visible global function definition for 'rnorm'
    kcirt.fitMSS: no visible global function definition for
     'txtProgressBar'
    kcirt.fitMSS: no visible global function definition for 'sfIsRunning'
    kcirt.fitMSS: no visible global function definition for 'sfStop'
    kcirt.fitMSS: no visible global function definition for 'cor'
    Undefined global functions or variables:
     cor pnorm rnorm sd sfExport sfInit sfIsRunning sfStop txtProgressBar
     var
    Consider adding
     importFrom("stats", "cor", "pnorm", "rnorm", "sd", "var")
     importFrom("utils", "txtProgressBar")
    to your NAMESPACE file.
Flavors: r-devel-linux-x86_64-debian-clang, r-devel-linux-x86_64-debian-gcc, r-devel-linux-x86_64-fedora-clang, r-devel-linux-x86_64-fedora-gcc, r-devel-windows-x86_64-new-UL, r-devel-windows-x86_64-new-TK, r-patched-linux-x86_64, r-release-linux-x86_64, r-release-macos-arm64, r-release-macos-x86_64, r-release-windows-ix86+x86_64, r-oldrel-macos-x86_64, r-oldrel-windows-ix86+x86_64