CRAN Package Check Results for Package kdetrees

Last updated on 2014-12-19 20:48:18.

Flavor Version Tinstall Tcheck Ttotal Status Flags
r-devel-linux-x86_64-debian-clang 0.1.5 2.22 39.05 41.28 OK
r-devel-linux-x86_64-debian-gcc 0.1.5 2.03 36.47 38.50 OK
r-devel-linux-x86_64-fedora-clang 0.1.5 85.24 OK
r-devel-linux-x86_64-fedora-gcc 0.1.5 77.16 OK
r-devel-osx-x86_64-clang 0.1.5 85.72 OK
r-devel-windows-ix86+x86_64 0.1.5 8.00 67.00 75.00 OK
r-patched-linux-x86_64 0.1.5 2.26 37.72 39.98 OK
r-patched-solaris-sparc 0.1.5 440.60 OK
r-patched-solaris-x86 0.1.5 110.30 OK
r-release-linux-ix86 0.1.5 2.63 49.05 51.68 OK
r-release-linux-x86_64 0.1.5 3.00 38.64 41.64 OK
r-release-osx-x86_64-mavericks 0.1.5 NOTE
r-release-osx-x86_64-snowleopard 0.1.5 OK
r-release-windows-ix86+x86_64 0.1.5 10.00 71.00 81.00 OK
r-oldrel-windows-ix86+x86_64 0.1.5 9.00 80.00 89.00 OK

Check Details

Version: 0.1.5
Check: re-building of vignette outputs
Result: NOTE
    Error in re-building vignettes:
     ...
    Loading required package: ade4
    Loading required package: lattice
    Error in texi2dvi(file = file, pdf = TRUE, clean = clean, quiet = quiet, :
     Running 'texi2dvi' on 'simulation.tex' failed.
    LaTeX errors:
    ! LaTeX Error: File `fullpage.sty' not found.
    
    Type X to quit or <RETURN> to proceed,
    or enter new name. (Default extension: sty)
    
    n_test/kdetrees/vignettes/simulation.tex:4: ==> Fatal error occurred, no outpu
    t PDF file produced!
    Calls: buildVignettes -> texi2pdf -> texi2dvi
    Execution halted
Flavor: r-release-osx-x86_64-mavericks