CRAN Package Check Results for Package kdetrees

Last updated on 2014-08-22 03:48:00.

Flavor Version Tinstall Tcheck Ttotal Status Flags
r-devel-linux-x86_64-debian-clang 0.1.5 2.04 37.21 39.25 OK
r-devel-linux-x86_64-debian-gcc 0.1.5 2.03 35.75 37.78 OK
r-devel-linux-x86_64-fedora-clang 0.1.5 83.40 OK
r-devel-linux-x86_64-fedora-gcc 0.1.5 76.28 OK
r-devel-osx-x86_64-clang 0.1.5 83.98 OK
r-devel-windows-ix86+x86_64 0.1.5 7.00 66.00 73.00 OK
r-patched-linux-x86_64 0.1.5 2.16 37.80 39.96 OK
r-patched-solaris-sparc 0.1.5 440.60 OK
r-patched-solaris-x86 0.1.5 110.10 OK
r-release-linux-ix86 0.1.5 2.93 51.17 54.10 OK
r-release-linux-x86_64 0.1.5 2.22 38.40 40.62 OK
r-release-osx-x86_64-mavericks 0.1.5 NOTE
r-release-osx-x86_64-snowleopard 0.1.5 OK
r-release-windows-ix86+x86_64 0.1.5 7.00 70.00 77.00 OK
r-oldrel-windows-ix86+x86_64 0.1.5 9.00 76.00 85.00 OK

Check Details

Version: 0.1.5
Check: re-building of vignette outputs
Result: NOTE
    Error in re-building vignettes:
     ...
    Loading required package: ade4
    Loading required package: lattice
    Error in texi2dvi(file = file, pdf = TRUE, clean = clean, quiet = quiet, :
     Running 'texi2dvi' on 'simulation.tex' failed.
    LaTeX errors:
    ! LaTeX Error: File `fullpage.sty' not found.
    
    Type X to quit or <RETURN> to proceed,
    or enter new name. (Default extension: sty)
    
    n_test/kdetrees/vignettes/simulation.tex:4: ==> Fatal error occurred, no outpu
    t PDF file produced!
    Calls: buildVignettes -> texi2pdf -> texi2dvi
    Execution halted
Flavor: r-release-osx-x86_64-mavericks