CRAN Package Check Results for Package kdetrees

Last updated on 2014-10-24 08:49:10.

Flavor Version Tinstall Tcheck Ttotal Status Flags
r-devel-linux-x86_64-debian-clang 0.1.5 1.99 37.73 39.72 OK
r-devel-linux-x86_64-debian-gcc 0.1.5 2.08 38.57 40.65 OK
r-devel-linux-x86_64-fedora-clang 0.1.5 83.55 OK
r-devel-linux-x86_64-fedora-gcc 0.1.5 77.82 OK
r-devel-osx-x86_64-clang 0.1.5 84.24 OK
r-devel-windows-ix86+x86_64 0.1.5 9.00 62.00 71.00 OK
r-patched-linux-x86_64 0.1.5 2.12 39.50 41.62 OK
r-patched-solaris-sparc 0.1.5 440.60 OK
r-patched-solaris-x86 0.1.5 110.30 OK
r-release-linux-ix86 0.1.5 2.76 53.94 56.70 OK
r-release-linux-x86_64 0.1.5 2.13 39.02 41.15 OK
r-release-osx-x86_64-mavericks 0.1.5 NOTE
r-release-osx-x86_64-snowleopard 0.1.5 OK
r-release-windows-ix86+x86_64 0.1.5 8.00 67.00 75.00 OK
r-oldrel-windows-ix86+x86_64 0.1.5 8.00 78.00 86.00 OK

Check Details

Version: 0.1.5
Check: re-building of vignette outputs
Result: NOTE
    Error in re-building vignettes:
     ...
    Loading required package: ade4
    Loading required package: lattice
    Error in texi2dvi(file = file, pdf = TRUE, clean = clean, quiet = quiet, :
     Running 'texi2dvi' on 'simulation.tex' failed.
    LaTeX errors:
    ! LaTeX Error: File `fullpage.sty' not found.
    
    Type X to quit or <RETURN> to proceed,
    or enter new name. (Default extension: sty)
    
    n_test/kdetrees/vignettes/simulation.tex:4: ==> Fatal error occurred, no outpu
    t PDF file produced!
    Calls: buildVignettes -> texi2pdf -> texi2dvi
    Execution halted
Flavor: r-release-osx-x86_64-mavericks