CRAN Package Check Results for Package kdetrees

Last updated on 2015-09-01 21:47:05.

Flavor Version Tinstall Tcheck Ttotal Status Flags
r-devel-linux-x86_64-debian-clang 0.1.5 1.28 30.50 31.78 NOTE
r-devel-linux-x86_64-debian-gcc 0.1.5 1.34 28.60 29.93 NOTE
r-devel-linux-x86_64-fedora-clang 0.1.5 62.93 NOTE
r-devel-linux-x86_64-fedora-gcc 0.1.5 60.72 NOTE
r-devel-osx-x86_64-clang 0.1.5 66.69 OK
r-devel-windows-ix86+x86_64 0.1.5 9.00 70.00 79.00 NOTE
r-patched-linux-x86_64 0.1.5 1.46 30.02 31.48 OK
r-patched-solaris-sparc 0.1.5 397.80 OK
r-patched-solaris-x86 0.1.5 103.50 OK
r-release-linux-x86_64 0.1.5 1.42 30.00 31.42 OK
r-release-osx-x86_64-mavericks 0.1.5 OK
r-release-windows-ix86+x86_64 0.1.5 8.00 59.00 67.00 OK
r-oldrel-windows-ix86+x86_64 0.1.5 14.00 92.00 106.00 OK

Check Details

Version: 0.1.5
Check: R code for possible problems
Result: NOTE
    as.matrix.multiPhylo : tip2tip: no visible global function definition
     for ‘cophenetic’
    bw.nn : <anonymous>: no visible global function definition for
     ‘quantile’
    dist.diss: no visible binding for global variable ‘median’
    dist.diss: no visible global function definition for ‘dist’
    hist.kdetrees: no visible binding for global variable ‘density’
    kdetrees : cutoff: no visible global function definition for ‘quantile’
    kdetrees.complete: no visible global function definition for ‘plot’
    kdetrees.complete: no visible global function definition for ‘hist’
    kdetrees.complete: no visible global function definition for
     ‘write.csv’
    plot.kdetrees: no visible binding for global variable ‘density’
    Undefined global functions or variables:
     cophenetic density dist hist median plot quantile write.csv
    Consider adding
     importFrom("graphics", "hist", "plot")
     importFrom("stats", "cophenetic", "density", "dist", "median",
     "quantile")
     importFrom("utils", "write.csv")
    to your NAMESPACE.
Flavors: r-devel-linux-x86_64-debian-clang, r-devel-linux-x86_64-debian-gcc, r-devel-linux-x86_64-fedora-clang, r-devel-linux-x86_64-fedora-gcc, r-devel-windows-ix86+x86_64