CRAN Package Check Results for Package kdetrees

Last updated on 2016-08-30 04:50:31.

Flavor Version Tinstall Tcheck Ttotal Status Flags
r-devel-linux-x86_64-debian-clang 0.1.5 1.26 26.27 27.53 NOTE
r-devel-linux-x86_64-debian-gcc 0.1.5 1.33 25.62 26.95 NOTE
r-devel-linux-x86_64-fedora-clang 0.1.5 51.48 NOTE
r-devel-linux-x86_64-fedora-gcc 0.1.5 50.39 NOTE
r-devel-osx-x86_64-clang 0.1.5 49.78 NOTE
r-devel-windows-ix86+x86_64 0.1.5 8.00 100.00 108.00 NOTE
r-patched-linux-x86_64 0.1.5 1.36 25.64 27.00 NOTE
r-patched-solaris-sparc 0.1.5 304.30 NOTE
r-patched-solaris-x86 0.1.5 72.30 NOTE
r-release-linux-x86_64 0.1.5 1.46 25.68 27.14 NOTE
r-release-osx-x86_64-mavericks 0.1.5 NOTE
r-release-windows-ix86+x86_64 0.1.5 5.00 58.00 63.00 NOTE
r-oldrel-windows-ix86+x86_64 0.1.5 7.00 140.00 147.00 OK

Check Details

Version: 0.1.5
Check: R code for possible problems
Result: NOTE
    as.matrix.multiPhylo : tip2tip: no visible global function definition
     for ‘cophenetic’
    bw.nn : <anonymous>: no visible global function definition for
     ‘quantile’
    dist.diss: no visible binding for global variable ‘median’
    dist.diss: no visible global function definition for ‘dist’
    hist.kdetrees: no visible binding for global variable ‘density’
    kdetrees : cutoff: no visible global function definition for ‘quantile’
    kdetrees.complete: no visible global function definition for ‘plot’
    kdetrees.complete: no visible global function definition for ‘hist’
    kdetrees.complete: no visible global function definition for
     ‘write.csv’
    plot.kdetrees: no visible binding for global variable ‘density’
    Undefined global functions or variables:
     cophenetic density dist hist median plot quantile write.csv
    Consider adding
     importFrom("graphics", "hist", "plot")
     importFrom("stats", "cophenetic", "density", "dist", "median",
     "quantile")
     importFrom("utils", "write.csv")
    to your NAMESPACE file.
Flavors: r-devel-linux-x86_64-debian-clang, r-devel-linux-x86_64-debian-gcc, r-devel-linux-x86_64-fedora-clang, r-devel-linux-x86_64-fedora-gcc, r-devel-osx-x86_64-clang, r-devel-windows-ix86+x86_64, r-patched-linux-x86_64, r-patched-solaris-sparc, r-patched-solaris-x86, r-release-linux-x86_64, r-release-osx-x86_64-mavericks, r-release-windows-ix86+x86_64