CRAN Package Check Results for Package kdetrees

Last updated on 2015-05-28 05:46:53.

Flavor Version Tinstall Tcheck Ttotal Status Flags
r-devel-linux-x86_64-debian-clang 0.1.5 1.41 29.94 31.35 OK
r-devel-linux-x86_64-debian-gcc 0.1.5 1.36 29.52 30.88 OK
r-devel-linux-x86_64-fedora-clang 0.1.5 65.72 OK
r-devel-linux-x86_64-fedora-gcc 0.1.5 61.80 OK
r-devel-osx-x86_64-clang 0.1.5 73.43 OK
r-devel-windows-ix86+x86_64 0.1.5 5.00 54.00 59.00 OK
r-patched-linux-x86_64 0.1.5 1.35 30.26 31.61 OK
r-patched-solaris-sparc 0.1.5 400.30 OK
r-patched-solaris-x86 0.1.5 92.80 OK
r-release-linux-x86_64 0.1.5 1.74 29.60 31.35 OK
r-release-osx-x86_64-mavericks 0.1.5 OK
r-release-osx-x86_64-snowleopard 0.1.5 ERROR
r-release-windows-ix86+x86_64 0.1.5 4.00 57.00 61.00 OK
r-oldrel-windows-ix86+x86_64 0.1.5 10.00 79.00 89.00 OK

Check Details

Version: 0.1.5
Check: package dependencies
Result: ERROR
    Package required but not available: ‘ggplot2’
    
    See section ‘The DESCRIPTION file’ in the ‘Writing R Extensions’
    manual.
Flavor: r-release-osx-x86_64-snowleopard