CRAN Package Check Results for Package kdetrees

Last updated on 2017-01-16 21:49:07.

Flavor Version Tinstall Tcheck Ttotal Status Flags
r-devel-linux-x86_64-debian-clang 0.1.5 1.54 33.58 35.12 NOTE
r-devel-linux-x86_64-debian-gcc 0.1.5 1.74 32.96 34.69 NOTE
r-devel-linux-x86_64-fedora-clang 0.1.5 65.15 NOTE --no-stop-on-test-error
r-devel-linux-x86_64-fedora-gcc 0.1.5 64.85 NOTE --no-stop-on-test-error
r-devel-macos-x86_64-clang 0.1.5 60.44 NOTE --no-stop-on-test-error
r-devel-windows-ix86+x86_64 0.1.5 7.00 72.00 79.00 NOTE
r-patched-linux-x86_64 0.1.5 1.29 26.31 27.60 NOTE
r-patched-solaris-sparc 0.1.5 321.00 NOTE
r-patched-solaris-x86 0.1.5 75.60 NOTE
r-release-linux-x86_64 0.1.5 1.33 27.06 28.39 NOTE
r-release-osx-x86_64-mavericks 0.1.5 NOTE
r-release-windows-ix86+x86_64 0.1.5 7.00 78.00 85.00 NOTE
r-oldrel-windows-ix86+x86_64 0.1.5 7.00 99.00 106.00 OK

Check Details

Version: 0.1.5
Check: R code for possible problems
Result: NOTE
    as.matrix.multiPhylo : tip2tip: no visible global function definition
     for ‘cophenetic’
    bw.nn : <anonymous>: no visible global function definition for
     ‘quantile’
    dist.diss: no visible binding for global variable ‘median’
    dist.diss: no visible global function definition for ‘dist’
    hist.kdetrees: no visible binding for global variable ‘density’
    kdetrees : cutoff: no visible global function definition for ‘quantile’
    kdetrees.complete: no visible global function definition for ‘plot’
    kdetrees.complete: no visible global function definition for ‘hist’
    kdetrees.complete: no visible global function definition for
     ‘write.csv’
    plot.kdetrees: no visible binding for global variable ‘density’
    Undefined global functions or variables:
     cophenetic density dist hist median plot quantile write.csv
    Consider adding
     importFrom("graphics", "hist", "plot")
     importFrom("stats", "cophenetic", "density", "dist", "median",
     "quantile")
     importFrom("utils", "write.csv")
    to your NAMESPACE file.
Flavors: r-devel-linux-x86_64-debian-clang, r-devel-linux-x86_64-debian-gcc, r-devel-windows-ix86+x86_64, r-patched-linux-x86_64, r-patched-solaris-sparc, r-patched-solaris-x86, r-release-linux-x86_64, r-release-osx-x86_64-mavericks, r-release-windows-ix86+x86_64

Version: 0.1.5
Flags: --no-stop-on-test-error
Check: R code for possible problems
Result: NOTE
    as.matrix.multiPhylo : tip2tip: no visible global function definition
     for ‘cophenetic’
    bw.nn : <anonymous>: no visible global function definition for
     ‘quantile’
    dist.diss: no visible binding for global variable ‘median’
    dist.diss: no visible global function definition for ‘dist’
    hist.kdetrees: no visible binding for global variable ‘density’
    kdetrees : cutoff: no visible global function definition for ‘quantile’
    kdetrees.complete: no visible global function definition for ‘plot’
    kdetrees.complete: no visible global function definition for ‘hist’
    kdetrees.complete: no visible global function definition for
     ‘write.csv’
    plot.kdetrees: no visible binding for global variable ‘density’
    Undefined global functions or variables:
     cophenetic density dist hist median plot quantile write.csv
    Consider adding
     importFrom("graphics", "hist", "plot")
     importFrom("stats", "cophenetic", "density", "dist", "median",
     "quantile")
     importFrom("utils", "write.csv")
    to your NAMESPACE file.
Flavors: r-devel-linux-x86_64-fedora-clang, r-devel-linux-x86_64-fedora-gcc, r-devel-macos-x86_64-clang