CRAN Package Check Results for Package kdetrees

Last updated on 2015-04-28 05:47:50.

Flavor Version Tinstall Tcheck Ttotal Status Flags
r-devel-linux-x86_64-debian-clang 0.1.5 1.72 29.63 31.35 OK
r-devel-linux-x86_64-debian-gcc 0.1.5 1.26 28.93 30.19 OK
r-devel-linux-x86_64-fedora-clang 0.1.5 65.37 OK
r-devel-linux-x86_64-fedora-gcc 0.1.5 60.84 OK
r-devel-osx-x86_64-clang 0.1.5 76.60 OK
r-devel-windows-ix86+x86_64 0.1.5 5.00 53.00 58.00 OK
r-patched-linux-x86_64 0.1.5 1.31 29.58 30.89 OK
r-patched-solaris-sparc 0.1.5 457.40 OK
r-patched-solaris-x86 0.1.5 88.10 OK
r-release-linux-x86_64 0.1.5 1.27 29.14 30.41 OK
r-release-osx-x86_64-mavericks 0.1.5 OK
r-release-osx-x86_64-snowleopard 0.1.5 ERROR
r-release-windows-ix86+x86_64 0.1.5 7.00 76.00 83.00 OK
r-oldrel-windows-ix86+x86_64 0.1.5 9.00 75.00 84.00 OK

Check Details

Version: 0.1.5
Check: package dependencies
Result: ERROR
    Package required but not available: ‘ggplot2’
    
    See section ‘The DESCRIPTION file’ in the ‘Writing R Extensions’
    manual.
Flavor: r-release-osx-x86_64-snowleopard