CRAN Package Check Results for Package kdetrees

Last updated on 2014-09-23 19:48:06.

Flavor Version Tinstall Tcheck Ttotal Status Flags
r-devel-linux-x86_64-debian-clang 0.1.5 2.09 37.45 39.54 OK
r-devel-linux-x86_64-debian-gcc 0.1.5 2.37 36.90 39.27 OK
r-devel-linux-x86_64-fedora-clang 0.1.5 82.22 OK
r-devel-linux-x86_64-fedora-gcc 0.1.5 77.07 OK
r-devel-osx-x86_64-clang 0.1.5 83.78 OK
r-devel-windows-ix86+x86_64 0.1.5 7.00 66.00 73.00 OK
r-patched-linux-x86_64 0.1.5 2.29 38.04 40.32 OK
r-patched-solaris-sparc 0.1.5 440.60 OK
r-patched-solaris-x86 0.1.5 109.70 OK
r-release-linux-ix86 0.1.5 2.79 51.16 53.96 OK
r-release-linux-x86_64 0.1.5 2.17 38.44 40.61 OK
r-release-osx-x86_64-mavericks 0.1.5 NOTE
r-release-osx-x86_64-snowleopard 0.1.5 OK
r-release-windows-ix86+x86_64 0.1.5 9.00 74.00 83.00 OK
r-oldrel-windows-ix86+x86_64 0.1.5 10.00 77.00 87.00 OK

Check Details

Version: 0.1.5
Check: re-building of vignette outputs
Result: NOTE
    Error in re-building vignettes:
     ...
    Loading required package: ade4
    Loading required package: lattice
    Error in texi2dvi(file = file, pdf = TRUE, clean = clean, quiet = quiet, :
     Running 'texi2dvi' on 'simulation.tex' failed.
    LaTeX errors:
    ! LaTeX Error: File `fullpage.sty' not found.
    
    Type X to quit or <RETURN> to proceed,
    or enter new name. (Default extension: sty)
    
    n_test/kdetrees/vignettes/simulation.tex:4: ==> Fatal error occurred, no outpu
    t PDF file produced!
    Calls: buildVignettes -> texi2pdf -> texi2dvi
    Execution halted
Flavor: r-release-osx-x86_64-mavericks