CRAN Package Check Results for Package kdetrees

Last updated on 2015-08-02 23:48:07.

Flavor Version Tinstall Tcheck Ttotal Status Flags
r-devel-linux-x86_64-debian-clang 0.1.5 1.46 30.76 32.22 NOTE
r-devel-linux-x86_64-debian-gcc 0.1.5 1.44 31.10 32.55 NOTE
r-devel-linux-x86_64-fedora-clang 0.1.5 68.06 NOTE
r-devel-linux-x86_64-fedora-gcc 0.1.5 62.35 NOTE
r-devel-osx-x86_64-clang 0.1.5 67.15 OK
r-devel-windows-ix86+x86_64 0.1.5 5.00 59.00 64.00 NOTE
r-patched-linux-x86_64 0.1.5 1.46 30.55 32.01 OK
r-patched-solaris-sparc 0.1.5 397.80 OK
r-patched-solaris-x86 0.1.5 96.30 OK
r-release-linux-x86_64 0.1.5 1.37 31.61 32.98 OK
r-release-osx-x86_64-mavericks 0.1.5 OK
r-release-windows-ix86+x86_64 0.1.5 7.00 59.00 66.00 OK
r-oldrel-windows-ix86+x86_64 0.1.5 16.00 88.00 104.00 OK

Check Details

Version: 0.1.5
Check: R code for possible problems
Result: NOTE
    as.matrix.multiPhylo : tip2tip: no visible global function definition
     for ‘cophenetic’
    bw.nn : <anonymous>: no visible global function definition for
     ‘quantile’
    dist.diss: no visible binding for global variable ‘median’
    dist.diss: no visible global function definition for ‘dist’
    hist.kdetrees: no visible binding for global variable ‘density’
    kdetrees : cutoff: no visible global function definition for ‘quantile’
    kdetrees.complete: no visible global function definition for ‘plot’
    kdetrees.complete: no visible global function definition for ‘hist’
    kdetrees.complete: no visible global function definition for
     ‘write.csv’
    plot.kdetrees: no visible binding for global variable ‘density’
    Undefined global functions or variables:
     cophenetic density dist hist median plot quantile write.csv
    Consider adding
     importFrom("graphics", "hist", "plot")
     importFrom("stats", "cophenetic", "density", "dist", "median",
     "quantile")
     importFrom("utils", "write.csv")
    to your NAMESPACE.
Flavors: r-devel-linux-x86_64-debian-clang, r-devel-linux-x86_64-debian-gcc, r-devel-linux-x86_64-fedora-clang, r-devel-linux-x86_64-fedora-gcc, r-devel-windows-ix86+x86_64