CRAN Package Check Results for Package kdetrees

Last updated on 2016-09-29 04:47:21.

Flavor Version Tinstall Tcheck Ttotal Status Flags
r-devel-linux-x86_64-debian-clang 0.1.5 1.17 26.27 27.44 NOTE
r-devel-linux-x86_64-debian-gcc 0.1.5 1.32 25.72 27.03 NOTE
r-devel-linux-x86_64-fedora-clang 0.1.5 53.73 NOTE
r-devel-linux-x86_64-fedora-gcc 0.1.5 47.99 NOTE
r-devel-macos-x86_64-clang 0.1.5 49.32 NOTE
r-devel-windows-ix86+x86_64 0.1.5 7.00 71.00 78.00 NOTE
r-patched-linux-x86_64 0.1.5 1.46 26.05 27.51 NOTE
r-patched-solaris-sparc 0.1.5 304.30 NOTE
r-patched-solaris-x86 0.1.5 70.90 NOTE
r-release-linux-x86_64 0.1.5 1.26 25.85 27.11 NOTE
r-release-osx-x86_64-mavericks 0.1.5 NOTE
r-release-windows-ix86+x86_64 0.1.5 5.00 56.00 61.00 NOTE
r-oldrel-windows-ix86+x86_64 0.1.5 6.00 88.00 94.00 OK

Check Details

Version: 0.1.5
Check: R code for possible problems
Result: NOTE
    as.matrix.multiPhylo : tip2tip: no visible global function definition
     for ‘cophenetic’
    bw.nn : <anonymous>: no visible global function definition for
     ‘quantile’
    dist.diss: no visible binding for global variable ‘median’
    dist.diss: no visible global function definition for ‘dist’
    hist.kdetrees: no visible binding for global variable ‘density’
    kdetrees : cutoff: no visible global function definition for ‘quantile’
    kdetrees.complete: no visible global function definition for ‘plot’
    kdetrees.complete: no visible global function definition for ‘hist’
    kdetrees.complete: no visible global function definition for
     ‘write.csv’
    plot.kdetrees: no visible binding for global variable ‘density’
    Undefined global functions or variables:
     cophenetic density dist hist median plot quantile write.csv
    Consider adding
     importFrom("graphics", "hist", "plot")
     importFrom("stats", "cophenetic", "density", "dist", "median",
     "quantile")
     importFrom("utils", "write.csv")
    to your NAMESPACE file.
Flavors: r-devel-linux-x86_64-debian-clang, r-devel-linux-x86_64-debian-gcc, r-devel-linux-x86_64-fedora-clang, r-devel-linux-x86_64-fedora-gcc, r-devel-macos-x86_64-clang, r-devel-windows-ix86+x86_64, r-patched-linux-x86_64, r-patched-solaris-sparc, r-patched-solaris-x86, r-release-linux-x86_64, r-release-osx-x86_64-mavericks, r-release-windows-ix86+x86_64