CRAN Package Check Results for Package kdetrees

Last updated on 2014-04-23 12:48:20.

Flavor Version Tinstall Tcheck Ttotal Status Flags
r-devel-linux-x86_64-debian-clang 0.1.3 2.30 38.49 40.80 OK
r-devel-linux-x86_64-debian-gcc 0.1.3 2.26 38.05 40.32 OK
r-devel-linux-x86_64-fedora-clang 0.1.3 82.63 OK
r-devel-linux-x86_64-fedora-gcc 0.1.3 80.22 OK
r-devel-osx-x86_64-clang 0.1.3 85.54 OK
r-devel-osx-x86_64-gcc 0.1.3 ERROR
r-devel-windows-ix86+x86_64 0.1.3 8.00 67.00 75.00 OK
r-patched-linux-x86_64 0.1.3 2.31 39.32 41.63 OK
r-patched-solaris-sparc 0.1.3 457.40 OK
r-patched-solaris-x86 0.1.3 109.70 OK
r-release-linux-ix86 0.1.3 4.00 73.00 77.00 OK
r-release-linux-x86_64 0.1.3 2.32 37.17 39.49 OK
r-release-osx-x86_64-mavericks 0.1.3 WARN
r-release-osx-x86_64-snowleopard 0.1.3 NOTE
r-release-windows-ix86+x86_64 0.1.3 7.00 65.00 72.00 OK
r-oldrel-windows-ix86+x86_64 0.1.3 10.00 88.00 98.00 OK

Check Details

Version: 0.1.3
Check: package dependencies
Result: ERROR
    Package required but not available: ‘ggplot2’
    
    See the information on DESCRIPTION files in the chapter ‘Creating R
    packages’ of the ‘Writing R Extensions’ manual.
Flavor: r-devel-osx-x86_64-gcc

Version: 0.1.3
Check: re-building of vignette outputs
Result: NOTE
    Error in re-building vignettes:
     ...
    Loading required package: ade4
    Loading required package: lattice
    Error in texi2dvi(file = file, pdf = TRUE, clean = clean, quiet = quiet, :
     Running 'texi2dvi' on 'simulation.tex' failed.
    LaTeX errors:
    ! LaTeX Error: File `fullpage.sty' not found.
    
    Type X to quit or <RETURN> to proceed,
    or enter new name. (Default extension: sty)
    
    n_test/kdetrees/vignettes/simulation.tex:4: ==> Fatal error occurred, no outpu
    t PDF file produced!
    Calls: buildVignettes -> texi2pdf -> texi2dvi
    Execution halted
Flavor: r-release-osx-x86_64-mavericks

Version: 0.1.3
Check: PDF version of manual
Result: WARNING
    LaTeX errors when creating PDF version.
    This typically indicates Rd problems.
    LaTeX errors found:
    ! LaTeX Error: File `upquote.sty' not found.
    
    Type X to quit or <RETURN> to proceed,
    or enter new name. (Default extension: sty)
    
    85c26f0/Rd2.tex:8: ==> Fatal error occurred, no output PDF file produced!
Flavor: r-release-osx-x86_64-mavericks

Version: 0.1.3
Check: re-building of vignette outputs
Result: NOTE
    Error in re-building vignettes:
     ...
    Loading required package: ade4
    Loading required package: lattice
    Error in texi2dvi(file = file, pdf = TRUE, clean = clean, quiet = quiet, :
     Running 'texi2dvi' on 'simulation.tex' failed.
    LaTeX errors:
    ! LaTeX Error: File `fullpage.sty' not found.
    
    Type X to quit or <RETURN> to proceed,
    or enter new name. (Default extension: sty)
    
    kdetrees.Rcheck/vign_test/kdetrees/vignettes/simulation.tex:4: ==> Fatal error
     occurred, no output PDF file produced!
    Calls: buildVignettes -> texi2pdf -> texi2dvi
    Execution halted
Flavor: r-release-osx-x86_64-snowleopard