CRAN Package Check Results for Package kdetrees

Last updated on 2014-07-25 01:48:47.

Flavor Version Tinstall Tcheck Ttotal Status Flags
r-devel-linux-x86_64-debian-clang 0.1.5 2.24 37.30 39.55 OK
r-devel-linux-x86_64-debian-gcc 0.1.5 2.20 37.90 40.10 OK
r-devel-linux-x86_64-fedora-clang 0.1.5 87.37 OK
r-devel-linux-x86_64-fedora-gcc 0.1.5 79.26 OK
r-devel-osx-x86_64-clang 0.1.5 83.80 OK
r-devel-windows-ix86+x86_64 0.1.5 7.00 66.00 73.00 OK
r-patched-linux-x86_64 0.1.5 2.12 36.98 39.10 OK
r-patched-solaris-sparc 0.1.5 436.70 OK
r-patched-solaris-x86 0.1.5 110.50 OK
r-release-linux-ix86 0.1.5 2.74 50.97 53.71 OK
r-release-linux-x86_64 0.1.5 2.21 36.59 38.80 OK
r-release-osx-x86_64-mavericks 0.1.5 NOTE
r-release-osx-x86_64-snowleopard 0.1.5 OK
r-release-windows-ix86+x86_64 0.1.5 8.00 71.00 79.00 OK
r-oldrel-windows-ix86+x86_64 0.1.5 9.00 74.00 83.00 OK

Check Details

Version: 0.1.5
Check: re-building of vignette outputs
Result: NOTE
    Error in re-building vignettes:
     ...
    Loading required package: ade4
    Loading required package: lattice
    Error in texi2dvi(file = file, pdf = TRUE, clean = clean, quiet = quiet, :
     Running 'texi2dvi' on 'simulation.tex' failed.
    LaTeX errors:
    ! LaTeX Error: File `fullpage.sty' not found.
    
    Type X to quit or <RETURN> to proceed,
    or enter new name. (Default extension: sty)
    
    n_test/kdetrees/vignettes/simulation.tex:4: ==> Fatal error occurred, no outpu
    t PDF file produced!
    Calls: buildVignettes -> texi2pdf -> texi2dvi
    Execution halted
Flavor: r-release-osx-x86_64-mavericks