CRAN Package Check Results for Package kdetrees

Last updated on 2015-07-04 19:47:41.

Flavor Version Tinstall Tcheck Ttotal Status Flags
r-devel-linux-x86_64-debian-clang 0.1.5 1.70 31.04 32.73 NOTE
r-devel-linux-x86_64-debian-gcc 0.1.5 1.51 30.42 31.94 NOTE
r-devel-linux-x86_64-fedora-clang 0.1.5 63.48 NOTE
r-devel-linux-x86_64-fedora-gcc 0.1.5 62.19 NOTE
r-devel-osx-x86_64-clang 0.1.5 67.10 OK
r-devel-windows-ix86+x86_64 0.1.5 5.00 50.00 55.00 NOTE
r-patched-linux-x86_64 0.1.5 1.41 29.58 30.99 OK
r-patched-solaris-sparc 0.1.5 400.30 OK
r-patched-solaris-x86 0.1.5 97.80 OK
r-release-linux-x86_64 0.1.5 1.59 30.47 32.06 OK
r-release-osx-x86_64-mavericks 0.1.5 OK
r-release-windows-ix86+x86_64 0.1.5 8.00 59.00 67.00 OK
r-oldrel-windows-ix86+x86_64 0.1.5 11.00 77.00 88.00 OK

Check Details

Version: 0.1.5
Check: R code for possible problems
Result: NOTE
    as.matrix.multiPhylo : tip2tip: no visible global function definition
     for ‘cophenetic’
    bw.nn : <anonymous>: no visible global function definition for
     ‘quantile’
    dist.diss: no visible binding for global variable ‘median’
    dist.diss: no visible global function definition for ‘dist’
    hist.kdetrees: no visible binding for global variable ‘density’
    kdetrees : cutoff: no visible global function definition for ‘quantile’
    kdetrees.complete: no visible global function definition for ‘plot’
    kdetrees.complete: no visible global function definition for ‘hist’
    kdetrees.complete: no visible global function definition for
     ‘write.csv’
    plot.kdetrees: no visible binding for global variable ‘density’
    Undefined global functions or variables:
     cophenetic density dist hist median plot quantile write.csv
Flavors: r-devel-linux-x86_64-debian-clang, r-devel-linux-x86_64-debian-gcc, r-devel-linux-x86_64-fedora-clang, r-devel-linux-x86_64-fedora-gcc, r-devel-windows-ix86+x86_64