CRAN Package Check Results for Package kedd

Last updated on 2018-09-26 06:46:48 CEST.

Flavor Version Tinstall Tcheck Ttotal Status Flags
r-devel-linux-x86_64-debian-clang 1.0.3 8.00 131.60 139.60 OK
r-devel-linux-x86_64-debian-gcc 1.0.3 7.56 97.54 105.10 OK
r-devel-linux-x86_64-fedora-clang 1.0.3 168.92 OK
r-devel-linux-x86_64-fedora-gcc 1.0.3 164.08 OK
r-devel-windows-ix86+x86_64 1.0.3 18.00 207.00 225.00 OK
r-patched-linux-x86_64 1.0.3 8.33 125.99 134.32 OK
r-patched-solaris-x86 1.0.3 262.00 OK
r-release-linux-x86_64 1.0.3 7.46 127.65 135.11 OK
r-release-windows-ix86+x86_64 1.0.3 19.00 161.00 180.00 OK
r-release-osx-x86_64 1.0.3 OK
r-oldrel-windows-ix86+x86_64 1.0.3 4.00 168.00 172.00 OK
r-oldrel-osx-x86_64 1.0.3 NOTE

Check Details

Version: 1.0.3
Check: re-building of vignette outputs
Result: NOTE
    Error in re-building vignettes:
     ...
    Error in texi2dvi(file = file, pdf = TRUE, clean = clean, quiet = quiet, :
     Running 'texi2dvi' on 'intro.tex' failed.
    LaTeX errors:
    ! LaTeX Error: File `titling.sty' not found.
    
    Type X to quit or <RETURN> to proceed,
    or enter new name. (Default extension: sty)
    
    ! Emergency stop.
    <read *>
    
    l.4 \usepackage
     [utf8]{inputenc}^^M
    ! ==> Fatal error occurred, no output PDF file produced!
    Calls: buildVignettes -> texi2pdf -> texi2dvi
    Execution halted
Flavor: r-oldrel-osx-x86_64