CRAN Package Check Results for Package kedd

Last updated on 2018-06-19 13:48:30 CEST.

Flavor Version Tinstall Tcheck Ttotal Status Flags
r-devel-linux-x86_64-debian-clang 1.0.3 8.59 132.27 140.86 OK
r-devel-linux-x86_64-debian-gcc 1.0.3 7.51 96.48 103.99 OK
r-devel-linux-x86_64-fedora-clang 1.0.3 169.17 OK
r-devel-linux-x86_64-fedora-gcc 1.0.3 162.75 OK
r-devel-windows-ix86+x86_64 1.0.3 17.00 148.00 165.00 OK
r-patched-linux-x86_64 1.0.3 8.43 127.34 135.77 OK
r-patched-solaris-x86 1.0.3 255.40 OK
r-release-linux-x86_64 1.0.3 9.97 127.13 137.10 OK
r-release-windows-ix86+x86_64 1.0.3 19.00 161.00 180.00 OK
r-release-osx-x86_64 1.0.3 OK
r-oldrel-windows-ix86+x86_64 1.0.3 4.00 168.00 172.00 OK
r-oldrel-osx-x86_64 1.0.3 NOTE

Check Details

Version: 1.0.3
Check: re-building of vignette outputs
Result: NOTE
    Error in re-building vignettes:
     ...
    Error in texi2dvi(file = file, pdf = TRUE, clean = clean, quiet = quiet, :
     Running 'texi2dvi' on 'intro.tex' failed.
    LaTeX errors:
    ! LaTeX Error: File `titling.sty' not found.
    
    Type X to quit or <RETURN> to proceed,
    or enter new name. (Default extension: sty)
    
    ! Emergency stop.
    <read *>
    
    l.4 \usepackage
     [utf8]{inputenc}^^M
    ! ==> Fatal error occurred, no output PDF file produced!
    Calls: buildVignettes -> texi2pdf -> texi2dvi
    Execution halted
Flavor: r-oldrel-osx-x86_64