CRAN Package Check Results for Package kedd

Last updated on 2018-01-16 09:49:42 CET.

Flavor Version Tinstall Tcheck Ttotal Status Flags
r-devel-linux-x86_64-debian-clang 1.0.3 1.17 129.06 130.23 OK
r-devel-linux-x86_64-debian-gcc 1.0.3 1.06 104.96 106.02 OK
r-devel-linux-x86_64-fedora-clang 1.0.3 167.33 OK
r-devel-linux-x86_64-fedora-gcc 1.0.3 163.33 OK
r-devel-windows-ix86+x86_64 1.0.3 3.00 220.00 223.00 OK
r-patched-linux-x86_64 1.0.3 1.09 148.41 149.50 OK
r-patched-solaris-x86 1.0.3 255.40 OK
r-release-linux-x86_64 1.0.3 1.47 146.46 147.93 OK
r-release-windows-ix86+x86_64 1.0.3 4.00 168.00 172.00 OK
r-release-osx-x86_64 1.0.3 NOTE
r-oldrel-windows-ix86+x86_64 1.0.3 3.00 161.00 164.00 OK
r-oldrel-osx-x86_64 1.0.3 OK

Check Details

Version: 1.0.3
Check: re-building of vignette outputs
Result: NOTE
    Error in re-building vignettes:
     ...
    Error in texi2dvi(file = file, pdf = TRUE, clean = clean, quiet = quiet, :
     Running 'texi2dvi' on 'intro.tex' failed.
    LaTeX errors:
    ! LaTeX Error: File `titling.sty' not found.
    
    Type X to quit or <RETURN> to proceed,
    or enter new name. (Default extension: sty)
    
    ! Emergency stop.
    <read *>
    
    l.4 \usepackage
     [utf8]{inputenc}^^M
    ! ==> Fatal error occurred, no output PDF file produced!
    Calls: buildVignettes -> texi2pdf -> texi2dvi
    Execution halted
Flavor: r-release-osx-x86_64