CRAN Package Check Results for Package kelvin

Last updated on 2017-05-28 02:47:02.

Flavor Version Tinstall Tcheck Ttotal Status Flags
r-devel-linux-x86_64-debian-clang 2.0-0 0.91 14.17 15.08 OK
r-devel-linux-x86_64-debian-gcc 2.0-0 0.74 13.88 14.62 OK
r-devel-linux-x86_64-fedora-clang 2.0-0 25.34 OK
r-devel-linux-x86_64-fedora-gcc 2.0-0 24.23 OK
r-devel-windows-ix86+x86_64 2.0-0 3.00 32.00 35.00 OK
r-patched-linux-x86_64 2.0-0 0.68 14.06 14.74 OK
r-patched-solaris-sparc 2.0-0 143.20 OK
r-patched-solaris-x86 2.0-0 33.30 OK
r-release-linux-x86_64 2.0-0 0.66 13.84 14.50 OK
r-release-windows-ix86+x86_64 2.0-0 3.00 34.00 37.00 OK
r-release-osx-x86_64 2.0-0 ERROR
r-oldrel-windows-ix86+x86_64 2.0-0 4.00 28.00 32.00 OK
r-oldrel-osx-x86_64 2.0-0 OK

Check Details

Version: 2.0-0
Check: package dependencies
Result: ERROR
    Package required but not available: ‘Bessel’
    
    See section ‘The DESCRIPTION file’ in the ‘Writing R Extensions’
    manual.
Flavor: r-release-osx-x86_64