CRAN Package Check Results for Package kelvin

Last updated on 2014-08-29 14:47:01.

Flavor Version Tinstall Tcheck Ttotal Status Flags
r-devel-linux-x86_64-debian-clang 1.2-2 1.94 20.82 22.76 NOTE
r-devel-linux-x86_64-debian-gcc 1.2-2 1.83 20.71 22.54 NOTE
r-devel-linux-x86_64-fedora-clang 1.2-2 50.57 NOTE
r-devel-linux-x86_64-fedora-gcc 1.2-2 47.53 NOTE
r-devel-osx-x86_64-clang 1.2-2 42.76 NOTE
r-devel-windows-ix86+x86_64 1.2-2 6.00 37.00 43.00 NOTE
r-patched-linux-x86_64 1.2-2 1.96 21.86 23.82 NOTE
r-patched-solaris-sparc 1.2-2 284.90 NOTE
r-patched-solaris-x86 1.2-2 63.50 NOTE
r-release-linux-ix86 1.2-2 2.40 28.83 31.23 NOTE
r-release-linux-x86_64 1.2-2 2.00 22.06 24.06 NOTE
r-release-osx-x86_64-mavericks 1.2-2 NOTE
r-release-osx-x86_64-snowleopard 1.2-2 OK
r-release-windows-ix86+x86_64 1.2-2 6.00 35.00 41.00 NOTE
r-oldrel-windows-ix86+x86_64 1.2-2 7.00 34.00 41.00 NOTE

Check Details

Version: 1.2-2
Check: dependencies in R code
Result: NOTE
    Package in Depends field not imported from: ‘Bessel’
     These packages need to be imported from (in the NAMESPACE file)
     for when this namespace is loaded but not attached.
    See the information on DESCRIPTION files in the chapter ‘Creating R
    packages’ of the ‘Writing R Extensions’ manual.
Flavors: r-devel-linux-x86_64-debian-clang, r-devel-linux-x86_64-debian-gcc, r-devel-linux-x86_64-fedora-clang, r-devel-linux-x86_64-fedora-gcc, r-devel-osx-x86_64-clang, r-devel-windows-ix86+x86_64, r-patched-linux-x86_64, r-patched-solaris-sparc, r-patched-solaris-x86, r-release-linux-ix86, r-release-linux-x86_64, r-release-osx-x86_64-mavericks, r-release-windows-ix86+x86_64, r-oldrel-windows-ix86+x86_64