CRAN Package Check Results for Package kelvin

Last updated on 2015-08-28 06:47:21.

Flavor Version Tinstall Tcheck Ttotal Status Flags
r-devel-linux-x86_64-debian-clang 1.2-2 1.28 15.40 16.68 NOTE
r-devel-linux-x86_64-debian-gcc 1.2-2 1.20 15.07 16.27 NOTE
r-devel-linux-x86_64-fedora-clang 1.2-2 33.62 NOTE
r-devel-linux-x86_64-fedora-gcc 1.2-2 32.51 NOTE
r-devel-osx-x86_64-clang 1.2-2 31.44 NOTE
r-devel-windows-ix86+x86_64 1.2-2 6.00 28.00 34.00 NOTE
r-patched-linux-x86_64 1.2-2 1.35 16.88 18.24 NOTE
r-patched-solaris-sparc 1.2-2 232.30 NOTE
r-patched-solaris-x86 1.2-2 50.50 NOTE
r-release-linux-x86_64 1.2-2 1.48 17.44 18.92 NOTE
r-release-osx-x86_64-mavericks 1.2-2 NOTE
r-release-windows-ix86+x86_64 1.2-2 6.00 29.00 35.00 NOTE
r-oldrel-windows-ix86+x86_64 1.2-2 9.00 43.00 52.00 NOTE

Check Details

Version: 1.2-2
Check: DESCRIPTION meta-information
Result: NOTE
    Malformed Title field: should not end in a period.
Flavors: r-devel-linux-x86_64-debian-clang, r-devel-linux-x86_64-debian-gcc, r-devel-linux-x86_64-fedora-clang, r-devel-linux-x86_64-fedora-gcc, r-devel-osx-x86_64-clang, r-devel-windows-ix86+x86_64, r-patched-linux-x86_64, r-patched-solaris-sparc, r-patched-solaris-x86, r-release-linux-x86_64, r-release-osx-x86_64-mavericks, r-release-windows-ix86+x86_64

Version: 1.2-2
Check: dependencies in R code
Result: NOTE
    Package in Depends field not imported from: ‘Bessel’
     These packages need to be imported from (in the NAMESPACE file)
     for when this namespace is loaded but not attached.
Flavors: r-devel-linux-x86_64-debian-clang, r-devel-linux-x86_64-debian-gcc, r-devel-linux-x86_64-fedora-clang, r-devel-linux-x86_64-fedora-gcc, r-devel-osx-x86_64-clang, r-devel-windows-ix86+x86_64, r-patched-linux-x86_64, r-patched-solaris-sparc, r-patched-solaris-x86, r-release-linux-x86_64, r-release-osx-x86_64-mavericks, r-release-windows-ix86+x86_64, r-oldrel-windows-ix86+x86_64