CRAN Package Check Results for Package kelvin

Last updated on 2015-01-30 14:48:51.

Flavor Version Tinstall Tcheck Ttotal Status Flags
r-devel-linux-x86_64-debian-clang 1.2-2 1.72 19.16 20.88 NOTE
r-devel-linux-x86_64-debian-gcc 1.2-2 1.63 18.61 20.24 NOTE
r-devel-linux-x86_64-fedora-clang 1.2-2 46.20 NOTE
r-devel-linux-x86_64-fedora-gcc 1.2-2 42.49 NOTE
r-devel-osx-x86_64-clang 1.2-2 47.21 NOTE
r-devel-windows-ix86+x86_64 1.2-2 7.00 31.00 38.00 NOTE
r-patched-linux-x86_64 1.2-2 1.93 21.52 23.45 NOTE
r-patched-solaris-sparc 1.2-2 289.00 NOTE
r-patched-solaris-x86 1.2-2 63.70 NOTE
r-release-linux-ix86 1.2-2 2.24 27.90 30.14 NOTE
r-release-linux-x86_64 1.2-2 1.95 21.78 23.73 NOTE
r-release-osx-x86_64-mavericks 1.2-2 NOTE
r-release-osx-x86_64-snowleopard 1.2-2 OK
r-release-windows-ix86+x86_64 1.2-2 7.00 35.00 42.00 NOTE
r-oldrel-windows-ix86+x86_64 1.2-2 6.00 38.00 44.00 NOTE

Check Details

Version: 1.2-2
Check: dependencies in R code
Result: NOTE
    Package in Depends field not imported from: ‘Bessel’
     These packages need to be imported from (in the NAMESPACE file)
     for when this namespace is loaded but not attached.
Flavors: r-devel-linux-x86_64-debian-clang, r-devel-linux-x86_64-debian-gcc, r-devel-linux-x86_64-fedora-clang, r-devel-linux-x86_64-fedora-gcc, r-devel-osx-x86_64-clang, r-devel-windows-ix86+x86_64

Version: 1.2-2
Check: dependencies in R code
Result: NOTE
    Package in Depends field not imported from: ‘Bessel’
     These packages need to be imported from (in the NAMESPACE file)
     for when this namespace is loaded but not attached.
    See the information on DESCRIPTION files in the chapter ‘Creating R
    packages’ of the ‘Writing R Extensions’ manual.
Flavors: r-patched-linux-x86_64, r-patched-solaris-sparc, r-patched-solaris-x86, r-release-linux-ix86, r-release-linux-x86_64, r-release-osx-x86_64-mavericks, r-release-windows-ix86+x86_64, r-oldrel-windows-ix86+x86_64