CRAN Package Check Results for Package kelvin

Last updated on 2014-12-22 12:49:47.

Flavor Version Tinstall Tcheck Ttotal Status Flags
r-devel-linux-x86_64-debian-clang 1.2-2 1.83 21.23 23.06 NOTE
r-devel-linux-x86_64-debian-gcc 1.2-2 1.75 20.82 22.57 NOTE
r-devel-linux-x86_64-fedora-clang 1.2-2 50.11 NOTE
r-devel-linux-x86_64-fedora-gcc 1.2-2 46.79 NOTE
r-devel-osx-x86_64-clang 1.2-2 47.77 NOTE
r-devel-windows-ix86+x86_64 1.2-2 6.00 36.00 42.00 NOTE
r-patched-linux-x86_64 1.2-2 2.05 21.90 23.95 NOTE
r-patched-solaris-sparc 1.2-2 288.80 NOTE
r-patched-solaris-x86 1.2-2 63.90 NOTE
r-release-linux-ix86 1.2-2 2.26 27.88 30.15 NOTE
r-release-linux-x86_64 1.2-2 1.94 21.93 23.87 NOTE
r-release-osx-x86_64-mavericks 1.2-2 NOTE
r-release-osx-x86_64-snowleopard 1.2-2 OK
r-release-windows-ix86+x86_64 1.2-2 7.00 39.00 46.00 NOTE
r-oldrel-windows-ix86+x86_64 1.2-2 8.00 36.00 44.00 NOTE

Check Details

Version: 1.2-2
Check: dependencies in R code
Result: NOTE
    Package in Depends field not imported from: ‘Bessel’
     These packages need to be imported from (in the NAMESPACE file)
     for when this namespace is loaded but not attached.
    See the information on DESCRIPTION files in the chapter ‘Creating R
    packages’ of the ‘Writing R Extensions’ manual.
Flavors: r-devel-linux-x86_64-debian-clang, r-devel-linux-x86_64-debian-gcc, r-devel-linux-x86_64-fedora-clang, r-devel-linux-x86_64-fedora-gcc, r-devel-osx-x86_64-clang, r-devel-windows-ix86+x86_64, r-patched-linux-x86_64, r-patched-solaris-sparc, r-patched-solaris-x86, r-release-linux-ix86, r-release-linux-x86_64, r-release-osx-x86_64-mavericks, r-release-windows-ix86+x86_64, r-oldrel-windows-ix86+x86_64