CRAN Package Check Results for Package kelvin

Last updated on 2015-05-24 22:47:04.

Flavor Version Tinstall Tcheck Ttotal Status Flags
r-devel-linux-x86_64-debian-clang 1.2-2 1.34 17.24 18.59 NOTE
r-devel-linux-x86_64-debian-gcc 1.2-2 1.32 16.57 17.89 NOTE
r-devel-linux-x86_64-fedora-clang 1.2-2 35.88 NOTE
r-devel-linux-x86_64-fedora-gcc 1.2-2 34.17 NOTE
r-devel-osx-x86_64-clang 1.2-2 36.85 NOTE
r-devel-windows-ix86+x86_64 1.2-2 4.00 28.00 32.00 NOTE
r-patched-linux-x86_64 1.2-2 1.37 16.42 17.79 NOTE
r-patched-solaris-sparc 1.2-2 235.30 NOTE
r-patched-solaris-x86 1.2-2 48.90 NOTE
r-release-linux-x86_64 1.2-2 1.42 16.32 17.74 NOTE
r-release-osx-x86_64-mavericks 1.2-2 NOTE
r-release-osx-x86_64-snowleopard 1.2-2 NOTE
r-release-windows-ix86+x86_64 1.2-2 5.00 28.00 33.00 NOTE
r-oldrel-windows-ix86+x86_64 1.2-2 7.00 53.00 60.00 NOTE

Check Details

Version: 1.2-2
Check: DESCRIPTION meta-information
Result: NOTE
    Malformed Title field: should not end in a period.
Flavors: r-devel-linux-x86_64-debian-clang, r-devel-linux-x86_64-debian-gcc, r-devel-linux-x86_64-fedora-clang, r-devel-linux-x86_64-fedora-gcc, r-devel-osx-x86_64-clang, r-devel-windows-ix86+x86_64, r-patched-linux-x86_64, r-patched-solaris-sparc, r-patched-solaris-x86, r-release-linux-x86_64, r-release-osx-x86_64-mavericks, r-release-osx-x86_64-snowleopard, r-release-windows-ix86+x86_64

Version: 1.2-2
Check: dependencies in R code
Result: NOTE
    Package in Depends field not imported from: ‘Bessel’
     These packages need to be imported from (in the NAMESPACE file)
     for when this namespace is loaded but not attached.
Flavors: r-devel-linux-x86_64-debian-clang, r-devel-linux-x86_64-debian-gcc, r-devel-linux-x86_64-fedora-clang, r-devel-linux-x86_64-fedora-gcc, r-devel-osx-x86_64-clang, r-devel-windows-ix86+x86_64, r-patched-linux-x86_64, r-patched-solaris-sparc, r-patched-solaris-x86, r-release-linux-x86_64, r-release-osx-x86_64-mavericks, r-release-osx-x86_64-snowleopard, r-release-windows-ix86+x86_64, r-oldrel-windows-ix86+x86_64