CRAN Package Check Results for Package kelvin

Last updated on 2014-07-22 10:47:20.

Flavor Version Tinstall Tcheck Ttotal Status Flags
r-devel-linux-x86_64-debian-clang 1.2-2 1.96 22.74 24.71 NOTE
r-devel-linux-x86_64-debian-gcc 1.2-2 2.04 21.06 23.09 NOTE
r-devel-linux-x86_64-fedora-clang 1.2-2 52.57 NOTE
r-devel-linux-x86_64-fedora-gcc 1.2-2 48.62 NOTE
r-devel-osx-x86_64-clang 1.2-2 45.03 NOTE
r-devel-windows-ix86+x86_64 1.2-2 6.00 36.00 42.00 NOTE
r-patched-linux-x86_64 1.2-2 2.05 21.45 23.50 NOTE
r-patched-solaris-sparc 1.2-2 308.80 NOTE
r-patched-solaris-x86 1.2-2 62.90 NOTE
r-release-linux-ix86 1.2-2 2.39 30.70 33.09 NOTE
r-release-linux-x86_64 1.2-2 2.08 22.56 24.64 NOTE
r-release-osx-x86_64-mavericks 1.2-2 NOTE
r-release-osx-x86_64-snowleopard 1.2-2 OK
r-release-windows-ix86+x86_64 1.2-2 6.00 34.00 40.00 NOTE
r-oldrel-windows-ix86+x86_64 1.2-2 7.00 33.00 40.00 NOTE

Check Details

Version: 1.2-2
Check: dependencies in R code
Result: NOTE
    Package in Depends field not imported from: ‘Bessel’
     These packages need to be imported from (in the NAMESPACE file)
     for when this namespace is loaded but not attached.
    See the information on DESCRIPTION files in the chapter ‘Creating R
    packages’ of the ‘Writing R Extensions’ manual.
Flavors: r-devel-linux-x86_64-debian-clang, r-devel-linux-x86_64-debian-gcc, r-devel-linux-x86_64-fedora-clang, r-devel-linux-x86_64-fedora-gcc, r-devel-osx-x86_64-clang, r-devel-windows-ix86+x86_64, r-patched-linux-x86_64, r-patched-solaris-sparc, r-patched-solaris-x86, r-release-linux-ix86, r-release-linux-x86_64, r-release-osx-x86_64-mavericks, r-release-windows-ix86+x86_64, r-oldrel-windows-ix86+x86_64