CRAN Package Check Results for Package kelvin

Last updated on 2015-03-03 03:48:57.

Flavor Version Tinstall Tcheck Ttotal Status Flags
r-devel-linux-x86_64-debian-clang 1.2-2 1.42 16.35 17.77 NOTE
r-devel-linux-x86_64-debian-gcc 1.2-2 1.31 16.72 18.03 NOTE
r-devel-linux-x86_64-fedora-clang 1.2-2 35.88 NOTE
r-devel-linux-x86_64-fedora-gcc 1.2-2 34.57 NOTE
r-devel-osx-x86_64-clang 1.2-2 38.11 NOTE
r-devel-windows-ix86+x86_64 1.2-2 6.00 36.00 42.00 NOTE
r-patched-linux-x86_64 1.2-2 1.98 22.24 24.22 NOTE
r-patched-solaris-sparc 1.2-2 289.00 NOTE
r-patched-solaris-x86 1.2-2 64.80 NOTE
r-release-linux-ix86 1.2-2 2.29 28.21 30.50 NOTE
r-release-linux-x86_64 1.2-2 2.07 23.02 25.08 NOTE
r-release-osx-x86_64-mavericks 1.2-2 NOTE
r-release-osx-x86_64-snowleopard 1.2-2 OK
r-release-windows-ix86+x86_64 1.2-2 9.00 39.00 48.00 NOTE
r-oldrel-windows-ix86+x86_64 1.2-2 6.00 38.00 44.00 NOTE

Check Details

Version: 1.2-2
Check: DESCRIPTION meta-information
Result: NOTE
    Malformed Title field: should not end in a period.
Flavors: r-devel-linux-x86_64-debian-clang, r-devel-linux-x86_64-debian-gcc, r-devel-linux-x86_64-fedora-clang, r-devel-linux-x86_64-fedora-gcc, r-devel-osx-x86_64-clang, r-devel-windows-ix86+x86_64

Version: 1.2-2
Check: dependencies in R code
Result: NOTE
    Package in Depends field not imported from: ‘Bessel’
     These packages need to be imported from (in the NAMESPACE file)
     for when this namespace is loaded but not attached.
Flavors: r-devel-linux-x86_64-debian-clang, r-devel-linux-x86_64-debian-gcc, r-devel-linux-x86_64-fedora-clang, r-devel-linux-x86_64-fedora-gcc, r-devel-osx-x86_64-clang, r-devel-windows-ix86+x86_64, r-patched-linux-x86_64, r-patched-solaris-x86

Version: 1.2-2
Check: dependencies in R code
Result: NOTE
    Package in Depends field not imported from: ‘Bessel’
     These packages need to be imported from (in the NAMESPACE file)
     for when this namespace is loaded but not attached.
    See the information on DESCRIPTION files in the chapter ‘Creating R
    packages’ of the ‘Writing R Extensions’ manual.
Flavors: r-patched-solaris-sparc, r-release-linux-ix86, r-release-linux-x86_64, r-release-osx-x86_64-mavericks, r-release-windows-ix86+x86_64, r-oldrel-windows-ix86+x86_64