CRAN Package Check Results for Package kelvin

Last updated on 2017-04-24 08:47:58.

Flavor Version Tinstall Tcheck Ttotal Status Flags
r-devel-linux-x86_64-debian-clang 2.0-0 0.62 13.95 14.56 OK
r-devel-linux-x86_64-debian-gcc 2.0-0 0.67 14.48 15.15 OK
r-devel-linux-x86_64-fedora-clang 2.0-0 25.24 OK --no-stop-on-test-error
r-devel-linux-x86_64-fedora-gcc 2.0-0 24.19 OK --no-stop-on-test-error
r-devel-windows-ix86+x86_64 2.0-0 4.00 33.00 37.00 OK
r-patched-linux-x86_64 2.0-0 0.62 13.93 14.55 OK
r-patched-solaris-sparc 2.0-0 143.20 OK
r-patched-solaris-x86 2.0-0 34.00 OK
r-release-linux-x86_64 2.0-0 0.65 14.71 15.37 OK
r-release-windows-ix86+x86_64 2.0-0 3.00 31.00 34.00 OK
r-release-osx-x86_64 2.0-0 ERROR
r-oldrel-windows-ix86+x86_64 2.0-0 2.00 27.00 29.00 OK
r-oldrel-osx-x86_64 2.0-0 OK

Check Details

Version: 2.0-0
Check: package dependencies
Result: ERROR
    Package required but not available: ‘Bessel’
    
    See section ‘The DESCRIPTION file’ in the ‘Writing R Extensions’
    manual.
Flavor: r-release-osx-x86_64