CRAN Package Check Results for Package kelvin

Last updated on 2015-04-27 23:47:27.

Flavor Version Tinstall Tcheck Ttotal Status Flags
r-devel-linux-x86_64-debian-clang 1.2-2 1.41 16.74 18.15 NOTE
r-devel-linux-x86_64-debian-gcc 1.2-2 1.32 16.29 17.62 NOTE
r-devel-linux-x86_64-fedora-clang 1.2-2 36.82 NOTE
r-devel-linux-x86_64-fedora-gcc 1.2-2 33.62 NOTE
r-devel-osx-x86_64-clang 1.2-2 38.78 NOTE
r-devel-windows-ix86+x86_64 1.2-2 4.00 39.00 43.00 NOTE
r-patched-linux-x86_64 1.2-2 1.47 16.50 17.97 NOTE
r-patched-solaris-sparc 1.2-2 233.30 NOTE
r-patched-solaris-x86 1.2-2 48.60 NOTE
r-release-linux-x86_64 1.2-2 1.31 16.16 17.48 NOTE
r-release-osx-x86_64-mavericks 1.2-2 NOTE
r-release-osx-x86_64-snowleopard 1.2-2 NOTE
r-release-windows-ix86+x86_64 1.2-2 6.00 27.00 33.00 NOTE
r-oldrel-windows-ix86+x86_64 1.2-2 5.00 42.00 47.00 NOTE

Check Details

Version: 1.2-2
Check: DESCRIPTION meta-information
Result: NOTE
    Malformed Title field: should not end in a period.
Flavors: r-devel-linux-x86_64-debian-clang, r-devel-linux-x86_64-debian-gcc, r-devel-linux-x86_64-fedora-clang, r-devel-linux-x86_64-fedora-gcc, r-devel-osx-x86_64-clang, r-devel-windows-ix86+x86_64, r-patched-solaris-sparc, r-patched-solaris-x86, r-release-linux-x86_64, r-release-osx-x86_64-mavericks, r-release-osx-x86_64-snowleopard, r-release-windows-ix86+x86_64

Version: 1.2-2
Check: dependencies in R code
Result: NOTE
    Package in Depends field not imported from: ‘Bessel’
     These packages need to be imported from (in the NAMESPACE file)
     for when this namespace is loaded but not attached.
Flavors: r-devel-linux-x86_64-debian-clang, r-devel-linux-x86_64-debian-gcc, r-devel-linux-x86_64-fedora-clang, r-devel-linux-x86_64-fedora-gcc, r-devel-osx-x86_64-clang, r-devel-windows-ix86+x86_64, r-patched-solaris-sparc, r-patched-solaris-x86, r-release-linux-x86_64, r-release-osx-x86_64-mavericks, r-release-osx-x86_64-snowleopard, r-release-windows-ix86+x86_64, r-oldrel-windows-ix86+x86_64