CRAN Package Check Results for Package kelvin

Last updated on 2014-10-25 01:49:43.

Flavor Version Tinstall Tcheck Ttotal Status Flags
r-devel-linux-x86_64-debian-clang 1.2-2 1.98 21.15 23.12 NOTE
r-devel-linux-x86_64-debian-gcc 1.2-2 1.82 21.72 23.54 NOTE
r-devel-linux-x86_64-fedora-clang 1.2-2 49.28 NOTE
r-devel-linux-x86_64-fedora-gcc 1.2-2 46.63 NOTE
r-devel-osx-x86_64-clang 1.2-2 47.77 NOTE
r-devel-windows-ix86+x86_64 1.2-2 5.00 34.00 39.00 NOTE
r-patched-linux-x86_64 1.2-2 1.97 22.02 23.99 NOTE
r-patched-solaris-sparc 1.2-2 284.90 NOTE
r-patched-solaris-x86 1.2-2 63.00 NOTE
r-release-linux-ix86 1.2-2 2.41 31.13 33.54 NOTE
r-release-linux-x86_64 1.2-2 1.98 22.21 24.20 NOTE
r-release-osx-x86_64-mavericks 1.2-2 NOTE
r-release-osx-x86_64-snowleopard 1.2-2 OK
r-release-windows-ix86+x86_64 1.2-2 5.00 36.00 41.00 NOTE
r-oldrel-windows-ix86+x86_64 1.2-2 6.00 34.00 40.00 NOTE

Check Details

Version: 1.2-2
Check: dependencies in R code
Result: NOTE
    Package in Depends field not imported from: ‘Bessel’
     These packages need to be imported from (in the NAMESPACE file)
     for when this namespace is loaded but not attached.
    See the information on DESCRIPTION files in the chapter ‘Creating R
    packages’ of the ‘Writing R Extensions’ manual.
Flavors: r-devel-linux-x86_64-debian-clang, r-devel-linux-x86_64-debian-gcc, r-devel-linux-x86_64-fedora-clang, r-devel-linux-x86_64-fedora-gcc, r-devel-osx-x86_64-clang, r-devel-windows-ix86+x86_64, r-patched-linux-x86_64, r-patched-solaris-sparc, r-patched-solaris-x86, r-release-linux-ix86, r-release-linux-x86_64, r-release-osx-x86_64-mavericks, r-release-windows-ix86+x86_64, r-oldrel-windows-ix86+x86_64