CRAN Package Check Results for Package kelvin

Last updated on 2014-04-23 07:55:01.

Flavor Version Tinstall Tcheck Ttotal Status Flags
r-devel-linux-x86_64-debian-clang 1.2-2 2.08 23.74 25.82 NOTE
r-devel-linux-x86_64-debian-gcc 1.2-2 2.06 23.06 25.12 NOTE
r-devel-linux-x86_64-fedora-clang 1.2-2 53.36 NOTE
r-devel-linux-x86_64-fedora-gcc 1.2-2 49.87 NOTE
r-devel-osx-x86_64-clang 1.2-2 42.72 NOTE
r-devel-osx-x86_64-gcc 1.2-2 NOTE
r-devel-windows-ix86+x86_64 1.2-2 5.00 35.00 40.00 NOTE
r-patched-linux-x86_64 1.2-2 2.02 22.88 24.89 NOTE
r-patched-solaris-sparc 1.2-2 301.70 NOTE
r-patched-solaris-x86 1.2-2 64.30 NOTE
r-release-linux-ix86 1.2-2 3.00 41.00 44.00 NOTE
r-release-linux-x86_64 1.2-2 2.15 22.55 24.70 NOTE
r-release-osx-x86_64-mavericks 1.2-2 NOTE
r-release-osx-x86_64-snowleopard 1.2-2 OK
r-release-windows-ix86+x86_64 1.2-2 6.00 35.00 41.00 NOTE
r-oldrel-windows-ix86+x86_64 1.2-2 7.00 37.00 44.00 NOTE

Check Details

Version: 1.2-2
Check: dependencies in R code
Result: NOTE
    Package in Depends field not imported from: ‘Bessel’
     These packages need to be imported from (in the NAMESPACE file)
     for when this namespace is loaded but not attached.
    See the information on DESCRIPTION files in the chapter ‘Creating R
    packages’ of the ‘Writing R Extensions’ manual.
Flavors: r-devel-linux-x86_64-debian-clang, r-devel-linux-x86_64-debian-gcc, r-devel-linux-x86_64-fedora-clang, r-devel-linux-x86_64-fedora-gcc, r-devel-osx-x86_64-clang, r-devel-osx-x86_64-gcc, r-devel-windows-ix86+x86_64, r-patched-linux-x86_64, r-patched-solaris-sparc, r-patched-solaris-x86, r-release-linux-ix86, r-release-linux-x86_64, r-release-osx-x86_64-mavericks, r-release-windows-ix86+x86_64, r-oldrel-windows-ix86+x86_64