CRAN Package Check Results for Package kelvin

Last updated on 2015-07-06 21:46:35.

Flavor Version Tinstall Tcheck Ttotal Status Flags
r-devel-linux-x86_64-debian-clang 1.2-2 1.30 16.09 17.39 NOTE
r-devel-linux-x86_64-debian-gcc 1.2-2 1.27 15.66 16.93 NOTE
r-devel-linux-x86_64-fedora-clang 1.2-2 33.96 NOTE
r-devel-linux-x86_64-fedora-gcc 1.2-2 32.83 NOTE
r-devel-osx-x86_64-clang 1.2-2 32.92 NOTE
r-devel-windows-ix86+x86_64 1.2-2 5.00 39.00 44.00 NOTE
r-patched-linux-x86_64 1.2-2 1.30 15.69 16.99 NOTE
r-patched-solaris-sparc 1.2-2 235.30 NOTE
r-patched-solaris-x86 1.2-2 48.70 NOTE
r-release-linux-x86_64 1.2-2 1.38 16.38 17.76 NOTE
r-release-osx-x86_64-mavericks 1.2-2 NOTE
r-release-windows-ix86+x86_64 1.2-2 6.00 28.00 34.00 NOTE
r-oldrel-windows-ix86+x86_64 1.2-2 7.00 34.00 41.00 NOTE

Check Details

Version: 1.2-2
Check: DESCRIPTION meta-information
Result: NOTE
    Malformed Title field: should not end in a period.
Flavors: r-devel-linux-x86_64-debian-clang, r-devel-linux-x86_64-debian-gcc, r-devel-linux-x86_64-fedora-clang, r-devel-linux-x86_64-fedora-gcc, r-devel-osx-x86_64-clang, r-devel-windows-ix86+x86_64, r-patched-linux-x86_64, r-patched-solaris-sparc, r-patched-solaris-x86, r-release-linux-x86_64, r-release-osx-x86_64-mavericks, r-release-windows-ix86+x86_64

Version: 1.2-2
Check: dependencies in R code
Result: NOTE
    Package in Depends field not imported from: ‘Bessel’
     These packages need to be imported from (in the NAMESPACE file)
     for when this namespace is loaded but not attached.
Flavors: r-devel-linux-x86_64-debian-clang, r-devel-linux-x86_64-debian-gcc, r-devel-linux-x86_64-fedora-clang, r-devel-linux-x86_64-fedora-gcc, r-devel-osx-x86_64-clang, r-devel-windows-ix86+x86_64, r-patched-linux-x86_64, r-patched-solaris-sparc, r-patched-solaris-x86, r-release-linux-x86_64, r-release-osx-x86_64-mavericks, r-release-windows-ix86+x86_64, r-oldrel-windows-ix86+x86_64