CRAN Package Check Results for Package kendallRandomWalks

Last updated on 2022-07-03 21:53:05 CEST.

Flavor Version Tinstall Tcheck Ttotal Status Flags
r-devel-linux-x86_64-debian-clang 0.9.4 6.10 184.91 191.01 NOTE
r-devel-linux-x86_64-debian-gcc 0.9.4 5.30 130.00 135.30 NOTE
r-devel-linux-x86_64-fedora-clang 0.9.4 227.39 NOTE
r-devel-linux-x86_64-fedora-gcc 0.9.4 235.53 NOTE
r-devel-windows-x86_64 0.9.4 118.00 195.00 313.00 NOTE
r-patched-linux-x86_64 0.9.4 4.71 178.66 183.37 NOTE
r-release-linux-x86_64 0.9.4 7.23 178.97 186.20 NOTE
r-release-macos-arm64 0.9.4 52.00 NOTE
r-release-macos-x86_64 0.9.4 97.00 NOTE
r-release-windows-x86_64 0.9.4 11.00 193.00 204.00 NOTE
r-oldrel-macos-arm64 0.9.4 66.00 NOTE
r-oldrel-macos-x86_64 0.9.4 106.00 NOTE
r-oldrel-windows-ix86+x86_64 0.9.4 16.00 192.00 208.00 NOTE

Check Details

Version: 0.9.4
Check: LazyData
Result: NOTE
     'LazyData' is specified without a 'data' directory
Flavors: r-devel-linux-x86_64-debian-clang, r-devel-linux-x86_64-debian-gcc, r-devel-linux-x86_64-fedora-clang, r-devel-linux-x86_64-fedora-gcc, r-devel-windows-x86_64, r-patched-linux-x86_64, r-release-linux-x86_64, r-release-macos-arm64, r-release-macos-x86_64, r-release-windows-x86_64, r-oldrel-macos-arm64, r-oldrel-macos-x86_64, r-oldrel-windows-ix86+x86_64