CRAN Package Check Results for Package kequate

Last updated on 2015-08-28 21:46:45.

Flavor Version Tinstall Tcheck Ttotal Status Flags
r-devel-linux-x86_64-debian-clang 1.4.0 3.00 104.82 107.83 NOTE
r-devel-linux-x86_64-debian-gcc 1.4.0 3.06 101.50 104.56 NOTE
r-devel-linux-x86_64-fedora-clang 1.4.0 218.18 NOTE
r-devel-linux-x86_64-fedora-gcc 1.4.0 212.46 NOTE
r-devel-osx-x86_64-clang 1.4.0 193.71 OK
r-devel-windows-ix86+x86_64 1.4.0 14.00 212.00 226.00 NOTE
r-patched-linux-x86_64 1.4.0 3.09 105.28 108.37 OK
r-patched-solaris-sparc 1.4.0 1468.60 OK
r-patched-solaris-x86 1.4.0 315.00 OK
r-release-linux-x86_64 1.4.0 3.30 102.18 105.48 OK
r-release-osx-x86_64-mavericks 1.4.0 OK
r-release-windows-ix86+x86_64 1.4.0 12.00 232.00 244.00 OK
r-oldrel-windows-ix86+x86_64 1.4.0 19.00 215.00 234.00 OK

Check Details

Version: 1.4.0
Check: R code for possible problems
Result: NOTE
    irtose: no visible global function definition for ‘capture.output’
    Undefined global functions or variables:
     capture.output
    Consider adding
     importFrom("utils", "capture.output")
    to your NAMESPACE.
Flavors: r-devel-linux-x86_64-debian-clang, r-devel-linux-x86_64-debian-gcc, r-devel-linux-x86_64-fedora-clang, r-devel-linux-x86_64-fedora-gcc, r-devel-windows-ix86+x86_64