CRAN Package Check Results for Package kequate

Last updated on 2015-07-28 23:47:36.

Flavor Version Tinstall Tcheck Ttotal Status Flags
r-devel-linux-x86_64-debian-clang 1.4.0 3.10 105.66 108.75 NOTE
r-devel-linux-x86_64-debian-gcc 1.4.0 3.15 103.54 106.68 NOTE
r-devel-linux-x86_64-fedora-clang 1.4.0 224.49 NOTE
r-devel-linux-x86_64-fedora-gcc 1.4.0 218.40 NOTE
r-devel-osx-x86_64-clang 1.4.0 184.19 OK
r-devel-windows-ix86+x86_64 1.4.0 10.00 157.00 167.00 NOTE
r-patched-linux-x86_64 1.4.0 3.12 107.39 110.51 OK
r-patched-solaris-sparc 1.4.0 1468.60 OK
r-patched-solaris-x86 1.4.0 314.40 OK
r-release-linux-x86_64 1.4.0 3.11 102.39 105.50 OK
r-release-osx-x86_64-mavericks 1.4.0 OK
r-release-windows-ix86+x86_64 1.4.0 13.00 165.00 178.00 OK
r-oldrel-windows-ix86+x86_64 1.4.0 13.00 255.00 268.00 OK

Check Details

Version: 1.4.0
Check: R code for possible problems
Result: NOTE
    irtose: no visible global function definition for ‘capture.output’
    Undefined global functions or variables:
     capture.output
    Consider adding
     importFrom("utils", "capture.output")
    to your NAMESPACE.
Flavors: r-devel-linux-x86_64-debian-clang, r-devel-linux-x86_64-debian-gcc, r-devel-linux-x86_64-fedora-clang, r-devel-linux-x86_64-fedora-gcc, r-devel-windows-ix86+x86_64