CRAN Package Check Results for Package keras

Last updated on 2018-12-13 14:47:38 CET.

Flavor Version Tinstall Tcheck Ttotal Status Flags
r-devel-linux-x86_64-debian-clang 2.2.4 14.90 116.85 131.75 OK
r-devel-linux-x86_64-debian-gcc 2.2.4 10.88 92.33 103.21 OK
r-devel-linux-x86_64-fedora-clang 2.2.4 156.87 NOTE
r-devel-linux-x86_64-fedora-gcc 2.2.4 154.21 OK
r-devel-windows-ix86+x86_64 2.2.4 25.00 174.00 199.00 NOTE
r-patched-linux-x86_64 2.2.4 10.18 110.06 120.24 OK
r-patched-solaris-x86 2.2.4 682.70 NOTE
r-release-linux-x86_64 2.2.4 13.39 110.09 123.48 OK
r-release-windows-ix86+x86_64 2.2.4 37.00 180.00 217.00 NOTE
r-release-osx-x86_64 2.2.4 NOTE
r-oldrel-windows-ix86+x86_64 2.2.4 19.00 161.00 180.00 NOTE
r-oldrel-osx-x86_64 2.2.4 NOTE

Check Details

Version: 2.2.4
Check: installed package size
Result: NOTE
     installed size is 5.9Mb
     sub-directories of 1Mb or more:
     doc 4.4Mb
Flavors: r-devel-linux-x86_64-fedora-clang, r-devel-windows-ix86+x86_64, r-patched-solaris-x86, r-release-windows-ix86+x86_64, r-release-osx-x86_64, r-oldrel-windows-ix86+x86_64, r-oldrel-osx-x86_64