Last updated on 2022-07-05 07:50:58 CEST.
Flavor | Version | Tinstall | Tcheck | Ttotal | Status | Flags |
---|---|---|---|---|---|---|
r-devel-linux-x86_64-debian-clang | 2.9.0 | 25.04 | 175.12 | 200.16 | OK | |
r-devel-linux-x86_64-debian-gcc | 2.9.0 | 21.67 | 133.74 | 155.41 | OK | |
r-devel-linux-x86_64-fedora-clang | 2.9.0 | 258.73 | OK | |||
r-devel-linux-x86_64-fedora-gcc | 2.9.0 | 253.59 | OK | |||
r-devel-windows-x86_64 | 2.9.0 | 223.00 | 270.00 | 493.00 | OK | |
r-patched-linux-x86_64 | 2.9.0 | 43.65 | 167.16 | 210.81 | OK | |
r-release-linux-x86_64 | 2.9.0 | 20.39 | 167.89 | 188.28 | OK | |
r-release-macos-arm64 | 2.9.0 | 95.00 | OK | |||
r-release-macos-x86_64 | 2.9.0 | 105.00 | OK | |||
r-release-windows-x86_64 | 2.9.0 | 230.00 | 276.00 | 506.00 | OK | |
r-oldrel-macos-arm64 | 2.9.0 | 100.00 | NOTE | |||
r-oldrel-macos-x86_64 | 2.9.0 | 117.00 | OK | |||
r-oldrel-windows-ix86+x86_64 | 2.9.0 | 47.00 | 225.00 | 272.00 | OK |
Version: 2.9.0
Check: installed package size
Result: NOTE
installed size is 5.2Mb
sub-directories of 1Mb or more:
doc 2.0Mb
help 2.3Mb
Flavor: r-oldrel-macos-arm64