CRAN Package Check Results for Package keras

Last updated on 2018-09-25 22:50:27 CEST.

Flavor Version Tinstall Tcheck Ttotal Status Flags
r-devel-linux-x86_64-debian-clang 2.2.0 12.39 123.55 135.94 OK
r-devel-linux-x86_64-debian-gcc 2.2.0 12.33 98.22 110.55 OK
r-devel-linux-x86_64-fedora-clang 2.2.0 162.43 NOTE
r-devel-linux-x86_64-fedora-gcc 2.2.0 160.21 OK
r-devel-windows-ix86+x86_64 2.2.0 32.00 191.00 223.00 NOTE
r-patched-linux-x86_64 2.2.0 8.62 108.67 117.29 OK
r-patched-solaris-x86 2.2.0 606.10 NOTE
r-release-linux-x86_64 2.2.0 11.50 107.95 119.45 OK
r-release-windows-ix86+x86_64 2.2.0 30.00 164.00 194.00 NOTE
r-release-osx-x86_64 2.2.0 NOTE
r-oldrel-windows-ix86+x86_64 2.2.0 16.00 200.00 216.00 NOTE
r-oldrel-osx-x86_64 2.2.0 NOTE

Check Details

Version: 2.2.0
Check: installed package size
Result: NOTE
     installed size is 5.6Mb
     sub-directories of 1Mb or more:
     doc 4.3Mb
Flavors: r-devel-linux-x86_64-fedora-clang, r-devel-windows-ix86+x86_64, r-patched-solaris-x86, r-release-windows-ix86+x86_64, r-release-osx-x86_64, r-oldrel-windows-ix86+x86_64, r-oldrel-osx-x86_64