CRAN Package Check Results for Package keras

Last updated on 2019-05-24 12:51:48 CEST.

Flavor Version Tinstall Tcheck Ttotal Status Flags
r-devel-linux-x86_64-debian-clang 2.2.4.1 15.22 160.46 175.68 OK
r-devel-linux-x86_64-debian-gcc 2.2.4.1 14.13 126.82 140.95 OK
r-devel-linux-x86_64-fedora-clang 2.2.4.1 211.33 NOTE
r-devel-linux-x86_64-fedora-gcc 2.2.4.1 207.25 OK
r-devel-windows-ix86+x86_64 2.2.4.1 32.00 197.00 229.00 NOTE
r-patched-linux-x86_64 2.2.4.1 15.00 158.55 173.55 OK
r-patched-solaris-x86 2.2.4.1 313.00 NOTE
r-release-linux-x86_64 2.2.4.1 15.15 158.99 174.14 OK
r-release-windows-ix86+x86_64 2.2.4.1 47.00 255.00 302.00 NOTE
r-release-osx-x86_64 2.2.4.1 NOTE
r-oldrel-windows-ix86+x86_64 2.2.4.1 35.00 148.00 183.00 NOTE
r-oldrel-osx-x86_64 2.2.4.1 NOTE

Check Details

Version: 2.2.4.1
Check: installed package size
Result: NOTE
     installed size is 5.9Mb
     sub-directories of 1Mb or more:
     doc 4.4Mb
Flavors: r-devel-linux-x86_64-fedora-clang, r-devel-windows-ix86+x86_64, r-patched-solaris-x86, r-release-windows-ix86+x86_64, r-release-osx-x86_64, r-oldrel-windows-ix86+x86_64, r-oldrel-osx-x86_64