CRAN Package Check Results for Package kerdiest

Last updated on 2015-05-22 11:48:00.

Flavor Version Tinstall Tcheck Ttotal Status Flags
r-devel-linux-x86_64-debian-clang 1.2 0.67 45.11 45.78 NOTE
r-devel-linux-x86_64-debian-gcc 1.2 0.80 45.09 45.89 NOTE
r-devel-linux-x86_64-fedora-clang 1.2 107.65 NOTE
r-devel-linux-x86_64-fedora-gcc 1.2 91.38 NOTE
r-devel-osx-x86_64-clang 1.2 70.43 NOTE
r-devel-windows-ix86+x86_64 1.2 4.00 72.00 76.00 NOTE
r-patched-linux-x86_64 1.2 0.69 45.01 45.70 NOTE
r-patched-solaris-sparc 1.2 602.50 NOTE
r-patched-solaris-x86 1.2 122.70 NOTE
r-release-linux-x86_64 1.2 0.68 47.80 48.48 NOTE
r-release-osx-x86_64-mavericks 1.2 NOTE
r-release-osx-x86_64-snowleopard 1.2 NOTE
r-release-windows-ix86+x86_64 1.2 3.00 77.00 80.00 NOTE
r-oldrel-windows-ix86+x86_64 1.2 4.00 81.00 85.00 NOTE

Check Details

Version: 1.2
Check: DESCRIPTION meta-information
Result: NOTE
    Malformed Title field: should not end in a period.
Flavors: r-devel-linux-x86_64-debian-clang, r-devel-linux-x86_64-debian-gcc, r-devel-linux-x86_64-fedora-clang, r-devel-linux-x86_64-fedora-gcc, r-devel-osx-x86_64-clang, r-devel-windows-ix86+x86_64, r-patched-linux-x86_64, r-patched-solaris-sparc, r-patched-solaris-x86, r-release-linux-x86_64, r-release-osx-x86_64-mavericks, r-release-osx-x86_64-snowleopard, r-release-windows-ix86+x86_64

Version: 1.2
Check: dependencies in R code
Result: NOTE
    Packages in Depends field not imported from:
     ‘chron’ ‘date’ ‘evir’
     These packages need to be imported from (in the NAMESPACE file)
     for when this namespace is loaded but not attached.
Flavors: r-devel-linux-x86_64-debian-clang, r-devel-linux-x86_64-debian-gcc, r-devel-linux-x86_64-fedora-clang, r-devel-linux-x86_64-fedora-gcc, r-devel-osx-x86_64-clang, r-devel-windows-ix86+x86_64, r-patched-linux-x86_64, r-patched-solaris-sparc, r-patched-solaris-x86, r-release-linux-x86_64, r-release-osx-x86_64-mavericks, r-release-osx-x86_64-snowleopard, r-release-windows-ix86+x86_64, r-oldrel-windows-ix86+x86_64