CRAN Package Check Results for Package kerdiest

Last updated on 2014-11-01 08:48:18.

Flavor Version Tinstall Tcheck Ttotal Status Flags
r-devel-linux-x86_64-debian-clang 1.2 0.74 61.00 61.73 NOTE
r-devel-linux-x86_64-debian-gcc 1.2 0.71 55.84 56.55 NOTE
r-devel-linux-x86_64-fedora-clang 1.2 117.17 NOTE
r-devel-linux-x86_64-fedora-gcc 1.2 117.07 NOTE
r-devel-osx-x86_64-clang 1.2 83.91 NOTE
r-devel-windows-ix86+x86_64 1.2 3.00 84.00 87.00 NOTE
r-patched-linux-x86_64 1.2 0.75 63.51 64.26 NOTE
r-patched-solaris-sparc 1.2 623.40 NOTE
r-patched-solaris-x86 1.2 144.20 NOTE
r-release-linux-ix86 1.2 1.14 81.28 82.42 NOTE
r-release-linux-x86_64 1.2 0.75 55.03 55.78 NOTE
r-release-osx-x86_64-mavericks 1.2 NOTE
r-release-osx-x86_64-snowleopard 1.2 OK
r-release-windows-ix86+x86_64 1.2 4.00 80.00 84.00 NOTE
r-oldrel-windows-ix86+x86_64 1.2 3.00 77.00 80.00 NOTE

Check Details

Version: 1.2
Check: dependencies in R code
Result: NOTE
    Packages in Depends field not imported from:
     ‘chron’ ‘date’ ‘evir’
     These packages need to be imported from (in the NAMESPACE file)
     for when this namespace is loaded but not attached.
    See the information on DESCRIPTION files in the chapter ‘Creating R
    packages’ of the ‘Writing R Extensions’ manual.
Flavors: r-devel-linux-x86_64-debian-clang, r-devel-linux-x86_64-debian-gcc, r-devel-linux-x86_64-fedora-clang, r-devel-linux-x86_64-fedora-gcc, r-devel-osx-x86_64-clang, r-devel-windows-ix86+x86_64, r-patched-linux-x86_64, r-patched-solaris-sparc, r-patched-solaris-x86, r-release-linux-ix86, r-release-linux-x86_64, r-release-osx-x86_64-mavericks, r-release-windows-ix86+x86_64, r-oldrel-windows-ix86+x86_64