CRAN Package Check Results for Package kerdiest

Last updated on 2015-08-03 06:47:08.

Flavor Version Tinstall Tcheck Ttotal Status Flags
r-devel-linux-x86_64-debian-clang 1.2 0.68 41.72 42.40 NOTE
r-devel-linux-x86_64-debian-gcc 1.2 0.79 41.89 42.68 NOTE
r-devel-linux-x86_64-fedora-clang 1.2 92.83 NOTE
r-devel-linux-x86_64-fedora-gcc 1.2 84.45 NOTE
r-devel-osx-x86_64-clang 1.2 60.03 NOTE
r-devel-windows-ix86+x86_64 1.2 3.00 73.00 76.00 NOTE
r-patched-linux-x86_64 1.2 0.81 45.41 46.22 NOTE
r-patched-solaris-sparc 1.2 598.30 NOTE
r-patched-solaris-x86 1.2 125.10 NOTE
r-release-linux-x86_64 1.2 0.67 45.36 46.02 NOTE
r-release-osx-x86_64-mavericks 1.2 NOTE
r-release-windows-ix86+x86_64 1.2 4.00 91.00 95.00 NOTE
r-oldrel-windows-ix86+x86_64 1.2 6.00 98.00 104.00 NOTE

Check Details

Version: 1.2
Check: DESCRIPTION meta-information
Result: NOTE
    Malformed Title field: should not end in a period.
Flavors: r-devel-linux-x86_64-debian-clang, r-devel-linux-x86_64-debian-gcc, r-devel-linux-x86_64-fedora-clang, r-devel-linux-x86_64-fedora-gcc, r-devel-osx-x86_64-clang, r-devel-windows-ix86+x86_64, r-patched-linux-x86_64, r-patched-solaris-sparc, r-patched-solaris-x86, r-release-linux-x86_64, r-release-osx-x86_64-mavericks, r-release-windows-ix86+x86_64

Version: 1.2
Check: dependencies in R code
Result: NOTE
    Packages in Depends field not imported from:
     ‘chron’ ‘date’ ‘evir’
     These packages need to be imported from (in the NAMESPACE file)
     for when this namespace is loaded but not attached.
Flavors: r-devel-linux-x86_64-debian-clang, r-devel-linux-x86_64-debian-gcc, r-devel-linux-x86_64-fedora-clang, r-devel-linux-x86_64-fedora-gcc, r-devel-osx-x86_64-clang, r-devel-windows-ix86+x86_64, r-patched-linux-x86_64, r-patched-solaris-sparc, r-patched-solaris-x86, r-release-linux-x86_64, r-release-osx-x86_64-mavericks, r-release-windows-ix86+x86_64, r-oldrel-windows-ix86+x86_64

Version: 1.2
Check: R code for possible problems
Result: NOTE
    ALbw: no visible global function definition for ‘sd’
    ALbw: no visible global function definition for ‘quantile’
    CVbw: no visible global function definition for ‘quantile’
    PBbw: no visible global function definition for ‘sd’
    PBbw: no visible global function definition for ‘IQR’
    kernel_function: no visible global function definition for ‘dnorm’
    kernel_function_distribution: no visible global function definition for
     ‘pnorm’
    simp_int: no visible global function definition for ‘approx’
    Undefined global functions or variables:
     IQR approx dnorm pnorm quantile sd
    Consider adding
     importFrom("stats", "IQR", "approx", "dnorm", "pnorm", "quantile",
     "sd")
    to your NAMESPACE.
Flavors: r-devel-linux-x86_64-debian-clang, r-devel-linux-x86_64-debian-gcc, r-devel-linux-x86_64-fedora-clang, r-devel-linux-x86_64-fedora-gcc, r-devel-windows-ix86+x86_64