CRAN Package Check Results for Package kerdiest

Last updated on 2014-04-16 06:47:55.

Flavor Version Tinstall Tcheck Ttotal Status Flags
r-devel-linux-x86_64-debian-clang 1.2 0.77 55.74 56.51 NOTE
r-devel-linux-x86_64-debian-gcc 1.2 0.75 55.25 56.00 NOTE
r-devel-linux-x86_64-fedora-clang 1.2 125.00 NOTE
r-devel-linux-x86_64-fedora-gcc 1.2 119.02 NOTE
r-devel-macosx-x86_64-clang 1.2 84.63 NOTE
r-devel-macosx-x86_64-gcc 1.2 NOTE
r-devel-windows-ix86+x86_64 1.2 3.00 80.00 83.00 NOTE
r-patched-linux-x86_64 1.2 0.78 55.02 55.80 NOTE
r-patched-solaris-sparc 1.2 635.20 NOTE
r-patched-solaris-x86 1.2 132.20 NOTE
r-release-linux-ix86 1.2 1.00 90.00 91.00 NOTE
r-release-linux-x86_64 1.2 0.78 55.87 56.65 NOTE
r-release-macosx-x86_64 1.2 OK
r-release-windows-ix86+x86_64 1.2 3.00 86.00 89.00 NOTE
r-oldrel-windows-ix86+x86_64 1.2 3.00 81.00 84.00 NOTE

Check Details

Version: 1.2
Check: dependencies in R code
Result: NOTE
    Packages in Depends field not imported from:
     ‘chron’ ‘date’ ‘evir’
     These packages need to be imported from (in the NAMESPACE file)
     for when this namespace is loaded but not attached.
    See the information on DESCRIPTION files in the chapter ‘Creating R
    packages’ of the ‘Writing R Extensions’ manual.
Flavors: r-devel-linux-x86_64-debian-clang, r-devel-linux-x86_64-debian-gcc, r-devel-linux-x86_64-fedora-clang, r-devel-linux-x86_64-fedora-gcc, r-devel-macosx-x86_64-clang, r-devel-macosx-x86_64-gcc, r-devel-windows-ix86+x86_64, r-patched-linux-x86_64, r-patched-solaris-sparc, r-patched-solaris-x86, r-release-linux-ix86, r-release-linux-x86_64, r-release-windows-ix86+x86_64, r-oldrel-windows-ix86+x86_64