CRAN Package Check Results for Package kerdiest

Last updated on 2014-07-24 05:48:27.

Flavor Version Tinstall Tcheck Ttotal Status Flags
r-devel-linux-x86_64-debian-clang 1.2 0.71 55.48 56.19 NOTE
r-devel-linux-x86_64-debian-gcc 1.2 0.75 54.12 54.87 NOTE
r-devel-linux-x86_64-fedora-clang 1.2 118.08 NOTE
r-devel-linux-x86_64-fedora-gcc 1.2 120.29 NOTE
r-devel-osx-x86_64-clang 1.2 82.68 NOTE
r-devel-windows-ix86+x86_64 1.2 3.00 88.00 91.00 NOTE
r-patched-linux-x86_64 1.2 0.71 55.08 55.78 NOTE
r-patched-solaris-sparc 1.2 635.20 NOTE
r-patched-solaris-x86 1.2 139.20 NOTE
r-release-linux-ix86 1.2 1.07 80.92 82.00 NOTE
r-release-linux-x86_64 1.2 0.82 54.46 55.28 NOTE
r-release-osx-x86_64-mavericks 1.2 NOTE
r-release-osx-x86_64-snowleopard 1.2 OK
r-release-windows-ix86+x86_64 1.2 3.00 86.00 89.00 NOTE
r-oldrel-windows-ix86+x86_64 1.2 4.00 84.00 88.00 NOTE

Check Details

Version: 1.2
Check: dependencies in R code
Result: NOTE
    Packages in Depends field not imported from:
     ‘chron’ ‘date’ ‘evir’
     These packages need to be imported from (in the NAMESPACE file)
     for when this namespace is loaded but not attached.
    See the information on DESCRIPTION files in the chapter ‘Creating R
    packages’ of the ‘Writing R Extensions’ manual.
Flavors: r-devel-linux-x86_64-debian-clang, r-devel-linux-x86_64-debian-gcc, r-devel-linux-x86_64-fedora-clang, r-devel-linux-x86_64-fedora-gcc, r-devel-osx-x86_64-clang, r-devel-windows-ix86+x86_64, r-patched-linux-x86_64, r-patched-solaris-sparc, r-patched-solaris-x86, r-release-linux-ix86, r-release-linux-x86_64, r-release-osx-x86_64-mavericks, r-release-windows-ix86+x86_64, r-oldrel-windows-ix86+x86_64