CRAN Package Check Results for Package kerdiest

Last updated on 2016-12-10 23:48:44.

Flavor Version Tinstall Tcheck Ttotal Status Flags
r-devel-linux-x86_64-debian-clang 1.2 0.71 56.28 56.99 NOTE
r-devel-linux-x86_64-debian-gcc 1.2 0.77 49.03 49.80 NOTE
r-devel-linux-x86_64-fedora-clang 1.2 96.86 NOTE --no-stop-on-test-error
r-devel-linux-x86_64-fedora-gcc 1.2 86.96 NOTE --no-stop-on-test-error
r-devel-macos-x86_64-clang 1.2 54.76 NOTE --no-stop-on-test-error
r-devel-windows-ix86+x86_64 1.2 3.00 74.00 77.00 NOTE
r-patched-linux-x86_64 1.2 0.69 45.74 46.43 NOTE
r-patched-solaris-sparc 1.2 559.20 NOTE
r-patched-solaris-x86 1.2 108.80 NOTE
r-release-linux-x86_64 1.2 0.68 45.11 45.80 NOTE
r-release-osx-x86_64-mavericks 1.2 NOTE
r-release-windows-ix86+x86_64 1.2 4.00 94.00 98.00 NOTE
r-oldrel-windows-ix86+x86_64 1.2 5.00 85.00 90.00 NOTE

Check Details

Version: 1.2
Check: DESCRIPTION meta-information
Result: NOTE
    Malformed Title field: should not end in a period.
    Checking should be performed on sources prepared by ‘R CMD build’.
Flavors: r-devel-linux-x86_64-debian-clang, r-devel-linux-x86_64-debian-gcc, r-devel-windows-ix86+x86_64, r-patched-linux-x86_64, r-patched-solaris-sparc, r-patched-solaris-x86, r-release-linux-x86_64, r-release-osx-x86_64-mavericks, r-release-windows-ix86+x86_64

Version: 1.2
Check: dependencies in R code
Result: NOTE
    Packages in Depends field not imported from:
     ‘chron’ ‘date’ ‘evir’
     These packages need to be imported from (in the NAMESPACE file)
     for when this namespace is loaded but not attached.
Flavors: r-devel-linux-x86_64-debian-clang, r-devel-linux-x86_64-debian-gcc, r-devel-windows-ix86+x86_64, r-patched-linux-x86_64, r-patched-solaris-sparc, r-patched-solaris-x86, r-release-linux-x86_64, r-release-osx-x86_64-mavericks, r-release-windows-ix86+x86_64, r-oldrel-windows-ix86+x86_64

Version: 1.2
Check: R code for possible problems
Result: NOTE
    ALbw: no visible global function definition for ‘sd’
    ALbw: no visible global function definition for ‘quantile’
    CVbw: no visible global function definition for ‘quantile’
    PBbw: no visible global function definition for ‘sd’
    PBbw: no visible global function definition for ‘IQR’
    kernel_function: no visible global function definition for ‘dnorm’
    kernel_function_distribution: no visible global function definition for
     ‘pnorm’
    simp_int: no visible global function definition for ‘approx’
    Undefined global functions or variables:
     IQR approx dnorm pnorm quantile sd
    Consider adding
     importFrom("stats", "IQR", "approx", "dnorm", "pnorm", "quantile",
     "sd")
    to your NAMESPACE file.
Flavors: r-devel-linux-x86_64-debian-clang, r-devel-linux-x86_64-debian-gcc, r-devel-windows-ix86+x86_64, r-patched-linux-x86_64, r-patched-solaris-sparc, r-patched-solaris-x86, r-release-linux-x86_64, r-release-osx-x86_64-mavericks, r-release-windows-ix86+x86_64

Version: 1.2
Flags: --no-stop-on-test-error
Check: DESCRIPTION meta-information
Result: NOTE
    Malformed Title field: should not end in a period.
    Checking should be performed on sources prepared by ‘R CMD build’.
Flavors: r-devel-linux-x86_64-fedora-clang, r-devel-linux-x86_64-fedora-gcc, r-devel-macos-x86_64-clang

Version: 1.2
Flags: --no-stop-on-test-error
Check: dependencies in R code
Result: NOTE
    Packages in Depends field not imported from:
     ‘chron’ ‘date’ ‘evir’
     These packages need to be imported from (in the NAMESPACE file)
     for when this namespace is loaded but not attached.
Flavors: r-devel-linux-x86_64-fedora-clang, r-devel-linux-x86_64-fedora-gcc, r-devel-macos-x86_64-clang

Version: 1.2
Flags: --no-stop-on-test-error
Check: R code for possible problems
Result: NOTE
    ALbw: no visible global function definition for ‘sd’
    ALbw: no visible global function definition for ‘quantile’
    CVbw: no visible global function definition for ‘quantile’
    PBbw: no visible global function definition for ‘sd’
    PBbw: no visible global function definition for ‘IQR’
    kernel_function: no visible global function definition for ‘dnorm’
    kernel_function_distribution: no visible global function definition for
     ‘pnorm’
    simp_int: no visible global function definition for ‘approx’
    Undefined global functions or variables:
     IQR approx dnorm pnorm quantile sd
    Consider adding
     importFrom("stats", "IQR", "approx", "dnorm", "pnorm", "quantile",
     "sd")
    to your NAMESPACE file.
Flavors: r-devel-linux-x86_64-fedora-clang, r-devel-linux-x86_64-fedora-gcc, r-devel-macos-x86_64-clang

Version: 1.2
Check: DESCRIPTION meta-information
Result: NOTE
    Malformed Title field: should not end in a period.
Flavor: r-oldrel-windows-ix86+x86_64