CRAN Package Check Results for Package kerdiest

Last updated on 2015-04-01 08:50:07.

Flavor Version Tinstall Tcheck Ttotal Status Flags
r-devel-linux-x86_64-debian-clang 1.2 0.67 46.68 47.36 NOTE
r-devel-linux-x86_64-debian-gcc 1.2 0.66 45.26 45.92 NOTE
r-devel-linux-x86_64-fedora-clang 1.2 101.80 NOTE
r-devel-linux-x86_64-fedora-gcc 1.2 106.33 NOTE
r-devel-osx-x86_64-clang 1.2 76.95 NOTE
r-prerel-windows-ix86+x86_64 1.2 4.00 71.00 75.00 NOTE
r-prerel-linux-x86_64 1.2 0.68 45.43 46.11 NOTE
r-prerel-solaris-sparc 1.2 602.50 NOTE
r-prerel-solaris-x86 1.2 128.70 NOTE
r-release-linux-x86_64 1.2 0.94 56.09 57.03 NOTE
r-release-osx-x86_64-mavericks 1.2 NOTE
r-release-osx-x86_64-snowleopard 1.2 OK
r-release-windows-ix86+x86_64 1.2 4.00 93.00 97.00 NOTE
r-oldrel-windows-ix86+x86_64 1.2 4.00 79.00 83.00 NOTE

Check Details

Version: 1.2
Check: DESCRIPTION meta-information
Result: NOTE
    Malformed Title field: should not end in a period.
Flavors: r-devel-linux-x86_64-debian-clang, r-devel-linux-x86_64-debian-gcc, r-devel-linux-x86_64-fedora-clang, r-devel-linux-x86_64-fedora-gcc, r-devel-osx-x86_64-clang, r-prerel-windows-ix86+x86_64, r-prerel-linux-x86_64, r-prerel-solaris-sparc, r-prerel-solaris-x86

Version: 1.2
Check: dependencies in R code
Result: NOTE
    Packages in Depends field not imported from:
     ‘chron’ ‘date’ ‘evir’
     These packages need to be imported from (in the NAMESPACE file)
     for when this namespace is loaded but not attached.
Flavors: r-devel-linux-x86_64-debian-clang, r-devel-linux-x86_64-debian-gcc, r-devel-linux-x86_64-fedora-clang, r-devel-linux-x86_64-fedora-gcc, r-devel-osx-x86_64-clang, r-prerel-windows-ix86+x86_64, r-prerel-linux-x86_64, r-prerel-solaris-sparc, r-prerel-solaris-x86, r-release-linux-x86_64, r-release-windows-ix86+x86_64

Version: 1.2
Check: dependencies in R code
Result: NOTE
    Packages in Depends field not imported from:
     ‘chron’ ‘date’ ‘evir’
     These packages need to be imported from (in the NAMESPACE file)
     for when this namespace is loaded but not attached.
    See the information on DESCRIPTION files in the chapter ‘Creating R
    packages’ of the ‘Writing R Extensions’ manual.
Flavors: r-release-osx-x86_64-mavericks, r-oldrel-windows-ix86+x86_64