CRAN Package Check Results for Package kerdiest

Last updated on 2015-03-01 03:48:37.

Flavor Version Tinstall Tcheck Ttotal Status Flags
r-devel-linux-x86_64-debian-clang 1.2 0.68 47.07 47.75 NOTE
r-devel-linux-x86_64-debian-gcc 1.2 0.72 46.96 47.69 NOTE
r-devel-linux-x86_64-fedora-clang 1.2 101.98 NOTE
r-devel-linux-x86_64-fedora-gcc 1.2 98.99 NOTE
r-devel-osx-x86_64-clang 1.2 71.34 NOTE
r-devel-windows-ix86+x86_64 1.2 4.00 76.00 80.00 NOTE
r-patched-linux-x86_64 1.2 0.76 57.03 57.79 NOTE
r-patched-solaris-sparc 1.2 634.80 NOTE
r-patched-solaris-x86 1.2 148.10 NOTE
r-release-linux-ix86 1.2 1.12 78.64 79.76 NOTE
r-release-linux-x86_64 1.2 0.76 55.81 56.57 NOTE
r-release-osx-x86_64-mavericks 1.2 NOTE
r-release-osx-x86_64-snowleopard 1.2 OK
r-release-windows-ix86+x86_64 1.2 4.00 96.00 100.00 NOTE
r-oldrel-windows-ix86+x86_64 1.2 4.00 87.00 91.00 NOTE

Check Details

Version: 1.2
Check: DESCRIPTION meta-information
Result: NOTE
    Malformed Title field: should not end in a period.
Flavors: r-devel-linux-x86_64-debian-clang, r-devel-linux-x86_64-debian-gcc, r-devel-linux-x86_64-fedora-clang, r-devel-linux-x86_64-fedora-gcc, r-devel-osx-x86_64-clang, r-devel-windows-ix86+x86_64

Version: 1.2
Check: dependencies in R code
Result: NOTE
    Packages in Depends field not imported from:
     ‘chron’ ‘date’ ‘evir’
     These packages need to be imported from (in the NAMESPACE file)
     for when this namespace is loaded but not attached.
Flavors: r-devel-linux-x86_64-debian-clang, r-devel-linux-x86_64-debian-gcc, r-devel-linux-x86_64-fedora-clang, r-devel-linux-x86_64-fedora-gcc, r-devel-osx-x86_64-clang, r-devel-windows-ix86+x86_64, r-patched-linux-x86_64, r-patched-solaris-x86

Version: 1.2
Check: dependencies in R code
Result: NOTE
    Packages in Depends field not imported from:
     ‘chron’ ‘date’ ‘evir’
     These packages need to be imported from (in the NAMESPACE file)
     for when this namespace is loaded but not attached.
    See the information on DESCRIPTION files in the chapter ‘Creating R
    packages’ of the ‘Writing R Extensions’ manual.
Flavors: r-patched-solaris-sparc, r-release-linux-ix86, r-release-linux-x86_64, r-release-osx-x86_64-mavericks, r-release-windows-ix86+x86_64, r-oldrel-windows-ix86+x86_64