CRAN Package Check Results for Package kerdiest

Last updated on 2016-06-24 23:47:33.

Flavor Version Tinstall Tcheck Ttotal Status Flags
r-devel-linux-x86_64-debian-gcc 1.2 0.73 44.77 45.50 NOTE
r-devel-linux-x86_64-fedora-clang 1.2 88.80 NOTE
r-devel-linux-x86_64-fedora-gcc 1.2 81.54 NOTE
r-devel-osx-x86_64-clang 1.2 54.24 NOTE
r-devel-windows-ix86+x86_64 1.2 5.00 103.00 108.00 NOTE
r-patched-linux-x86_64 1.2 0.67 39.77 40.44 NOTE
r-patched-solaris-x86 1.2 111.00 NOTE
r-release-linux-x86_64 1.2 0.78 42.68 43.46 NOTE
r-release-osx-x86_64-mavericks 1.2 NOTE
r-release-windows-ix86+x86_64 1.2 6.00 78.00 84.00 NOTE
r-oldrel-windows-ix86+x86_64 1.2 4.00 112.00 116.00 NOTE

Check Details

Version: 1.2
Check: DESCRIPTION meta-information
Result: NOTE
    Malformed Title field: should not end in a period.
    Checking should be performed on sources prepared by ‘R CMD build’.
Flavors: r-devel-linux-x86_64-debian-gcc, r-devel-linux-x86_64-fedora-clang, r-devel-linux-x86_64-fedora-gcc, r-devel-osx-x86_64-clang, r-devel-windows-ix86+x86_64, r-patched-linux-x86_64, r-patched-solaris-sparc, r-patched-solaris-x86, r-release-linux-x86_64, r-release-osx-x86_64-mavericks, r-release-windows-ix86+x86_64

Version: 1.2
Check: dependencies in R code
Result: NOTE
    Packages in Depends field not imported from:
     ‘chron’ ‘date’ ‘evir’
     These packages need to be imported from (in the NAMESPACE file)
     for when this namespace is loaded but not attached.
Flavors: r-devel-linux-x86_64-debian-gcc, r-devel-linux-x86_64-fedora-clang, r-devel-linux-x86_64-fedora-gcc, r-devel-osx-x86_64-clang, r-devel-windows-ix86+x86_64, r-patched-linux-x86_64, r-patched-solaris-sparc, r-patched-solaris-x86, r-release-linux-x86_64, r-release-osx-x86_64-mavericks, r-release-windows-ix86+x86_64, r-oldrel-windows-ix86+x86_64

Version: 1.2
Check: R code for possible problems
Result: NOTE
    ALbw: no visible global function definition for ‘sd’
    ALbw: no visible global function definition for ‘quantile’
    CVbw: no visible global function definition for ‘quantile’
    PBbw: no visible global function definition for ‘sd’
    PBbw: no visible global function definition for ‘IQR’
    kernel_function: no visible global function definition for ‘dnorm’
    kernel_function_distribution: no visible global function definition for
     ‘pnorm’
    simp_int: no visible global function definition for ‘approx’
    Undefined global functions or variables:
     IQR approx dnorm pnorm quantile sd
    Consider adding
     importFrom("stats", "IQR", "approx", "dnorm", "pnorm", "quantile",
     "sd")
    to your NAMESPACE file.
Flavors: r-devel-linux-x86_64-debian-gcc, r-devel-linux-x86_64-fedora-clang, r-devel-linux-x86_64-fedora-gcc, r-devel-osx-x86_64-clang, r-devel-windows-ix86+x86_64, r-patched-linux-x86_64, r-patched-solaris-sparc, r-patched-solaris-x86, r-release-linux-x86_64, r-release-osx-x86_64-mavericks, r-release-windows-ix86+x86_64

Version: 1.2
Check: DESCRIPTION meta-information
Result: NOTE
    Malformed Title field: should not end in a period.
Flavor: r-oldrel-windows-ix86+x86_64