CRAN Package Check Results for Package kerdiest

Last updated on 2015-01-25 19:47:42.

Flavor Version Tinstall Tcheck Ttotal Status Flags
r-devel-linux-x86_64-debian-clang 1.2 0.69 54.34 55.03 NOTE
r-devel-linux-x86_64-debian-gcc 1.2 0.71 54.28 55.00 NOTE
r-devel-linux-x86_64-fedora-clang 1.2 119.39 NOTE
r-devel-linux-x86_64-fedora-gcc 1.2 116.51 NOTE
r-devel-osx-x86_64-clang 1.2 86.15 NOTE
r-devel-windows-ix86+x86_64 1.2 5.00 87.00 92.00 NOTE
r-patched-linux-x86_64 1.2 0.95 55.62 56.57 NOTE
r-patched-solaris-sparc 1.2 634.80 NOTE
r-patched-solaris-x86 1.2 141.50 NOTE
r-release-linux-ix86 1.2 1.07 77.97 79.04 NOTE
r-release-linux-x86_64 1.2 0.75 55.24 55.99 NOTE
r-release-osx-x86_64-mavericks 1.2 NOTE
r-release-osx-x86_64-snowleopard 1.2 OK
r-release-windows-ix86+x86_64 1.2 4.00 85.00 89.00 NOTE
r-oldrel-windows-ix86+x86_64 1.2 4.00 84.00 88.00 NOTE

Check Details

Version: 1.2
Check: dependencies in R code
Result: NOTE
    Packages in Depends field not imported from:
     ‘chron’ ‘date’ ‘evir’
     These packages need to be imported from (in the NAMESPACE file)
     for when this namespace is loaded but not attached.
Flavors: r-devel-linux-x86_64-debian-clang, r-devel-linux-x86_64-debian-gcc, r-devel-linux-x86_64-fedora-clang, r-devel-linux-x86_64-fedora-gcc, r-devel-osx-x86_64-clang, r-devel-windows-ix86+x86_64

Version: 1.2
Check: dependencies in R code
Result: NOTE
    Packages in Depends field not imported from:
     ‘chron’ ‘date’ ‘evir’
     These packages need to be imported from (in the NAMESPACE file)
     for when this namespace is loaded but not attached.
    See the information on DESCRIPTION files in the chapter ‘Creating R
    packages’ of the ‘Writing R Extensions’ manual.
Flavors: r-patched-linux-x86_64, r-patched-solaris-sparc, r-patched-solaris-x86, r-release-linux-ix86, r-release-linux-x86_64, r-release-osx-x86_64-mavericks, r-release-windows-ix86+x86_64, r-oldrel-windows-ix86+x86_64