CRAN Package Check Results for Package kerdiest

Last updated on 2014-12-22 05:48:33.

Flavor Version Tinstall Tcheck Ttotal Status Flags
r-devel-linux-x86_64-debian-clang 1.2 0.73 56.40 57.13 NOTE
r-devel-linux-x86_64-debian-gcc 1.2 0.70 55.27 55.97 NOTE
r-devel-linux-x86_64-fedora-clang 1.2 117.30 NOTE
r-devel-linux-x86_64-fedora-gcc 1.2 115.47 NOTE
r-devel-osx-x86_64-clang 1.2 85.36 NOTE
r-devel-windows-ix86+x86_64 1.2 4.00 91.00 95.00 NOTE
r-patched-linux-x86_64 1.2 0.74 55.63 56.37 NOTE
r-patched-solaris-sparc 1.2 623.40 NOTE
r-patched-solaris-x86 1.2 144.20 NOTE
r-release-linux-ix86 1.2 1.08 77.90 78.98 NOTE
r-release-linux-x86_64 1.2 0.74 55.74 56.48 NOTE
r-release-osx-x86_64-mavericks 1.2 NOTE
r-release-osx-x86_64-snowleopard 1.2 OK
r-release-windows-ix86+x86_64 1.2 4.00 83.00 87.00 NOTE
r-oldrel-windows-ix86+x86_64 1.2 4.00 78.00 82.00 NOTE

Check Details

Version: 1.2
Check: dependencies in R code
Result: NOTE
    Packages in Depends field not imported from:
     ‘chron’ ‘date’ ‘evir’
     These packages need to be imported from (in the NAMESPACE file)
     for when this namespace is loaded but not attached.
    See the information on DESCRIPTION files in the chapter ‘Creating R
    packages’ of the ‘Writing R Extensions’ manual.
Flavors: r-devel-linux-x86_64-debian-clang, r-devel-linux-x86_64-debian-gcc, r-devel-linux-x86_64-fedora-clang, r-devel-linux-x86_64-fedora-gcc, r-devel-osx-x86_64-clang, r-devel-windows-ix86+x86_64, r-patched-linux-x86_64, r-patched-solaris-sparc, r-patched-solaris-x86, r-release-linux-ix86, r-release-linux-x86_64, r-release-osx-x86_64-mavericks, r-release-windows-ix86+x86_64, r-oldrel-windows-ix86+x86_64