CRAN Package Check Results for Package kerdiest

Last updated on 2016-10-01 18:47:27.

Flavor Version Tinstall Tcheck Ttotal Status Flags
r-devel-linux-x86_64-debian-clang 1.2 0.65 51.75 52.40 NOTE
r-devel-linux-x86_64-debian-gcc 1.2 0.76 47.50 48.26 NOTE
r-devel-linux-x86_64-fedora-clang 1.2 94.74 NOTE
r-devel-linux-x86_64-fedora-gcc 1.2 81.16 NOTE
r-devel-macos-x86_64-clang 1.2 53.64 NOTE
r-devel-windows-ix86+x86_64 1.2 3.00 97.00 100.00 NOTE
r-patched-linux-x86_64 1.2 0.66 46.90 47.56 NOTE
r-patched-solaris-sparc 1.2 559.20 NOTE
r-patched-solaris-x86 1.2 113.60 NOTE
r-release-linux-x86_64 1.2 0.72 43.88 44.60 NOTE
r-release-osx-x86_64-mavericks 1.2 NOTE
r-release-windows-ix86+x86_64 1.2 4.00 83.00 87.00 NOTE
r-oldrel-windows-ix86+x86_64 1.2 3.00 79.00 82.00 NOTE

Check Details

Version: 1.2
Check: DESCRIPTION meta-information
Result: NOTE
    Malformed Title field: should not end in a period.
    Checking should be performed on sources prepared by ‘R CMD build’.
Flavors: r-devel-linux-x86_64-debian-clang, r-devel-linux-x86_64-debian-gcc, r-devel-linux-x86_64-fedora-clang, r-devel-linux-x86_64-fedora-gcc, r-devel-macos-x86_64-clang, r-devel-windows-ix86+x86_64, r-patched-linux-x86_64, r-patched-solaris-sparc, r-patched-solaris-x86, r-release-linux-x86_64, r-release-osx-x86_64-mavericks, r-release-windows-ix86+x86_64

Version: 1.2
Check: dependencies in R code
Result: NOTE
    Packages in Depends field not imported from:
     ‘chron’ ‘date’ ‘evir’
     These packages need to be imported from (in the NAMESPACE file)
     for when this namespace is loaded but not attached.
Flavors: r-devel-linux-x86_64-debian-clang, r-devel-linux-x86_64-debian-gcc, r-devel-linux-x86_64-fedora-clang, r-devel-linux-x86_64-fedora-gcc, r-devel-macos-x86_64-clang, r-devel-windows-ix86+x86_64, r-patched-linux-x86_64, r-patched-solaris-sparc, r-patched-solaris-x86, r-release-linux-x86_64, r-release-osx-x86_64-mavericks, r-release-windows-ix86+x86_64, r-oldrel-windows-ix86+x86_64

Version: 1.2
Check: R code for possible problems
Result: NOTE
    ALbw: no visible global function definition for ‘sd’
    ALbw: no visible global function definition for ‘quantile’
    CVbw: no visible global function definition for ‘quantile’
    PBbw: no visible global function definition for ‘sd’
    PBbw: no visible global function definition for ‘IQR’
    kernel_function: no visible global function definition for ‘dnorm’
    kernel_function_distribution: no visible global function definition for
     ‘pnorm’
    simp_int: no visible global function definition for ‘approx’
    Undefined global functions or variables:
     IQR approx dnorm pnorm quantile sd
    Consider adding
     importFrom("stats", "IQR", "approx", "dnorm", "pnorm", "quantile",
     "sd")
    to your NAMESPACE file.
Flavors: r-devel-linux-x86_64-debian-clang, r-devel-linux-x86_64-debian-gcc, r-devel-linux-x86_64-fedora-clang, r-devel-linux-x86_64-fedora-gcc, r-devel-macos-x86_64-clang, r-devel-windows-ix86+x86_64, r-patched-linux-x86_64, r-patched-solaris-sparc, r-patched-solaris-x86, r-release-linux-x86_64, r-release-osx-x86_64-mavericks, r-release-windows-ix86+x86_64

Version: 1.2
Check: DESCRIPTION meta-information
Result: NOTE
    Malformed Title field: should not end in a period.
Flavor: r-oldrel-windows-ix86+x86_64