CRAN Package Check Results for Package kernelFactory

Last updated on 2015-05-25 23:47:26.

Flavor Version Tinstall Tcheck Ttotal Status Flags
r-devel-linux-x86_64-debian-clang 0.2.1 1.70 21.15 22.85 OK
r-devel-linux-x86_64-debian-gcc 0.2.1 1.34 21.30 22.64 OK
r-devel-linux-x86_64-fedora-clang 0.2.1 23.96 OK
r-devel-linux-x86_64-fedora-gcc 0.2.1 22.99 OK
r-devel-osx-x86_64-clang 0.2.1 42.22 OK
r-devel-windows-ix86+x86_64 0.2.1 4.00 34.00 38.00 OK
r-patched-linux-x86_64 0.2.1 1.30 20.80 22.10 OK
r-patched-solaris-sparc 0.2.1 247.20 OK
r-patched-solaris-x86 0.2.1 50.10 OK
r-release-linux-x86_64 0.2.1 1.35 21.58 22.94 OK
r-release-osx-x86_64-mavericks 0.2.1 OK
r-release-osx-x86_64-snowleopard 0.2.0 NOTE
r-release-windows-ix86+x86_64 0.2.1 6.00 35.00 41.00 OK
r-oldrel-windows-ix86+x86_64 0.2.1 6.00 41.00 47.00 OK

Check Details

Version: 0.2.0
Check: DESCRIPTION meta-information
Result: NOTE
    Malformed Description field: should contain one or more complete sentences.
Flavor: r-release-osx-x86_64-snowleopard