CRAN Package Check Results for Package kernelFactory

Last updated on 2015-07-30 15:48:15.

Flavor Version Tinstall Tcheck Ttotal Status Flags
r-devel-linux-x86_64-debian-clang 0.2.2 1.30 21.31 22.61 NOTE
r-devel-linux-x86_64-debian-gcc 0.2.2 1.34 20.23 21.56 NOTE
r-devel-linux-x86_64-fedora-clang 0.2.2 44.18 NOTE
r-devel-linux-x86_64-fedora-gcc 0.2.2 41.83 NOTE
r-devel-osx-x86_64-clang 0.2.2 36.67 OK
r-devel-windows-ix86+x86_64 0.2.2 6.00 53.00 59.00 NOTE
r-patched-linux-x86_64 0.2.2 1.84 20.30 22.14 OK
r-patched-solaris-sparc 0.2.2 283.20 OK
r-patched-solaris-x86 0.2.2 61.60 OK
r-release-linux-x86_64 0.2.2 1.40 19.90 21.30 OK
r-release-osx-x86_64-mavericks 0.2.2 OK
r-release-windows-ix86+x86_64 0.2.2 6.00 46.00 52.00 OK
r-oldrel-windows-ix86+x86_64 0.2.2 8.00 44.00 52.00 OK

Check Details

Version: 0.2.2
Check: R code for possible problems
Result: NOTE
    kernelFactory: no visible global function definition for ‘runif’
    kernelFactory: no visible binding for global variable ‘na.omit’
    Undefined global functions or variables:
     na.omit runif
    Consider adding
     importFrom("stats", "na.omit", "runif")
    to your NAMESPACE.
Flavors: r-devel-linux-x86_64-debian-clang, r-devel-linux-x86_64-debian-gcc, r-devel-linux-x86_64-fedora-clang, r-devel-linux-x86_64-fedora-gcc, r-devel-windows-ix86+x86_64