CRAN Package Check Results for Package kernelFactory

Last updated on 2015-04-18 23:50:12.

Flavor Version Tinstall Tcheck Ttotal Status Flags
r-devel-linux-x86_64-debian-clang 0.2.0 1.36 20.70 22.06 NOTE
r-devel-linux-x86_64-debian-gcc 0.2.0 1.27 20.85 22.12 NOTE
r-devel-linux-x86_64-fedora-clang 0.2.0 43.70 NOTE
r-devel-linux-x86_64-fedora-gcc 0.2.0 42.05 NOTE
r-devel-osx-x86_64-clang 0.2.0 41.24 NOTE
r-patched-linux-x86_64 0.2.0 1.36 21.35 22.70 NOTE
r-patched-solaris-sparc 0.2.0 275.50 NOTE
r-patched-solaris-x86 0.2.0 57.90 NOTE
r-release-linux-x86_64 0.2.0 1.44 20.22 21.66 NOTE
r-release-osx-x86_64-mavericks 0.2.0 NOTE
r-release-osx-x86_64-snowleopard 0.2.0 NOTE
r-release-windows-ix86+x86_64 0.2.0 4.00 39.00 43.00 NOTE
r-oldrel-windows-ix86+x86_64 0.2.0 7.00 50.00 57.00 OK

Check Details

Version: 0.2.0
Check: DESCRIPTION meta-information
Result: NOTE
    Malformed Description field: should contain one or more complete sentences.
Flavors: r-devel-linux-x86_64-debian-clang, r-devel-linux-x86_64-debian-gcc, r-devel-linux-x86_64-fedora-clang, r-devel-linux-x86_64-fedora-gcc, r-devel-osx-x86_64-clang, r-patched-linux-x86_64, r-patched-solaris-sparc, r-patched-solaris-x86, r-release-linux-x86_64, r-release-osx-x86_64-mavericks, r-release-osx-x86_64-snowleopard, r-release-windows-ix86+x86_64