CRAN Package Check Results for Package kernelFactory

Last updated on 2015-08-29 13:48:13.

Flavor Version Tinstall Tcheck Ttotal Status Flags
r-devel-linux-x86_64-debian-clang 0.2.2 1.32 19.99 21.31 NOTE
r-devel-linux-x86_64-debian-gcc 0.2.2 1.51 19.23 20.74 NOTE
r-devel-linux-x86_64-fedora-clang 0.2.2 41.75 NOTE
r-devel-linux-x86_64-fedora-gcc 0.2.2 40.42 NOTE
r-devel-osx-x86_64-clang 0.2.2 37.00 OK
r-devel-windows-ix86+x86_64 0.2.2 8.00 38.00 46.00 NOTE
r-patched-linux-x86_64 0.2.2 1.32 20.40 21.71 OK
r-patched-solaris-sparc 0.2.2 283.20 OK
r-patched-solaris-x86 0.2.2 64.20 OK
r-release-linux-x86_64 0.2.2 1.41 21.00 22.41 OK
r-release-osx-x86_64-mavericks 0.2.2 OK
r-release-windows-ix86+x86_64 0.2.2 6.00 52.00 58.00 OK
r-oldrel-windows-ix86+x86_64 0.2.2 8.00 49.00 57.00 OK

Check Details

Version: 0.2.2
Check: R code for possible problems
Result: NOTE
    kernelFactory: no visible global function definition for ‘runif’
    kernelFactory: no visible binding for global variable ‘na.omit’
    Undefined global functions or variables:
     na.omit runif
    Consider adding
     importFrom("stats", "na.omit", "runif")
    to your NAMESPACE.
Flavors: r-devel-linux-x86_64-debian-clang, r-devel-linux-x86_64-debian-gcc, r-devel-linux-x86_64-fedora-clang, r-devel-linux-x86_64-fedora-gcc, r-devel-windows-ix86+x86_64