CRAN Package Check Results for Package kernelFactory

Last updated on 2015-03-04 19:50:20.

Flavor Version Tinstall Tcheck Ttotal Status Flags
r-devel-linux-x86_64-debian-clang 0.2.0 1.36 20.66 22.02 NOTE
r-devel-linux-x86_64-debian-gcc 0.2.0 1.29 21.29 22.58 NOTE
r-devel-linux-x86_64-fedora-clang 0.2.0 43.97 NOTE
r-devel-linux-x86_64-fedora-gcc 0.2.0 42.73 NOTE
r-devel-osx-x86_64-clang 0.2.0 42.52 NOTE
r-devel-windows-ix86+x86_64 0.2.0 5.00 33.00 38.00 NOTE
r-patched-linux-x86_64 0.2.0 1.94 26.05 27.99 OK
r-patched-solaris-sparc 0.2.0 355.40 OK
r-patched-solaris-x86 0.2.0 75.60 OK
r-release-linux-ix86 0.2.0 2.43 32.08 34.51 OK
r-release-linux-x86_64 0.2.0 2.38 26.26 28.63 OK
r-release-osx-x86_64-mavericks 0.2.0 OK
r-release-osx-x86_64-snowleopard 0.2.0 OK
r-release-windows-ix86+x86_64 0.2.0 6.00 41.00 47.00 OK
r-oldrel-windows-ix86+x86_64 0.2.0 6.00 37.00 43.00 OK

Check Details

Version: 0.2.0
Check: DESCRIPTION meta-information
Result: NOTE
    Malformed Description field: should contain one or more complete sentences.
Flavors: r-devel-linux-x86_64-debian-clang, r-devel-linux-x86_64-debian-gcc, r-devel-linux-x86_64-fedora-clang, r-devel-linux-x86_64-fedora-gcc, r-devel-osx-x86_64-clang, r-devel-windows-ix86+x86_64