CRAN Package Check Results for Package kernlab

Last updated on 2017-08-24 02:48:14.

Flavor Version Tinstall Tcheck Ttotal Status Flags
r-devel-linux-x86_64-debian-clang 0.9-25 12.75 92.32 105.08 NOTE
r-devel-linux-x86_64-debian-gcc 0.9-25 12.43 90.58 103.01 NOTE
r-devel-linux-x86_64-fedora-clang 0.9-25 196.31 NOTE
r-devel-linux-x86_64-fedora-gcc 0.9-25 189.47 NOTE
r-devel-windows-ix86+x86_64 0.9-25 56.00 190.00 246.00 OK
r-patched-linux-x86_64 0.9-25 12.02 90.48 102.50 NOTE
r-patched-solaris-x86 0.9-25 238.10 OK
r-release-linux-x86_64 0.9-25 11.75 90.21 101.96 NOTE
r-release-windows-ix86+x86_64 0.9-25 57.00 199.00 256.00 OK
r-release-osx-x86_64 0.9-25 NOTE
r-oldrel-windows-ix86+x86_64 0.9-25 119.00 185.00 304.00 OK
r-oldrel-osx-x86_64 0.9-25 NOTE

Check Details

Version: 0.9-25
Check: compiled code
Result: NOTE
    File ‘kernlab/libs/kernlab.so’:
     Found no calls to: ‘R_registerRoutines’, ‘R_useDynamicSymbols’
    
    It is good practice to register native routines and to disable symbol
    search.
    
    See ‘Writing portable packages’ in the ‘Writing R Extensions’ manual.
Flavors: r-devel-linux-x86_64-debian-clang, r-devel-linux-x86_64-debian-gcc, r-devel-linux-x86_64-fedora-clang, r-devel-linux-x86_64-fedora-gcc, r-patched-linux-x86_64, r-release-linux-x86_64

Version: 0.9-25
Check: re-building of vignette outputs
Result: NOTE
    Error in re-building vignettes:
     ...
    Error in texi2dvi(file = file, pdf = TRUE, clean = clean, quiet = quiet, :
     Running 'texi2dvi' on 'kernlab.tex' failed.
    LaTeX errors:
    ! LaTeX Error: File `a4wide.sty' not found.
    
    Type X to quit or <RETURN> to proceed,
    or enter new name. (Default extension: sty)
    
    ! Emergency stop.
    <read *>
    
    l.18 \RequirePackage
     [T1]{fontenc}^^M
    ! ==> Fatal error occurred, no output PDF file produced!
    Calls: buildVignettes -> texi2pdf -> texi2dvi
    Execution halted
Flavor: r-release-osx-x86_64

Version: 0.9-25
Check: re-building of vignette outputs
Result: NOTE
    Error in re-building vignettes:
     ...
     input string 238 is invalid in this locale
    Warning in grepl("(Rerun to get|biblatex.*\\(re\\)run)", readLines(log, :
     input string 244 is invalid in this locale
    Error in texi2dvi(file = file, pdf = TRUE, clean = clean, quiet = quiet, :
     Running 'texi2dvi' on 'kernlab.tex' failed.
    LaTeX errors:
    ! Undefined control sequence.
    l.15 x<9c><ed>\<cd>
     k^^[G^^[^^?<ec>dc'U<a5>^^N-.u<ba><b2><bb>E<b8><88>e<a3>V^^P<b0>!<dd>^^F<ab><84>^ғo=<e4><a4><d0>C^^O=<e5>VBo<f9>^^C^^...
    The control sequence at the end of the top line
    of your error message was never \def'ed. If you have
    ! LaTeX Error: Missing \begin{document}.
    
    See the LaTeX manual or LaTeX Companion for explanation.
    Type H <return> for immediate help.
     ...
    ! Extra }, or forgotten \endgroup.
    l.17 ...<f7>}^^Lb<9a>f<9c>5<9f><b8>~<fd>zL<f2><d6><d6><d6>^^XcCCC+++^^_|<f0><c1><fa><fa>z6<9b>}
     <f0><e0><c1><e8><e8><a8><e7>yO<9e><<f1><<8f><88><d2><e9><f4><da><da><da>ŋ^^W...
    I've deleted a group-closing symbol because it seems to be
    spurious, as in `$x}$'. But perhaps the } is legitimate and
    ! Extra }, or forgotten \endgroup.
    l.17 ...O<9e><<f1><<8f><88><d2><e9><f4><da><da
    Calls: buildVignettes -> texi2pdf -> texi2dvi
    Execution halted
Flavor: r-oldrel-osx-x86_64