CRAN Package Check Results for Package kernlab

Last updated on 2014-07-23 22:47:02.

Flavor Version Tinstall Tcheck Ttotal Status Flags
r-devel-linux-x86_64-debian-clang 0.9-19 9.48 81.96 91.44 OK
r-devel-linux-x86_64-debian-gcc 0.9-19 11.91 78.44 90.35 OK
r-devel-linux-x86_64-fedora-clang 0.9-19 212.29 OK
r-devel-linux-x86_64-fedora-gcc 0.9-19 197.27 OK
r-devel-osx-x86_64-clang 0.9-19 155.39 OK
r-devel-windows-ix86+x86_64 0.9-19 53.00 158.00 211.00 OK
r-patched-linux-x86_64 0.9-19 12.00 79.79 91.79 OK
r-patched-solaris-sparc 0.9-19 1069.30 OK
r-patched-solaris-x86 0.9-19 253.70 OK
r-release-linux-ix86 0.9-19 15.52 103.48 119.01 OK
r-release-linux-x86_64 0.9-19 12.46 80.25 92.71 OK
r-release-osx-x86_64-mavericks 0.9-19 NOTE
r-release-osx-x86_64-snowleopard 0.9-19 NOTE
r-release-windows-ix86+x86_64 0.9-19 63.00 166.00 229.00 OK
r-oldrel-windows-ix86+x86_64 0.9-19 49.00 172.00 221.00 OK

Memtest notes: UBSAN valgrind

Check Details

Version: 0.9-19
Check: re-building of vignette outputs
Result: NOTE
    Error in re-building vignettes:
     ...
    Error in texi2dvi(file = file, pdf = TRUE, clean = clean, quiet = quiet, :
     Running 'texi2dvi' on 'kernlab.tex' failed.
    LaTeX errors:
    ! LaTeX Error: File `a4wide.sty' not found.
    
    Type X to quit or <RETURN> to proceed,
    or enter new name. (Default extension: sty)
    
    ./A.cls:18: ==> Fatal error occurred, no output PDF file produced!
    Calls: buildVignettes -> texi2pdf -> texi2dvi
    Execution halted
Flavor: r-release-osx-x86_64-mavericks

Version: 0.9-19
Check: re-building of vignette outputs
Result: NOTE
    Error in re-building vignettes:
     ...
    Error in texi2dvi(file = file, pdf = TRUE, clean = clean, quiet = quiet, :
     Running 'texi2dvi' on 'kernlab.tex' failed.
    Messages:
    sh: gs: command not found
    !!! Error: Closing Ghostscript (exit status: 127)!
    /usr/bin/texi2dvi: thumbpdf exited with bad status, quitting.
    Calls: buildVignettes -> texi2pdf -> texi2dvi
    Execution halted
Flavor: r-release-osx-x86_64-snowleopard