Last updated on 2023-09-26 08:04:16 CEST.
Flavor | Version | Tinstall | Tcheck | Ttotal | Status | Flags |
---|---|---|---|---|---|---|
r-devel-linux-x86_64-debian-clang | 0.0.2 | 11.57 | 125.91 | 137.48 | NOTE | |
r-devel-linux-x86_64-debian-gcc | 0.0.2 | 8.82 | 96.03 | 104.85 | NOTE | |
r-devel-linux-x86_64-fedora-clang | 0.0.2 | 169.78 | NOTE | |||
r-devel-linux-x86_64-fedora-gcc | 0.0.2 | 189.42 | NOTE | |||
r-devel-windows-x86_64 | 0.0.2 | 11.00 | 125.00 | 136.00 | NOTE | |
r-patched-linux-x86_64 | 0.0.2 | 9.60 | 121.51 | 131.11 | NOTE | |
r-release-linux-x86_64 | 0.0.2 | 8.09 | 124.63 | 132.72 | NOTE | |
r-release-macos-arm64 | 0.0.2 | 70.00 | NOTE | |||
r-release-macos-x86_64 | 0.0.2 | 100.00 | NOTE | |||
r-release-windows-x86_64 | 0.0.2 | 13.00 | 130.00 | 143.00 | NOTE | |
r-oldrel-macos-arm64 | 0.0.2 | 175.00 | OK | |||
r-oldrel-macos-x86_64 | 0.0.2 | 140.00 | OK | |||
r-oldrel-windows-x86_64 | 0.0.2 | 15.00 | 132.00 | 147.00 | OK |
Version: 0.0.2
Check: Rd \usage sections
Result: NOTE
S3 methods shown with full name in documentation object 'bw.abram.temp':
‘bw.abram.temp’
The \usage entries for S3 methods should use the \method markup and not
their full name.
See chapter ‘Writing R documentation files’ in the ‘Writing R
Extensions’ manual.
Flavors: r-devel-linux-x86_64-debian-clang, r-devel-linux-x86_64-debian-gcc, r-devel-linux-x86_64-fedora-clang, r-devel-linux-x86_64-fedora-gcc, r-devel-windows-x86_64, r-patched-linux-x86_64, r-release-linux-x86_64, r-release-macos-arm64, r-release-macos-x86_64, r-release-windows-x86_64