CRAN Package Check Results for Package keyATM

Last updated on 2020-08-12 19:49:55 CEST.

Flavor Version Tinstall Tcheck Ttotal Status Flags
r-devel-linux-x86_64-debian-clang 0.3.1 0.33 2.27 2.60 ERROR
r-devel-linux-x86_64-debian-gcc 0.3.1 158.42 96.38 254.80 OK
r-devel-linux-x86_64-fedora-clang 0.3.1 464.76 NOTE
r-devel-linux-x86_64-fedora-gcc 0.3.1 431.63 OK
r-devel-windows-ix86+x86_64 0.3.1 499.00 300.00 799.00 OK
r-patched-linux-x86_64 0.3.1 161.87 129.83 291.70 OK
r-patched-solaris-x86 0.3.1 411.90 OK
r-release-linux-x86_64 0.3.1 0.41 2.27 2.68 ERROR
r-release-macos-x86_64 0.3.1 NOTE
r-release-windows-ix86+x86_64 0.3.1 497.00 310.00 807.00 OK
r-oldrel-macos-x86_64 0.3.1 NOTE
r-oldrel-windows-ix86+x86_64 0.3.1 331.00 217.00 548.00 OK

Check Details

Version: 0.3.1
Check: package dependencies
Result: ERROR
    Package required but not available: 'tidyr'
    
    See section 'The DESCRIPTION file' in the 'Writing R Extensions'
    manual.
Flavors: r-devel-linux-x86_64-debian-clang, r-release-linux-x86_64

Version: 0.3.1
Check: installed package size
Result: NOTE
     installed size is 14.0Mb
     sub-directories of 1Mb or more:
     libs 13.6Mb
Flavors: r-devel-linux-x86_64-fedora-clang, r-release-macos-x86_64, r-oldrel-macos-x86_64