CRAN Package Check Results for Package keyholder

Last updated on 2024-06-13 03:49:22 CEST.

Flavor Version Tinstall Tcheck Ttotal Status Flags
r-devel-linux-x86_64-debian-clang 0.1.7 4.48 67.09 71.57 OK
r-devel-linux-x86_64-debian-gcc 0.1.7 0.32 1.82 2.14 ERROR
r-devel-linux-x86_64-fedora-clang 0.1.7 90.86 OK
r-devel-linux-x86_64-fedora-gcc 0.1.7 98.26 OK
r-devel-windows-x86_64 0.1.7 6.00 71.00 77.00 OK
r-patched-linux-x86_64 0.1.7 8.24 62.10 70.34 OK
r-release-linux-x86_64 0.1.7 4.34 64.84 69.18 OK
r-release-macos-arm64 0.1.7 34.00 OK
r-release-macos-x86_64 0.1.7 53.00 OK
r-release-windows-x86_64 0.1.7 7.00 70.00 77.00 OK
r-oldrel-macos-arm64 0.1.7 36.00 OK
r-oldrel-macos-x86_64 0.1.7 56.00 OK
r-oldrel-windows-x86_64 0.1.7 7.00 81.00 88.00 OK

Check Details

Version: 0.1.7
Check: package dependencies
Result: ERROR Packages required but not available: 'dplyr', 'tibble' Package suggested but not available for checking: ‘testthat’ See section ‘The DESCRIPTION file’ in the ‘Writing R Extensions’ manual. Flavor: r-devel-linux-x86_64-debian-gcc