CRAN Package Check Results for Package kfino

Last updated on 2023-03-28 01:53:08 CEST.

Flavor Version Tinstall Tcheck Ttotal Status Flags
r-devel-linux-x86_64-debian-clang 1.0.0 8.53 233.04 241.57 OK
r-devel-linux-x86_64-debian-gcc 1.0.0 7.19 179.53 186.72 OK
r-devel-linux-x86_64-fedora-clang 1.0.0 302.34 OK
r-devel-linux-x86_64-fedora-gcc 1.0.0 312.84 OK
r-patched-linux-x86_64 1.0.0 5.89 241.11 247.00 OK
r-release-linux-x86_64 1.0.0 6.71 237.94 244.65 OK
r-release-macos-arm64 1.0.0 69.00 ERROR
r-release-macos-x86_64 1.0.0 119.00 ERROR
r-release-windows-x86_64 1.0.0 23.00 274.00 297.00 OK
r-oldrel-macos-arm64 1.0.0 68.00 ERROR
r-oldrel-macos-x86_64 1.0.0 118.00 ERROR
r-oldrel-windows-ix86+x86_64 1.0.0 17.00 305.00 322.00 ERROR

Check Details

Version: 1.0.0
Check: PDF version of manual
Result: WARN
    LaTeX errors when creating PDF version.
    This typically indicates Rd problems.
    LaTeX errors found:
    ! Undefined control sequence.
    <argument> y \mapsto \text
     {doutlier}(y,K,\text {expertMin},\text {expertMax})
    l.80 ...(y,K,\text{expertMin},\text{expertMax})}{}
    
    ! Undefined control sequence.
    <argument> y \mapsto \text {doutlier}(y,K,\text
     {expertMin},\text {expertMax})
    l.80 ...(y,K,\text{expertMin},\text{expertMax})}{}
    
    ! Undefined control sequence.
    <argument> ...utlier}(y,K,\text {expertMin},\text
     {expertMax})
    l.80 ...(y,K,\text{expertMin},\text{expertMax})}{}
    
    ! Undefined control sequence.
    <argument> [\text
     {expertMin},\text {expertMax}]
    l.82 \eqn{[\text{expertMin},\text{expertMax}]}{}
     which is linear and verifies
    ! Undefined control sequence.
    <argument> [\text {expertMin},\text
     {expertMax}]
    l.82 \eqn{[\text{expertMin},\text{expertMax}]}{}
     which is linear and verifies
    ! Undefined control sequence.
    <recently read> \text
    
    l.84 ...},K,\text{expertMin},\text{expertMax}).}{}
    
    ! Undefined control sequence.
    <argument> \text {doutlier}(\text
     {expertMax},K,\text {expertMin},\text {exp...
    l.84 ...},K,\text{expertMin},\text{expertMax}).}{}
    
    ! Undefined control sequence.
    <argument> ...doutlier}(\text {expertMax},K,\text
     {expertMin},\text {expertM...
    l.84 ...},K,\text{expertMin},\text{expertMax}).}{}
    
    ! Undefined control sequence.
    <argument> ...xpertMax},K,\text {expertMin},\text
     {expertMax}) =K*\text {dou...
    l.84 ...},K,\text{expertMin},\text{expertMax}).}{}
    
    ! Undefined control sequence.
    <argument> ...ertMin},\text {expertMax}) =K*\text
     {doutlier}(\text {expertMi...
    l.84 ...},K,\text{expertMin},\text{expertMax}).}{}
    
    ! Undefined control sequence.
    <argument> ...pertMax}) =K*\text {doutlier}(\text
     {expertMin},K,\text {exper...
    l.84 ...},K,\text{expertMin},\text{expertMax}).}{}
    
    ! Undefined control sequence.
    <argument> ...doutlier}(\text {expertMin},K,\text
     {expertMin},\text {expertM...
    l.84 ...},K,\text{expertMin},\text{expertMax}).}{}
    
    ! Undefined control sequence.
    <argument> ...xpertMin},K,\text {expertMin},\text
     {expertMax}).
    l.84 ...},K,\text{expertMin},\text{expertMax}).}{}
Flavors: r-release-macos-arm64, r-release-macos-x86_64

Version: 1.0.0
Check: PDF version of manual without index
Result: ERROR
Flavors: r-release-macos-arm64, r-release-macos-x86_64

Version: 1.0.0
Check: PDF version of manual
Result: WARN
    LaTeX errors when creating PDF version.
    This typically indicates Rd problems.
    LaTeX errors found:
    ! Undefined control sequence.
    <argument> y \mapsto \text
     {doutlier}(y,K,\text {expertMin},\text {expertMax})
    l.78 ...(y,K,\text{expertMin},\text{expertMax})}{}
    
    ! Undefined control sequence.
    <argument> y \mapsto \text {doutlier}(y,K,\text
     {expertMin},\text {expertMax})
    l.78 ...(y,K,\text{expertMin},\text{expertMax})}{}
    
    ! Undefined control sequence.
    <argument> ...utlier}(y,K,\text {expertMin},\text
     {expertMax})
    l.78 ...(y,K,\text{expertMin},\text{expertMax})}{}
    
    ! Undefined control sequence.
    <argument> [\text
     {expertMin},\text {expertMax}]
    l.80 \eqn{[\text{expertMin},\text{expertMax}]}{}
     which is linear and verifies
    ! Undefined control sequence.
    <argument> [\text {expertMin},\text
     {expertMax}]
    l.80 \eqn{[\text{expertMin},\text{expertMax}]}{}
     which is linear and verifies
    ! Undefined control sequence.
    <recently read> \text
    
    l.82 ...},K,\text{expertMin},\text{expertMax}).}{}
    
    ! Undefined control sequence.
    <argument> \text {doutlier}(\text
     {expertMax},K,\text {expertMin},\text {exp...
    l.82 ...},K,\text{expertMin},\text{expertMax}).}{}
    
    ! Undefined control sequence.
    <argument> ...doutlier}(\text {expertMax},K,\text
     {expertMin},\text {expertM...
    l.82 ...},K,\text{expertMin},\text{expertMax}).}{}
    
    ! Undefined control sequence.
    <argument> ...xpertMax},K,\text {expertMin},\text
     {expertMax}) =K*\text {dou...
    l.82 ...},K,\text{expertMin},\text{expertMax}).}{}
    
    ! Undefined control sequence.
    <argument> ...ertMin},\text {expertMax}) =K*\text
     {doutlier}(\text {expertMi...
    l.82 ...},K,\text{expertMin},\text{expertMax}).}{}
    
    ! Undefined control sequence.
    <argument> ...pertMax}) =K*\text {doutlier}(\text
     {expertMin},K,\text {exper...
    l.82 ...},K,\text{expertMin},\text{expertMax}).}{}
    
    ! Undefined control sequence.
    <argument> ...doutlier}(\text {expertMin},K,\text
     {expertMin},\text {expertM...
    l.82 ...},K,\text{expertMin},\text{expertMax}).}{}
    
    ! Undefined control sequence.
    <argument> ...xpertMin},K,\text {expertMin},\text
     {expertMax}).
    l.82 ...},K,\text{expertMin},\text{expertMax}).}{}
Flavors: r-oldrel-macos-arm64, r-oldrel-macos-x86_64, r-oldrel-windows-ix86+x86_64

Version: 1.0.0
Check: PDF version of manual without hyperrefs or index
Result: ERROR
Flavors: r-oldrel-macos-arm64, r-oldrel-macos-x86_64, r-oldrel-windows-ix86+x86_64