CRAN Package Check Results for Package kgc

Last updated on 2019-06-18 00:51:41 CEST.

Flavor Version Tinstall Tcheck Ttotal Status Flags
r-devel-linux-x86_64-debian-clang 1.0.0.2 26.33 399.62 425.95 OK
r-devel-linux-x86_64-debian-gcc 1.0.0.2 25.22 251.15 276.37 OK
r-devel-linux-x86_64-fedora-clang 1.0.0.2 530.45 OK
r-devel-linux-x86_64-fedora-gcc 1.0.0.2 413.40 OK
r-devel-windows-ix86+x86_64 1.0.0.2 50.00 481.00 531.00 OK
r-patched-linux-x86_64 1.0.0.2 28.10 305.81 333.91 OK
r-patched-solaris-x86 1.0.0.2 350.70 WARN
r-release-linux-x86_64 1.0.0.2 25.96 302.01 327.97 OK
r-release-windows-ix86+x86_64 1.0.0.2 41.00 452.00 493.00 OK
r-release-osx-x86_64 1.0.0.2 OK
r-oldrel-windows-ix86+x86_64 1.0.0.2 34.00 450.00 484.00 OK
r-oldrel-osx-x86_64 1.0.0.2 OK

Check Details

Version: 1.0.0.2
Check: re-building of vignette outputs
Result: WARN
    Error(s) in re-building vignettes:
     ...
    --- re-building ‘kgc-fine.Rmd’ using rmarkdown
    Warning in engine$weave(file, quiet = quiet, encoding = enc) :
     Pandoc (>= 1.12.3) and/or pandoc-citeproc not available. Falling back to R Markdown v1.
    Loading required package: shiny
    Loading required package: shinythemes
    Loading required package: plyr
    Quitting from lines 37-53 (kgc-fine.Rmd)
    Error: processing vignette 'kgc-fine.Rmd' failed with diagnostics:
    cannot allocate vector of size 640.7 Mb
    --- failed re-building ‘kgc-fine.Rmd’
    
    --- re-building ‘kgc-vignette.Rmd’ using rmarkdown
    Warning in engine$weave(file, quiet = quiet, encoding = enc) :
     Pandoc (>= 1.12.3) and/or pandoc-citeproc not available. Falling back to R Markdown v1.
    Loading required package: shiny
    Loading required package: shinythemes
    Loading required package: plyr
    --- finished re-building ‘kgc-vignette.Rmd’
    
    SUMMARY: processing the following file failed:
     ‘kgc-fine.Rmd’
    
    Error: Vignette re-building failed.
    Execution halted
Flavor: r-patched-solaris-x86