CRAN Package Check Results for Package kgc

Last updated on 2019-08-26 11:48:47 CEST.

Flavor Version Tinstall Tcheck Ttotal Status Flags
r-devel-linux-x86_64-debian-clang 1.0.0.2 26.18 377.88 404.06 OK
r-devel-linux-x86_64-debian-gcc 1.0.0.2 22.52 225.92 248.44 OK
r-devel-linux-x86_64-fedora-clang 1.0.0.2 555.69 OK
r-devel-linux-x86_64-fedora-gcc 1.0.0.2 435.22 OK
r-devel-windows-ix86+x86_64 1.0.0.2 52.00 379.00 431.00 OK
r-patched-linux-x86_64 1.0.0.2 26.29 314.27 340.56 OK
r-patched-solaris-x86 1.0.0.2 340.40 WARN
r-release-linux-x86_64 1.0.0.2 26.14 292.86 319.00 OK
r-release-windows-ix86+x86_64 1.0.0.2 54.00 471.00 525.00 OK
r-release-osx-x86_64 1.0.0.2 OK
r-oldrel-windows-ix86+x86_64 1.0.0.2 48.00 449.00 497.00 OK
r-oldrel-osx-x86_64 1.0.0.2 OK

Check Details

Version: 1.0.0.2
Check: re-building of vignette outputs
Result: WARN
    Error(s) in re-building vignettes:
     ...
    --- re-building ‘kgc-fine.Rmd’ using rmarkdown
    Warning in engine$weave(file, quiet = quiet, encoding = enc) :
     Pandoc (>= 1.12.3) and/or pandoc-citeproc not available. Falling back to R Markdown v1.
    Loading required package: shiny
    Loading required package: shinythemes
    Loading required package: plyr
    Quitting from lines 37-53 (kgc-fine.Rmd)
    Error: processing vignette 'kgc-fine.Rmd' failed with diagnostics:
    cannot allocate vector of size 640.7 Mb
    --- failed re-building ‘kgc-fine.Rmd’
    
    --- re-building ‘kgc-vignette.Rmd’ using rmarkdown
    Warning in engine$weave(file, quiet = quiet, encoding = enc) :
     Pandoc (>= 1.12.3) and/or pandoc-citeproc not available. Falling back to R Markdown v1.
    Loading required package: shiny
    Loading required package: shinythemes
    Loading required package: plyr
    --- finished re-building ‘kgc-vignette.Rmd’
    
    SUMMARY: processing the following file failed:
     ‘kgc-fine.Rmd’
    
    Error: Vignette re-building failed.
    Execution halted
Flavor: r-patched-solaris-x86