CRAN Package Check Results for Package kgrams

Last updated on 2022-08-13 07:55:24 CEST.

Flavor Version Tinstall Tcheck Ttotal Status Flags
r-devel-linux-x86_64-debian-clang 0.1.2 116.38 144.52 260.90 OK
r-devel-linux-x86_64-debian-gcc 0.1.2 102.41 111.07 213.48 OK
r-devel-linux-x86_64-fedora-clang 0.1.2 358.60 NOTE
r-devel-linux-x86_64-fedora-gcc 0.1.2 361.24 NOTE
r-devel-windows-x86_64 0.1.2 159.00 212.00 371.00 OK
r-patched-linux-x86_64 0.1.2 112.15 137.54 249.69 OK
r-release-linux-x86_64 0.1.2 104.98 141.57 246.55 OK
r-release-macos-arm64 0.1.2 106.00 NOTE
r-release-macos-x86_64 0.1.2 125.00 NOTE
r-release-windows-x86_64 0.1.2 103.00 214.00 317.00 OK
r-oldrel-macos-arm64 0.1.2 122.00 NOTE
r-oldrel-macos-x86_64 0.1.2 120.00 NOTE
r-oldrel-windows-ix86+x86_64 0.1.2 266.00 236.00 502.00 OK

Check Details

Version: 0.1.2
Check: installed package size
Result: NOTE
     installed size is 13.0Mb
     sub-directories of 1Mb or more:
     libs 12.5Mb
Flavors: r-devel-linux-x86_64-fedora-clang, r-release-macos-arm64, r-release-macos-x86_64, r-oldrel-macos-arm64, r-oldrel-macos-x86_64

Version: 0.1.2
Check: dependencies in R code
Result: NOTE
    Namespace in Imports field not imported from: ‘RcppProgress’
     All declared Imports should be used.
Flavors: r-devel-linux-x86_64-fedora-clang, r-devel-linux-x86_64-fedora-gcc, r-release-macos-arm64, r-release-macos-x86_64, r-oldrel-macos-arm64, r-oldrel-macos-x86_64