CRAN Package Check Results for Package kin.cohort

Last updated on 2015-08-05 08:48:33.

Flavor Version Tinstall Tcheck Ttotal Status Flags
r-devel-linux-x86_64-debian-clang 0.6 0.58 45.07 45.65 NOTE
r-devel-linux-x86_64-debian-gcc 0.6 0.73 44.84 45.57 NOTE
r-devel-linux-x86_64-fedora-clang 0.6 82.43 NOTE
r-devel-linux-x86_64-fedora-gcc 0.6 77.78 NOTE
r-devel-osx-x86_64-clang 0.6 64.25 OK
r-devel-windows-ix86+x86_64 0.6 3.00 72.00 75.00 NOTE
r-patched-linux-x86_64 0.6 0.62 47.42 48.04 OK
r-patched-solaris-sparc 0.6 752.90 OK
r-patched-solaris-x86 0.6 136.70 OK
r-release-linux-x86_64 0.6 0.73 48.21 48.94 OK
r-release-osx-x86_64-mavericks 0.6 OK
r-release-windows-ix86+x86_64 0.6 4.00 68.00 72.00 OK
r-oldrel-windows-ix86+x86_64 0.6 6.00 97.00 103.00 OK

Check Details

Version: 0.6
Check: R code for possible problems
Result: NOTE
    kc.marginal: no visible global function definition for ‘complete.cases’
    kc.marginal: no visible global function definition for ‘pchisq’
    kc.moments: no visible global function definition for ‘complete.cases’
    kc.moments: no visible global function definition for ‘relevel’
    kc.moments : moments: no visible global function definition for
     ‘pchisq’
    kc.simul: no visible global function definition for ‘rpois’
    kc.simul: no visible global function definition for ‘rnorm’
    kc.simul: no visible global function definition for ‘rweibull’
    kc.simul: no visible global function definition for ‘rbinom’
    kc.simul : family: no visible global function definition for ‘rnorm’
    kc.simul : family: no visible global function definition for ‘rbinom’
    kc.simul : family: no visible global function definition for ‘rweibull’
    plot.kin.cohort: no visible global function definition for ‘lines’
    plot.kin.cohort: no visible global function definition for ‘plot’
    plot.kin.cohort: no visible global function definition for ‘legend’
    plot.kin.cohort: no visible global function definition for ‘abline’
    plot.kin.cohort.boot: no visible global function definition for ‘lines’
    plot.kin.cohort.boot: no visible global function definition for ‘plot’
    plot.kin.cohort.boot: no visible global function definition for
     ‘legend’
    plot.kin.cohort.boot: no visible global function definition for
     ‘abline’
    print.kin.cohort.boot : boot.ci: no visible global function definition
     for ‘qnorm’
    print.kin.cohort.boot: no visible binding for global variable ‘median’
    print.kin.cohort.boot : <anonymous>: no visible global function
     definition for ‘median’
    Undefined global functions or variables:
     abline complete.cases legend lines median pchisq plot qnorm rbinom
     relevel rnorm rpois rweibull
    Consider adding
     importFrom("graphics", "abline", "legend", "lines", "plot")
     importFrom("stats", "complete.cases", "median", "pchisq", "qnorm",
     "rbinom", "relevel", "rnorm", "rpois", "rweibull")
    to your NAMESPACE.
Flavors: r-devel-linux-x86_64-debian-clang, r-devel-linux-x86_64-debian-gcc, r-devel-linux-x86_64-fedora-clang, r-devel-linux-x86_64-fedora-gcc, r-devel-windows-ix86+x86_64