CRAN Package Check Results for Package kinship2

Last updated on 2014-11-01 01:47:59.

Flavor Version Tinstall Tcheck Ttotal Status Flags
r-devel-linux-x86_64-debian-clang 1.6.0 3.70 69.95 73.66 OK
r-devel-linux-x86_64-debian-gcc 1.6.0 3.62 67.52 71.14 OK
r-devel-linux-x86_64-fedora-clang 1.6.0 172.44 OK
r-devel-linux-x86_64-fedora-gcc 1.6.0 170.59 OK
r-devel-osx-x86_64-clang 1.6.0 137.98 OK
r-devel-windows-ix86+x86_64 1.6.0 9.00 91.00 100.00 OK
r-patched-linux-x86_64 1.6.0 3.82 72.16 75.98 OK
r-patched-solaris-sparc 1.6.0 933.50 OK
r-patched-solaris-x86 1.6.0 228.40 OK
r-release-linux-ix86 1.6.0 4.79 86.84 91.63 OK
r-release-linux-x86_64 1.6.0 3.83 71.44 75.27 NOTE
r-release-osx-x86_64-mavericks 1.6.0 OK
r-release-osx-x86_64-snowleopard 1.6.0 OK
r-release-windows-ix86+x86_64 1.6.0 10.00 104.00 114.00 OK
r-oldrel-windows-ix86+x86_64 1.6.0 10.00 93.00 103.00 OK

Check Details

Version: 1.6.0
Check: top-level files
Result: NOTE
    Non-standard file/directory found at top level:
     ‘noweb’
Flavor: r-release-linux-x86_64