CRAN Package Check Results for Package kinship2

Last updated on 2015-03-01 03:48:37.

Flavor Version Tinstall Tcheck Ttotal Status Flags
r-devel-linux-x86_64-debian-clang 1.6.0 3.21 62.55 65.76 NOTE
r-devel-linux-x86_64-debian-gcc 1.6.0 2.91 62.94 65.86 NOTE
r-devel-linux-x86_64-fedora-clang 1.6.0 136.42 NOTE
r-devel-linux-x86_64-fedora-gcc 1.6.0 130.24 NOTE
r-devel-osx-x86_64-clang 1.6.0 112.55 NOTE
r-devel-windows-ix86+x86_64 1.6.0 11.00 84.00 95.00 NOTE
r-patched-linux-x86_64 1.6.0 4.09 76.49 80.58 OK
r-patched-solaris-sparc 1.6.0 973.50 OK
r-patched-solaris-x86 1.6.0 240.70 OK
r-release-linux-ix86 1.6.0 4.88 85.29 90.17 OK
r-release-linux-x86_64 1.6.0 4.19 72.46 76.65 OK
r-release-osx-x86_64-mavericks 1.6.0 OK
r-release-osx-x86_64-snowleopard 1.6.0 OK
r-release-windows-ix86+x86_64 1.6.0 8.00 106.00 114.00 OK
r-oldrel-windows-ix86+x86_64 1.6.0 10.00 105.00 115.00 OK

Check Details

Version: 1.6.0
Check: DESCRIPTION meta-information
Result: NOTE
    Malformed Description field: should contain one or more complete sentences.
Flavors: r-devel-linux-x86_64-debian-clang, r-devel-linux-x86_64-debian-gcc, r-devel-linux-x86_64-fedora-clang, r-devel-linux-x86_64-fedora-gcc, r-devel-osx-x86_64-clang, r-devel-windows-ix86+x86_64

Version: 1.6.0
Check: S3 generic/method consistency
Result: NOTE
    Found the following apparent S3 methods exported but not registered:
     kinship.default
    See section ‘Registering S3 methods’ in the ‘Writing R Extensions’
    manual.
Flavors: r-devel-linux-x86_64-debian-clang, r-devel-linux-x86_64-debian-gcc, r-devel-linux-x86_64-fedora-clang, r-devel-linux-x86_64-fedora-gcc, r-devel-osx-x86_64-clang