CRAN Package Check Results for Package kinship2

Last updated on 2014-04-23 17:47:46.

Flavor Version Tinstall Tcheck Ttotal Status Flags
r-devel-linux-x86_64-debian-clang 1.5.7 3.99 74.68 78.67 OK
r-devel-linux-x86_64-debian-gcc 1.5.7 3.91 75.24 79.15 OK
r-devel-linux-x86_64-fedora-clang 1.5.7 180.35 NOTE
r-devel-linux-x86_64-fedora-gcc 1.5.7 173.43 NOTE
r-devel-osx-x86_64-clang 1.5.7 127.30 OK
r-devel-osx-x86_64-gcc 1.5.7 OK
r-devel-windows-ix86+x86_64 1.5.7 11.00 99.00 110.00 OK
r-patched-linux-x86_64 1.5.7 3.95 74.52 78.47 OK
r-patched-solaris-sparc 1.5.7 899.70 OK
r-patched-solaris-x86 1.5.7 227.60 OK
r-release-linux-ix86 1.5.7 6.00 113.00 119.00 OK
r-release-linux-x86_64 1.5.7 3.98 75.02 78.99 OK
r-release-osx-x86_64-mavericks 1.5.7 WARN
r-release-osx-x86_64-snowleopard 1.5.7 OK
r-release-windows-ix86+x86_64 1.5.7 9.00 104.00 113.00 OK
r-oldrel-windows-ix86+x86_64 1.5.7 11.00 94.00 105.00 OK

Check Details

Version: 1.5.7
Check: top-level files
Result: NOTE
    Non-standard file/directory found at top level:
     ‘noweb’
Flavors: r-devel-linux-x86_64-fedora-clang, r-devel-linux-x86_64-fedora-gcc

Version: 1.5.7
Check: PDF version of manual
Result: WARNING
    LaTeX errors when creating PDF version.
    This typically indicates Rd problems.
    LaTeX errors found:
    ! LaTeX Error: File `upquote.sty' not found.
    
    Type X to quit or <RETURN> to proceed,
    or enter new name. (Default extension: sty)
    
    39fba8bc/Rd2.tex:8: ==> Fatal error occurred, no output PDF file produced!
Flavor: r-release-osx-x86_64-mavericks