CRAN Package Check Results for Package kinship2

Last updated on 2014-10-01 01:47:53.

Flavor Version Tinstall Tcheck Ttotal Status Flags
r-devel-linux-x86_64-debian-clang 1.6.0 3.68 68.19 71.87 OK
r-devel-linux-x86_64-debian-gcc 1.6.0 3.58 68.46 72.04 OK
r-devel-linux-x86_64-fedora-clang 1.6.0 176.34 OK
r-devel-linux-x86_64-fedora-gcc 1.6.0 166.01 OK
r-devel-osx-x86_64-clang 1.6.0 130.21 OK
r-devel-windows-ix86+x86_64 1.6.0 9.00 98.00 107.00 OK
r-patched-linux-x86_64 1.6.0 4.06 74.31 78.37 OK
r-patched-solaris-sparc 1.6.0 933.50 OK
r-patched-solaris-x86 1.6.0 232.80 OK
r-release-linux-ix86 1.6.0 4.87 87.03 91.90 OK
r-release-linux-x86_64 1.6.0 3.88 71.98 75.86 NOTE
r-release-osx-x86_64-mavericks 1.6.0 OK
r-release-osx-x86_64-snowleopard 1.6.0 OK
r-release-windows-ix86+x86_64 1.6.0 9.00 105.00 114.00 OK
r-oldrel-windows-ix86+x86_64 1.6.0 10.00 95.00 105.00 OK

Check Details

Version: 1.6.0
Check: top-level files
Result: NOTE
    Non-standard file/directory found at top level:
     ‘noweb’
Flavor: r-release-linux-x86_64