CRAN Package Check Results for Package kinship2

Last updated on 2014-09-22 17:47:13.

Flavor Version Tinstall Tcheck Ttotal Status Flags
r-devel-linux-x86_64-debian-clang 1.6.0 3.67 68.38 72.06 OK
r-devel-linux-x86_64-debian-gcc 1.6.0 4.07 67.24 71.31 OK
r-devel-linux-x86_64-fedora-clang 1.6.0 174.31 OK
r-devel-linux-x86_64-fedora-gcc 1.6.0 162.25 OK
r-devel-osx-x86_64-clang 1.6.0 133.05 OK
r-devel-windows-ix86+x86_64 1.6.0 10.00 97.00 107.00 OK
r-patched-linux-x86_64 1.6.0 3.98 72.15 76.13 OK
r-patched-solaris-sparc 1.6.0 933.50 OK
r-patched-solaris-x86 1.6.0 230.80 OK
r-release-linux-ix86 1.6.0 4.80 86.81 91.61 OK
r-release-linux-x86_64 1.6.0 3.84 71.27 75.11 NOTE
r-release-osx-x86_64-mavericks 1.6.0 OK
r-release-osx-x86_64-snowleopard 1.6.0 OK
r-release-windows-ix86+x86_64 1.6.0 10.00 100.00 110.00 OK
r-oldrel-windows-ix86+x86_64 1.6.0 10.00 94.00 104.00 OK

Check Details

Version: 1.6.0
Check: top-level files
Result: NOTE
    Non-standard file/directory found at top level:
     ‘noweb’
Flavor: r-release-linux-x86_64