CRAN Package Check Results for Package kinship2

Last updated on 2015-01-30 09:54:22.

Flavor Version Tinstall Tcheck Ttotal Status Flags
r-devel-linux-x86_64-debian-clang 1.6.0 3.87 65.98 69.85 NOTE
r-devel-linux-x86_64-debian-gcc 1.6.0 3.43 64.95 68.38 NOTE
r-devel-linux-x86_64-fedora-clang 1.6.0 179.16 NOTE
r-devel-linux-x86_64-fedora-gcc 1.6.0 165.23 NOTE
r-devel-osx-x86_64-clang 1.6.0 139.47 NOTE
r-devel-windows-ix86+x86_64 1.6.0 12.00 96.00 108.00 OK
r-patched-linux-x86_64 1.6.0 3.88 72.34 76.22 OK
r-patched-solaris-sparc 1.6.0 973.50 OK
r-patched-solaris-x86 1.6.0 233.70 OK
r-release-linux-ix86 1.6.0 4.52 83.57 88.08 OK
r-release-linux-x86_64 1.6.0 3.85 71.57 75.42 OK
r-release-osx-x86_64-mavericks 1.6.0 OK
r-release-osx-x86_64-snowleopard 1.6.0 OK
r-release-windows-ix86+x86_64 1.6.0 9.00 107.00 116.00 OK
r-oldrel-windows-ix86+x86_64 1.6.0 9.00 95.00 104.00 OK

Check Details

Version: 1.6.0
Check: S3 generic/method consistency
Result: NOTE
    Found the following apparent S3 methods exported but not registered:
     kinship.default
    See section ‘Registering S3 methods’ in the ‘Writing R Extensions’
    manual.
Flavors: r-devel-linux-x86_64-debian-clang, r-devel-linux-x86_64-debian-gcc, r-devel-linux-x86_64-fedora-clang, r-devel-linux-x86_64-fedora-gcc, r-devel-osx-x86_64-clang