CRAN Package Check Results for Package kinship2

Last updated on 2015-04-01 13:48:17.

Flavor Version Tinstall Tcheck Ttotal Status Flags
r-devel-linux-x86_64-debian-clang 1.6.0 2.95 61.80 64.75 NOTE
r-devel-linux-x86_64-debian-gcc 1.6.0 2.93 62.20 65.12 NOTE
r-devel-linux-x86_64-fedora-clang 1.6.0 133.95 NOTE
r-devel-linux-x86_64-fedora-gcc 1.6.0 142.42 NOTE
r-devel-osx-x86_64-clang 1.6.0 121.72 NOTE
r-prerel-windows-ix86+x86_64 1.6.0 11.00 88.00 99.00 NOTE
r-prerel-linux-x86_64 1.6.0 2.97 60.45 63.42 NOTE
r-prerel-solaris-sparc 1.6.0 784.00 NOTE
r-prerel-solaris-x86 1.6.0 181.20 NOTE
r-release-linux-x86_64 1.6.0 3.88 76.98 80.85 OK
r-release-osx-x86_64-mavericks 1.6.0 OK
r-release-osx-x86_64-snowleopard 1.6.0 OK
r-release-windows-ix86+x86_64 1.6.0 10.00 108.00 118.00 OK
r-oldrel-windows-ix86+x86_64 1.6.0 11.00 98.00 109.00 OK

Check Details

Version: 1.6.0
Check: DESCRIPTION meta-information
Result: NOTE
    Malformed Description field: should contain one or more complete sentences.
Flavors: r-devel-linux-x86_64-debian-clang, r-devel-linux-x86_64-debian-gcc, r-devel-linux-x86_64-fedora-clang, r-devel-linux-x86_64-fedora-gcc, r-devel-osx-x86_64-clang, r-prerel-windows-ix86+x86_64, r-prerel-linux-x86_64, r-prerel-solaris-sparc, r-prerel-solaris-x86

Version: 1.6.0
Check: S3 generic/method consistency
Result: NOTE
    Found the following apparent S3 methods exported but not registered:
     kinship.default
    See section ‘Registering S3 methods’ in the ‘Writing R Extensions’
    manual.
Flavors: r-devel-linux-x86_64-debian-clang, r-devel-linux-x86_64-debian-gcc, r-devel-linux-x86_64-fedora-clang, r-devel-linux-x86_64-fedora-gcc, r-devel-osx-x86_64-clang, r-prerel-linux-x86_64