CRAN Package Check Results for Package kinship2

Last updated on 2015-08-02 06:47:59.

Flavor Version Tinstall Tcheck Ttotal Status Flags
r-devel-linux-x86_64-debian-clang 1.6.0 3.08 61.33 64.41 NOTE
r-devel-linux-x86_64-debian-gcc 1.6.0 3.44 59.83 63.28 NOTE
r-devel-linux-x86_64-fedora-clang 1.6.0 130.28 NOTE
r-devel-linux-x86_64-fedora-gcc 1.6.0 127.94 NOTE
r-devel-osx-x86_64-clang 1.6.0 105.10 NOTE
r-devel-windows-ix86+x86_64 1.6.0 9.00 103.00 112.00 NOTE
r-patched-linux-x86_64 1.6.0 3.28 60.82 64.10 NOTE
r-patched-solaris-sparc 1.6.0 814.40 NOTE
r-patched-solaris-x86 1.6.0 183.80 NOTE
r-release-linux-x86_64 1.6.0 2.94 59.07 62.02 NOTE
r-release-osx-x86_64-mavericks 1.6.0 NOTE
r-release-windows-ix86+x86_64 1.6.0 11.00 117.00 128.00 NOTE
r-oldrel-windows-ix86+x86_64 1.6.0 13.00 119.00 132.00 OK

Check Details

Version: 1.6.0
Check: DESCRIPTION meta-information
Result: NOTE
    Malformed Description field: should contain one or more complete sentences.
Flavors: r-devel-linux-x86_64-debian-clang, r-devel-linux-x86_64-debian-gcc, r-devel-linux-x86_64-fedora-clang, r-devel-linux-x86_64-fedora-gcc, r-devel-osx-x86_64-clang, r-devel-windows-ix86+x86_64, r-patched-linux-x86_64, r-patched-solaris-sparc, r-patched-solaris-x86, r-release-linux-x86_64, r-release-osx-x86_64-mavericks, r-release-windows-ix86+x86_64

Version: 1.6.0
Check: S3 generic/method consistency
Result: NOTE
    Found the following apparent S3 methods exported but not registered:
     kinship.default
    See section ‘Registering S3 methods’ in the ‘Writing R Extensions’
    manual.
Flavors: r-devel-linux-x86_64-debian-clang, r-devel-linux-x86_64-debian-gcc, r-devel-linux-x86_64-fedora-clang, r-devel-linux-x86_64-fedora-gcc, r-devel-osx-x86_64-clang, r-patched-linux-x86_64, r-patched-solaris-sparc, r-patched-solaris-x86, r-release-linux-x86_64

Version: 1.6.0
Check: R code for possible problems
Result: NOTE
    besthint: no visible global function definition for ‘runif’
    findAvailAffected: no visible global function definition for ‘runif’
    kinship.pedigreeList: no visible global function definition for ‘as’
    oldkinship.pedigreeList: no visible global function definition for ‘as’
    pedigree.legend: no visible global function definition for ‘plot.new’
    pedigree.legend: no visible global function definition for ‘par’
    pedigree.legend: no visible global function definition for
     ‘plot.window’
    pedigree.legend: no visible global function definition for ‘polygon’
    pedigree.legend: no visible global function definition for ‘lines’
    pedigree.legend: no visible global function definition for ‘text’
    pedigree.unrelated: no visible global function definition for ‘runif’
    plot.pedigree: no visible global function definition for ‘frame’
    plot.pedigree: no visible global function definition for ‘par’
    plot.pedigree: no visible global function definition for ‘strwidth’
    plot.pedigree: no visible global function definition for ‘strheight’
    plot.pedigree : drawbox: no visible global function definition for
     ‘polygon’
    plot.pedigree : drawbox: no visible global function definition for
     ‘points’
    plot.pedigree : drawbox: no visible global function definition for
     ‘segments’
    plot.pedigree: no visible global function definition for ‘text’
    plot.pedigree: no visible global function definition for ‘segments’
    plot.pedigree : arcconnect: no visible global function definition for
     ‘lines’
    plot.pedigree.shrink: no visible global function definition for ‘plot’
    plot.pedigree.shrink: no visible global function definition for
     ‘legend’
    Undefined global functions or variables:
     as frame legend lines par plot plot.new plot.window points polygon
     runif segments strheight strwidth text
    Consider adding
     importFrom("graphics", "frame", "legend", "lines", "par", "plot",
     "plot.new", "plot.window", "points", "polygon", "segments",
     "strheight", "strwidth", "text")
     importFrom("methods", "as")
     importFrom("stats", "runif")
    to your NAMESPACE.
Flavors: r-devel-linux-x86_64-debian-clang, r-devel-linux-x86_64-debian-gcc, r-devel-linux-x86_64-fedora-clang, r-devel-linux-x86_64-fedora-gcc, r-devel-windows-ix86+x86_64