CRAN Package Check Results for Package kinship2

Last updated on 2015-05-30 23:46:58.

Flavor Version Tinstall Tcheck Ttotal Status Flags
r-devel-linux-x86_64-debian-clang 1.6.0 3.52 63.26 66.78 NOTE
r-devel-linux-x86_64-debian-gcc 1.6.0 3.32 61.47 64.78 NOTE
r-devel-linux-x86_64-fedora-clang 1.6.0 132.00 NOTE
r-devel-linux-x86_64-fedora-gcc 1.6.0 127.91 NOTE
r-devel-osx-x86_64-clang 1.6.0 111.07 NOTE
r-devel-windows-ix86+x86_64 1.6.0 9.00 89.00 98.00 NOTE
r-patched-linux-x86_64 1.6.0 2.92 61.19 64.10 NOTE
r-patched-solaris-sparc 1.6.0 803.60 NOTE
r-patched-solaris-x86 1.6.0 188.00 NOTE
r-release-linux-x86_64 1.6.0 3.10 61.02 64.12 NOTE
r-release-osx-x86_64-mavericks 1.6.0 NOTE
r-release-osx-x86_64-snowleopard 1.6.0 NOTE
r-release-windows-ix86+x86_64 1.6.0 9.00 94.00 103.00 NOTE
r-oldrel-windows-ix86+x86_64 1.6.0 9.00 135.00 144.00 OK

Check Details

Version: 1.6.0
Check: DESCRIPTION meta-information
Result: NOTE
    Malformed Description field: should contain one or more complete sentences.
Flavors: r-devel-linux-x86_64-debian-clang, r-devel-linux-x86_64-debian-gcc, r-devel-linux-x86_64-fedora-clang, r-devel-linux-x86_64-fedora-gcc, r-devel-osx-x86_64-clang, r-devel-windows-ix86+x86_64, r-patched-linux-x86_64, r-patched-solaris-sparc, r-patched-solaris-x86, r-release-linux-x86_64, r-release-osx-x86_64-mavericks, r-release-osx-x86_64-snowleopard, r-release-windows-ix86+x86_64

Version: 1.6.0
Check: S3 generic/method consistency
Result: NOTE
    Found the following apparent S3 methods exported but not registered:
     kinship.default
    See section ‘Registering S3 methods’ in the ‘Writing R Extensions’
    manual.
Flavors: r-devel-linux-x86_64-debian-clang, r-devel-linux-x86_64-debian-gcc, r-devel-linux-x86_64-fedora-clang, r-devel-linux-x86_64-fedora-gcc, r-devel-osx-x86_64-clang, r-patched-linux-x86_64, r-patched-solaris-sparc, r-patched-solaris-x86, r-release-linux-x86_64