CRAN Package Check Results for Package kintone

Last updated on 2015-07-07 03:47:42.

Flavor Version Tinstall Tcheck Ttotal Status Flags
r-devel-linux-x86_64-debian-clang 0.1.1 1.17 33.64 34.81 NOTE
r-devel-linux-x86_64-debian-gcc 0.1.1 1.15 32.75 33.90 NOTE
r-devel-linux-x86_64-fedora-clang 0.1.1 28.54 NOTE
r-devel-linux-x86_64-fedora-gcc 0.1.1 26.81 NOTE
r-devel-osx-x86_64-clang 0.1.1 44.43 OK
r-devel-windows-ix86+x86_64 0.1.1 3.00 52.00 55.00 NOTE
r-patched-linux-x86_64 0.1.1 1.00 35.00 36.00 OK
r-patched-solaris-sparc 0.1.1 192.40 OK
r-patched-solaris-x86 0.1.1 45.00 OK
r-release-linux-x86_64 0.1.1 0.93 32.43 33.36 OK
r-release-osx-x86_64-mavericks 0.1.1 OK
r-release-windows-ix86+x86_64 0.1.1 4.00 36.00 40.00 OK
r-oldrel-windows-ix86+x86_64 0.1.1 5.00 43.00 48.00 OK

Check Details

Version: 0.1.1
Check: R code for possible problems
Result: NOTE
    .getRecords: no visible global function definition for ‘URLencode’
    Undefined global functions or variables:
     URLencode
Flavors: r-devel-linux-x86_64-debian-clang, r-devel-linux-x86_64-debian-gcc, r-devel-linux-x86_64-fedora-clang, r-devel-linux-x86_64-fedora-gcc, r-devel-windows-ix86+x86_64