CRAN Package Check Results for Package kintone

Last updated on 2015-03-31 03:48:33.

Flavor Version Tinstall Tcheck Ttotal Status Flags
r-devel-linux-x86_64-debian-clang 0.1.1 0.94 32.28 33.22 OK
r-devel-linux-x86_64-debian-gcc 0.1.1 0.92 31.53 32.46 OK
r-devel-linux-x86_64-fedora-clang 0.1.1 16.50 OK
r-devel-linux-x86_64-fedora-gcc 0.1.1 31.95 OK
r-devel-osx-x86_64-clang 0.1.1 50.95 OK
r-prerel-windows-ix86+x86_64 0.1.1 5.00 57.00 62.00 ERROR
r-prerel-linux-x86_64 0.1.1 0.94 31.74 32.68 OK
r-prerel-solaris-sparc 0.1.1 175.80 OK
r-prerel-solaris-x86 0.1.1 43.60 OK
r-release-linux-x86_64 0.1.1 1.12 34.34 35.46 OK
r-release-osx-x86_64-mavericks 0.1.1 OK
r-release-osx-x86_64-snowleopard 0.1.1 OK
r-release-windows-ix86+x86_64 0.1.1 5.00 43.00 48.00 OK
r-oldrel-windows-ix86+x86_64 0.1.1 5.00 41.00 46.00 OK

Check Details

Version: 0.1.1
Check: examples
Result: ERROR
    Running examples in 'kintone-Ex.R' failed
    The error most likely occurred in:
    
    > ### Name: uploadFile
    > ### Title: upload a file
    > ### Aliases: uploadFile
    >
    > ### ** Examples
    >
    > ################################################################
    > #
    > # Upload a file
    > #
    > ################################################################
    > # build text file for upload example
    > xml <- getURL(url="http://76.79.48.112/data.xml")
    Error in function (type, msg, asError = TRUE) :
     Failed to connect to 76.79.48.112 port 80: Timed out
    Calls: getURL -> curlPerform -> .Call -> <Anonymous> -> fun
    Execution halted
Flavor: r-prerel-windows-ix86+x86_64