CRAN Package Check Results for Package kintone

Last updated on 2016-02-11 02:48:08.

Flavor Version Tinstall Tcheck Ttotal Status Flags
r-devel-linux-x86_64-debian-gcc 0.1.1 0.95 157.51 158.45 ERROR
r-devel-linux-x86_64-fedora-clang 0.1.1 26.89 NOTE
r-devel-linux-x86_64-fedora-gcc 0.1.1 14.94 ERROR
r-devel-osx-x86_64-clang 0.1.1 42.50 NOTE
r-devel-windows-ix86+x86_64 0.1.1 4.00 38.00 42.00 NOTE
r-patched-linux-x86_64 0.1.1 1.04 33.38 34.43 OK
r-patched-solaris-sparc 0.1.1 151.40 OK
r-patched-solaris-x86 0.1.1 38.30 OK
r-release-linux-x86_64 0.1.1 1.12 159.74 160.86 ERROR
r-release-osx-x86_64-mavericks 0.1.1 OK
r-release-windows-ix86+x86_64 0.1.1 4.00 36.00 40.00 OK
r-oldrel-windows-ix86+x86_64 0.1.1 5.00 43.00 48.00 OK

Check Details

Version: 0.1.1
Check: R code for possible problems
Result: NOTE
    .getRecords: no visible global function definition for ‘URLencode’
    Undefined global functions or variables:
     URLencode
    Consider adding
     importFrom("utils", "URLencode")
    to your NAMESPACE file.
Flavors: r-devel-linux-x86_64-debian-gcc, r-devel-linux-x86_64-fedora-clang, r-devel-linux-x86_64-fedora-gcc, r-devel-osx-x86_64-clang, r-devel-windows-ix86+x86_64

Version: 0.1.1
Check: examples
Result: ERROR
    Running examples in ‘kintone-Ex.R’ failed
    The error most likely occurred in:
    
    > ### Name: uploadFile
    > ### Title: upload a file
    > ### Aliases: uploadFile
    >
    > ### ** Examples
    >
    > ################################################################
    > #
    > # Upload a file
    > #
    > ################################################################
    > # build text file for upload example
    > xml <- getURL(url="http://76.79.48.112/data.xml")
    Error in function (type, msg, asError = TRUE) :
     Failed to connect to 76.79.48.112 port 80: Connection timed out
    Calls: getURL -> curlPerform -> .Call -> <Anonymous> -> fun
    Execution halted
Flavors: r-devel-linux-x86_64-debian-gcc, r-devel-linux-x86_64-fedora-gcc, r-release-linux-x86_64