CRAN Package Check Results for Package kintone

Last updated on 2014-07-24 14:48:43.

Flavor Version Tinstall Tcheck Ttotal Status Flags
r-devel-linux-x86_64-debian-clang 0.1.1 1.14 161.46 162.61 ERROR
r-devel-linux-x86_64-debian-gcc 0.1.1 1.08 36.75 37.83 OK
r-devel-linux-x86_64-fedora-clang 0.1.1 38.54 OK
r-devel-linux-x86_64-fedora-gcc 0.1.1 34.08 OK
r-devel-osx-x86_64-clang 0.1.1 37.79 OK
r-devel-windows-ix86+x86_64 0.1.1 5.00 43.00 48.00 OK
r-patched-linux-x86_64 0.1.1 1.10 37.11 38.20 OK
r-patched-solaris-sparc 0.1.1 184.80 OK
r-patched-solaris-x86 0.1.1 50.10 OK
r-release-linux-ix86 0.1.1 1.50 43.72 45.21 OK
r-release-linux-x86_64 0.1.1 1.14 37.05 38.20 OK
r-release-osx-x86_64-mavericks 0.1.1 OK
r-release-osx-x86_64-snowleopard 0.1.1 OK
r-release-windows-ix86+x86_64 0.1.1 6.00 43.00 49.00 OK
r-oldrel-windows-ix86+x86_64 0.1.1 5.00 47.00 52.00 OK

Check Details

Version: 0.1.1
Check: examples
Result: ERROR
    Running examples in ‘kintone-Ex.R’ failed
    The error most likely occurred in:
    
    > ### Name: uploadFile
    > ### Title: upload a file
    > ### Aliases: uploadFile
    >
    > ### ** Examples
    >
    > ################################################################
    > #
    > # Upload a file
    > #
    > ################################################################
    > # build text file for upload example
    > xml <- getURL(url="http://76.79.48.112/data.xml")
    Error in function (type, msg, asError = TRUE) :
     Failed to connect to 76.79.48.112 port 80: Connection timed out
    Calls: getURL -> curlPerform -> .Call -> <Anonymous> -> fun
    Execution halted
Flavor: r-devel-linux-x86_64-debian-clang