CRAN Package Check Results for Package kintone

Last updated on 2015-08-04 16:48:32.

Flavor Version Tinstall Tcheck Ttotal Status Flags
r-devel-linux-x86_64-debian-clang 0.1.1 0.93 34.20 35.13 NOTE
r-devel-linux-x86_64-debian-gcc 0.1.1 0.88 33.06 33.94 NOTE
r-devel-linux-x86_64-fedora-clang 0.1.1 29.47 NOTE
r-devel-linux-x86_64-fedora-gcc 0.1.1 28.37 NOTE
r-devel-osx-x86_64-clang 0.1.1 47.48 OK
r-devel-windows-ix86+x86_64 0.1.1 3.00 40.00 43.00 NOTE
r-patched-linux-x86_64 0.1.1 0.94 32.73 33.66 OK
r-patched-solaris-sparc 0.1.1 190.10 OK
r-patched-solaris-x86 0.1.1 44.60 OK
r-release-linux-x86_64 0.1.1 0.96 32.67 33.63 OK
r-release-osx-x86_64-mavericks 0.1.1 OK
r-release-windows-ix86+x86_64 0.1.1 4.00 36.00 40.00 OK
r-oldrel-windows-ix86+x86_64 0.1.1 5.00 43.00 48.00 OK

Check Details

Version: 0.1.1
Check: R code for possible problems
Result: NOTE
    .getRecords: no visible global function definition for ‘URLencode’
    Undefined global functions or variables:
     URLencode
    Consider adding
     importFrom("utils", "URLencode")
    to your NAMESPACE.
Flavors: r-devel-linux-x86_64-debian-clang, r-devel-linux-x86_64-debian-gcc, r-devel-linux-x86_64-fedora-clang, r-devel-linux-x86_64-fedora-gcc, r-devel-windows-ix86+x86_64