CRAN Package Check Results for Package kissmig

Last updated on 2017-12-14 17:48:35 CET.

Flavor Version Tinstall Tcheck Ttotal Status Flags
r-devel-linux-x86_64-debian-clang 1.0-3 3.72 38.04 41.76 FAIL
r-devel-linux-x86_64-debian-gcc 1.0-3 3.38 33.59 36.97 FAIL
r-devel-linux-x86_64-fedora-clang 1.0-3 58.98 NOTE
r-devel-linux-x86_64-fedora-gcc 1.0-3 58.28 NOTE
r-devel-windows-ix86+x86_64 1.0-3 17.00 76.00 93.00 NOTE
r-patched-linux-x86_64 1.0-3 3.75 49.14 52.89 NOTE
r-patched-solaris-x86 1.0-3 89.60 NOTE
r-release-linux-x86_64 1.0-3 4.06 49.29 53.35 NOTE
r-release-windows-ix86+x86_64 1.0-3 12.00 112.00 124.00 NOTE
r-release-osx-x86_64 1.0-3 NOTE
r-oldrel-windows-ix86+x86_64 1.0-3 13.00 87.00 100.00 NOTE
r-oldrel-osx-x86_64 1.0-3 NOTE

Check Details

Version: 1.0-3
Check: R code for possible problems
Result: NOTE
    kissmigDummyS: no visible global function definition for ‘dnorm’
    Undefined global functions or variables:
     dnorm
    Consider adding
     importFrom("stats", "dnorm")
    to your NAMESPACE file.
Flavors: r-devel-linux-x86_64-debian-clang, r-devel-linux-x86_64-debian-gcc, r-devel-linux-x86_64-fedora-clang, r-devel-linux-x86_64-fedora-gcc, r-devel-windows-ix86+x86_64, r-patched-linux-x86_64, r-patched-solaris-x86, r-release-linux-x86_64, r-release-windows-ix86+x86_64, r-release-osx-x86_64, r-oldrel-windows-ix86+x86_64, r-oldrel-osx-x86_64

Version: 1.0-3
Check: pragmas in C/C++ headers and code
Result: FAIL
    
Flavors: r-devel-linux-x86_64-debian-clang, r-devel-linux-x86_64-debian-gcc

Version: 1.0-3
Check: compiled code
Result: NOTE
    File ‘kissmig/libs/kissmig.so’:
     Found no calls to: ‘R_registerRoutines’, ‘R_useDynamicSymbols’
    
    It is good practice to register native routines and to disable symbol
    search.
    
    See ‘Writing portable packages’ in the ‘Writing R Extensions’ manual.
Flavors: r-devel-linux-x86_64-fedora-clang, r-devel-linux-x86_64-fedora-gcc, r-patched-linux-x86_64, r-release-linux-x86_64