CRAN Package Check Results for Package kissmig

Last updated on 2017-10-20 20:46:24.

Flavor Version Tinstall Tcheck Ttotal Status Flags
r-devel-linux-x86_64-debian-clang 1.0-3 2.96 30.23 33.19 NOTE
r-devel-linux-x86_64-debian-gcc 1.0-3 3.42 31.97 35.39 NOTE
r-devel-linux-x86_64-fedora-clang 1.0-3 67.76 NOTE
r-devel-linux-x86_64-fedora-gcc 1.0-3 66.49 NOTE
r-devel-windows-ix86+x86_64 1.0-3 17.00 98.00 115.00 NOTE
r-patched-linux-x86_64 1.0-3 2.95 30.57 33.52 NOTE
r-patched-solaris-x86 1.0-3 90.70 NOTE
r-release-linux-x86_64 1.0-3 2.94 30.99 33.94 NOTE
r-release-windows-ix86+x86_64 1.0-3 14.00 77.00 91.00 NOTE
r-release-osx-x86_64 1.0-3 NOTE
r-oldrel-windows-ix86+x86_64 1.0-3 8.00 97.00 105.00 NOTE
r-oldrel-osx-x86_64 1.0-3 NOTE

Check Details

Version: 1.0-3
Check: R code for possible problems
Result: NOTE
    kissmigDummyS: no visible global function definition for ‘dnorm’
    Undefined global functions or variables:
     dnorm
    Consider adding
     importFrom("stats", "dnorm")
    to your NAMESPACE file.
Flavors: r-devel-linux-x86_64-debian-clang, r-devel-linux-x86_64-debian-gcc, r-devel-linux-x86_64-fedora-clang, r-devel-linux-x86_64-fedora-gcc, r-devel-windows-ix86+x86_64, r-patched-linux-x86_64, r-patched-solaris-x86, r-release-linux-x86_64, r-release-windows-ix86+x86_64, r-release-osx-x86_64, r-oldrel-windows-ix86+x86_64, r-oldrel-osx-x86_64

Version: 1.0-3
Check: compiled code
Result: NOTE
    File ‘kissmig/libs/kissmig.so’:
     Found no calls to: ‘R_registerRoutines’, ‘R_useDynamicSymbols’
    
    It is good practice to register native routines and to disable symbol
    search.
    
    See ‘Writing portable packages’ in the ‘Writing R Extensions’ manual.
Flavors: r-devel-linux-x86_64-debian-clang, r-devel-linux-x86_64-debian-gcc, r-devel-linux-x86_64-fedora-clang, r-devel-linux-x86_64-fedora-gcc, r-patched-linux-x86_64, r-release-linux-x86_64