CRAN Package Check Results for Package kissmig

Last updated on 2018-07-20 09:48:50 CEST.

Flavor Version Tinstall Tcheck Ttotal Status Flags
r-devel-linux-x86_64-debian-clang 1.0-3 3.83 51.43 55.26 NOTE
r-devel-linux-x86_64-debian-gcc 1.0-3 4.28 45.20 49.48 NOTE
r-devel-linux-x86_64-fedora-clang 1.0-3 69.77 NOTE
r-devel-linux-x86_64-fedora-gcc 1.0-3 66.51 NOTE
r-devel-windows-ix86+x86_64 1.0-3 10.00 114.00 124.00 NOTE
r-patched-linux-x86_64 1.0-3 3.66 46.06 49.72 NOTE
r-patched-solaris-x86 1.0-3 95.40 NOTE
r-release-linux-x86_64 1.0-3 4.58 46.08 50.66 NOTE
r-release-windows-ix86+x86_64 1.0-3 14.00 79.00 93.00 NOTE
r-release-osx-x86_64 1.0-3 NOTE
r-oldrel-windows-ix86+x86_64 1.0-3 13.00 73.00 86.00 NOTE
r-oldrel-osx-x86_64 1.0-3 NOTE

Check Details

Version: 1.0-3
Check: R code for possible problems
Result: NOTE
    kissmigDummyS: no visible global function definition for ‘dnorm’
    Undefined global functions or variables:
     dnorm
    Consider adding
     importFrom("stats", "dnorm")
    to your NAMESPACE file.
Flavors: r-devel-linux-x86_64-debian-clang, r-devel-linux-x86_64-debian-gcc, r-devel-linux-x86_64-fedora-clang, r-devel-linux-x86_64-fedora-gcc, r-devel-windows-ix86+x86_64, r-patched-linux-x86_64, r-patched-solaris-x86, r-release-linux-x86_64, r-release-windows-ix86+x86_64, r-release-osx-x86_64, r-oldrel-windows-ix86+x86_64, r-oldrel-osx-x86_64

Version: 1.0-3
Check: compiled code
Result: NOTE
    File ‘kissmig/libs/kissmig.so’:
     Found no calls to: ‘R_registerRoutines’, ‘R_useDynamicSymbols’
    
    It is good practice to register native routines and to disable symbol
    search.
    
    See ‘Writing portable packages’ in the ‘Writing R Extensions’ manual.
Flavors: r-devel-linux-x86_64-debian-clang, r-devel-linux-x86_64-debian-gcc, r-devel-linux-x86_64-fedora-clang, r-devel-linux-x86_64-fedora-gcc, r-patched-linux-x86_64, r-release-linux-x86_64