CRAN Package Check Results for Package kitagawa

Last updated on 2014-11-22 20:46:56.

Flavor Version Tinstall Tcheck Ttotal Status Flags
r-devel-linux-x86_64-debian-clang 2.1-0 2.28 30.10 32.38 OK
r-devel-linux-x86_64-debian-gcc 2.1-0 2.07 28.82 30.88 OK
r-devel-linux-x86_64-fedora-clang 2.1-0 70.77 OK
r-devel-linux-x86_64-fedora-gcc 2.1-0 65.95 OK
r-devel-osx-x86_64-clang 2.1-0 67.79 OK
r-devel-windows-ix86+x86_64 2.1-0 7.00 91.00 98.00 OK
r-patched-linux-x86_64 2.1-0 2.60 30.91 33.51 OK
r-patched-solaris-sparc 2.1-0 408.30 OK
r-patched-solaris-x86 2.1-0 86.90 OK
r-release-linux-ix86 2.1-0 2.70 38.26 40.95 OK
r-release-linux-x86_64 2.1-0 2.26 30.68 32.94 OK
r-release-osx-x86_64-mavericks 2.1-0 OK
r-release-osx-x86_64-snowleopard 2.1-0 ERROR
r-release-windows-ix86+x86_64 2.1-0 9.00 63.00 72.00 OK
r-oldrel-windows-ix86+x86_64 2.1-0 7.00 65.00 72.00 OK

Check Details

Version: 2.1-0
Check: R code for possible problems
Result: NOTE
    Error in dyn.load(file, DLLpath = DLLpath, ...) :
     unable to load shared object '/Volumes/XT3/Builds/R-dev-web/QA/Simon/packages/snowleopard-x86_64/Rlib/3.1/signal/libs/signal.so':
     dlopen(/Volumes/XT3/Builds/R-dev-web/QA/Simon/packages/snowleopard-x86_64/Rlib/3.1/signal/libs/signal.so, 6): Library not loaded: /Library/Frameworks/R.framework/Versions/3.1/Resources/lib/libgfortran.2.dylib
     Referenced from: /Volumes/XT3/Builds/R-dev-web/QA/Simon/packages/snowleopard-x86_64/Rlib/3.1/signal/libs/signal.so
     Reason: image not found
Flavor: r-release-osx-x86_64-snowleopard

Version: 2.1-0
Check: running R code from vignettes
Result: ERROR
    Errors in running code in vignettes:
    when running code in ‘ResponseModels.Rnw’
     ...
    Loading required package: MASS
    Error in dyn.load(file, DLLpath = DLLpath, ...) :
     unable to load shared object '/Volumes/XT3/Builds/R-dev-web/QA/Simon/packages/snowleopard-x86_64/Rlib/3.1/signal/libs/signal.so':
     dlopen(/Volumes/XT3/Builds/R-dev-web/QA/Simon/packages/snowleopard-x86_64/Rlib/3.1/signal/libs/signal.so, 6): Library not loaded: /Library/Frameworks/R.framework/Versions/3.1/Resources/lib/libgfortran.2.dylib
     Referenced from: /Volumes/XT3/Builds/R-dev-web/QA/Simon/packages/snowleopard-x86_64/Rlib/3.1/signal/libs/signal.so
     Reason: image not found
    
     When sourcing ‘ResponseModels.R’:
    Error: package or namespace load failed for ‘signal’
    Execution halted
Flavor: r-release-osx-x86_64-snowleopard