CRAN Package Check Results for Package kitagawa

Last updated on 2014-04-25 05:47:18.

Flavor Version Tinstall Tcheck Ttotal Status Flags
r-devel-linux-x86_64-debian-clang 2.1-0 2.33 31.61 33.94 OK
r-devel-linux-x86_64-debian-gcc 2.1-0 2.29 32.31 34.60 OK
r-devel-linux-x86_64-fedora-clang 2.1-0 73.77 OK
r-devel-linux-x86_64-fedora-gcc 2.1-0 70.80 OK
r-devel-osx-x86_64-clang 2.1-0 61.84 OK
r-devel-osx-x86_64-gcc 2.1-0 NOTE
r-devel-windows-ix86+x86_64 2.1-0 7.00 77.00 84.00 OK
r-patched-linux-x86_64 2.1-0 2.24 31.35 33.59 OK
r-patched-solaris-sparc 2.1-0 396.10 OK
r-patched-solaris-x86 2.1-0 89.10 OK
r-release-linux-ix86 2.1-0 3.00 56.00 59.00 OK
r-release-linux-x86_64 2.1-0 2.29 32.21 34.50 OK
r-release-osx-x86_64-mavericks 2.1-0 OK
r-release-osx-x86_64-snowleopard 2.1-0 ERROR
r-release-windows-ix86+x86_64 2.1-0 7.00 63.00 70.00 OK
r-oldrel-windows-ix86+x86_64 2.1-0 6.00 63.00 69.00 OK

Check Details

Version: 2.1-0
Check: package dependencies
Result: NOTE
    Package suggested but not available for checking: ‘knitr’
    
    Files named as vignettes but with no recognized vignette engine:
     ‘inst/doc/ResponseModels.Rnw’
    (Is a VignetteBuilder field missing?)
Flavor: r-devel-osx-x86_64-gcc

Version: 2.1-0
Check: R code for possible problems
Result: NOTE
    Error in dyn.load(file, DLLpath = DLLpath, ...) :
     unable to load shared object '/Volumes/XT3/Builds/R-dev-web/QA/Simon/packages/snowleopard-x86_64/Rlib/3.1/signal/libs/signal.so':
     dlopen(/Volumes/XT3/Builds/R-dev-web/QA/Simon/packages/snowleopard-x86_64/Rlib/3.1/signal/libs/signal.so, 6): Library not loaded: /Library/Frameworks/R.framework/Versions/3.1/Resources/lib/libgfortran.2.dylib
     Referenced from: /Volumes/XT3/Builds/R-dev-web/QA/Simon/packages/snowleopard-x86_64/Rlib/3.1/signal/libs/signal.so
     Reason: image not found
Flavor: r-release-osx-x86_64-snowleopard

Version: 2.1-0
Check: running R code from vignettes
Result: ERROR
    Errors in running code in vignettes:
    when running code in ‘ResponseModels.Rnw’
     ...
    Loading required package: MASS
    Error in dyn.load(file, DLLpath = DLLpath, ...) :
     unable to load shared object '/Volumes/XT3/Builds/R-dev-web/QA/Simon/packages/snowleopard-x86_64/Rlib/3.1/signal/libs/signal.so':
     dlopen(/Volumes/XT3/Builds/R-dev-web/QA/Simon/packages/snowleopard-x86_64/Rlib/3.1/signal/libs/signal.so, 6): Library not loaded: /Library/Frameworks/R.framework/Versions/3.1/Resources/lib/libgfortran.2.dylib
     Referenced from: /Volumes/XT3/Builds/R-dev-web/QA/Simon/packages/snowleopard-x86_64/Rlib/3.1/signal/libs/signal.so
     Reason: image not found
    
     When sourcing ‘ResponseModels.R’:
    Error: package or namespace load failed for ‘signal’
    Execution halted
Flavor: r-release-osx-x86_64-snowleopard