CRAN Package Check Results for Package kitagawa

Last updated on 2015-04-01 02:48:18.

Flavor Version Tinstall Tcheck Ttotal Status Flags
r-devel-linux-x86_64-debian-clang 2.1-0 1.50 24.44 25.94 OK
r-devel-linux-x86_64-debian-gcc 2.1-0 1.48 23.50 24.98 OK
r-devel-linux-x86_64-fedora-clang 2.1-0 54.03 OK
r-devel-linux-x86_64-fedora-gcc 2.1-0 57.26 OK
r-devel-osx-x86_64-clang 2.1-0 61.05 OK
r-prerel-windows-ix86+x86_64 2.1-0 6.00 48.00 54.00 OK
r-prerel-linux-x86_64 2.1-0 1.46 23.38 24.84 OK
r-prerel-solaris-sparc 2.1-0 348.70 OK
r-prerel-solaris-x86 2.1-0 70.00 OK
r-release-linux-x86_64 2.1-0 2.24 31.24 33.48 OK
r-release-osx-x86_64-mavericks 2.1-0 OK
r-release-osx-x86_64-snowleopard 2.1-0 ERROR
r-release-windows-ix86+x86_64 2.1-0 6.00 73.00 79.00 OK
r-oldrel-windows-ix86+x86_64 2.1-0 7.00 66.00 73.00 OK

Check Details

Version: 2.1-0
Check: R code for possible problems
Result: NOTE
    Error in dyn.load(file, DLLpath = DLLpath, ...) :
     unable to load shared object '/Volumes/XT3/Builds/R-dev-web/QA/Simon/packages/snowleopard-x86_64/Rlib/3.1/signal/libs/signal.so':
     dlopen(/Volumes/XT3/Builds/R-dev-web/QA/Simon/packages/snowleopard-x86_64/Rlib/3.1/signal/libs/signal.so, 6): Library not loaded: /Library/Frameworks/R.framework/Versions/3.1/Resources/lib/libgfortran.2.dylib
     Referenced from: /Volumes/XT3/Builds/R-dev-web/QA/Simon/packages/snowleopard-x86_64/Rlib/3.1/signal/libs/signal.so
     Reason: image not found
Flavor: r-release-osx-x86_64-snowleopard

Version: 2.1-0
Check: running R code from vignettes
Result: ERROR
    Errors in running code in vignettes:
    when running code in ‘ResponseModels.Rnw’
     ...
    Loading required package: MASS
    Error in dyn.load(file, DLLpath = DLLpath, ...) :
     unable to load shared object '/Volumes/XT3/Builds/R-dev-web/QA/Simon/packages/snowleopard-x86_64/Rlib/3.1/signal/libs/signal.so':
     dlopen(/Volumes/XT3/Builds/R-dev-web/QA/Simon/packages/snowleopard-x86_64/Rlib/3.1/signal/libs/signal.so, 6): Library not loaded: /Library/Frameworks/R.framework/Versions/3.1/Resources/lib/libgfortran.2.dylib
     Referenced from: /Volumes/XT3/Builds/R-dev-web/QA/Simon/packages/snowleopard-x86_64/Rlib/3.1/signal/libs/signal.so
     Reason: image not found
    
     When sourcing ‘ResponseModels.R’:
    Error: package or namespace load failed for ‘signal’
    Execution halted
Flavor: r-release-osx-x86_64-snowleopard