CRAN Package Check Results for Package kitagawa

Last updated on 2017-03-24 23:55:50.

Flavor Version Tinstall Tcheck Ttotal Status Flags
r-devel-linux-x86_64-debian-clang 2.1-0 0.73 19.18 19.91 NOTE
r-devel-linux-x86_64-debian-gcc 2.1-0 0.71 18.77 19.48 NOTE
r-devel-linux-x86_64-fedora-clang 2.1-0 42.70 NOTE --no-stop-on-test-error
r-devel-linux-x86_64-fedora-gcc 2.1-0 35.24 NOTE --no-stop-on-test-error
r-devel-macos-x86_64-clang 2.1-0 30.58 NOTE --no-stop-on-test-error
r-patched-linux-x86_64 2.1-0 0.69 15.16 15.85 NOTE
r-patched-solaris-sparc 2.1-0 208.10 NOTE
r-patched-solaris-x86 2.1-0 46.90 NOTE
r-release-linux-x86_64 2.1-0 0.79 15.17 15.97 NOTE
r-release-osx-x86_64-mavericks 2.1-0 NOTE
r-release-windows-ix86+x86_64 2.1-0 6.00 112.00 118.00 NOTE
r-oldrel-windows-ix86+x86_64 2.1-0 3.00 129.00 132.00 OK

Check Details

Version: 2.1-0
Check: R code for possible problems
Result: NOTE
    constants: no visible global function definition for ‘str’
    kitplot.wrsp: no visible global function definition for ‘par’
    kitplot.wrsp: no visible global function definition for ‘layout’
    kitplot.wrsp: no visible global function definition for ‘plot’
    kitplot.wrsp: no visible global function definition for ‘lines’
    kitplot.wrsp: no visible global function definition for ‘mtext’
    kitplot.wrsp: no visible global function definition for ‘abline’
    kitplot.wrsp: no visible global function definition for ‘axis’
    logticks: no visible global function definition for ‘par’
    logticks: no visible global function definition for ‘axis’
    plot.owrsp: no visible global function definition for ‘par’
    plot.owrsp: no visible global function definition for ‘layout’
    plot.owrsp: no visible global function definition for ‘plot’
    plot.owrsp: no visible global function definition for ‘lines’
    plot.owrsp: no visible global function definition for ‘mtext’
    plot.owrsp: no visible global function definition for ‘abline’
    plot.owrsp: no visible global function definition for ‘axis’
    plot.wrsp: no visible global function definition for ‘par’
    plot.wrsp: no visible global function definition for ‘layout’
    plot.wrsp: no visible global function definition for ‘plot’
    plot.wrsp: no visible global function definition for ‘lines’
    plot.wrsp: no visible global function definition for ‘mtext’
    plot.wrsp: no visible global function definition for ‘abline’
    plot.wrsp: no visible global function definition for ‘axis’
    print.owrsp: no visible global function definition for ‘head’
    print.owrsp: no visible global function definition for ‘tail’
    print.wrsp: no visible global function definition for ‘head’
    print.wrsp: no visible global function definition for ‘tail’
    Undefined global functions or variables:
     abline axis head layout lines mtext par plot str tail
    Consider adding
     importFrom("graphics", "abline", "axis", "layout", "lines", "mtext",
     "par", "plot")
     importFrom("utils", "head", "str", "tail")
    to your NAMESPACE file.
Flavors: r-devel-linux-x86_64-debian-clang, r-devel-linux-x86_64-debian-gcc, r-patched-linux-x86_64, r-patched-solaris-sparc, r-patched-solaris-x86, r-release-linux-x86_64, r-release-osx-x86_64-mavericks, r-release-windows-ix86+x86_64

Version: 2.1-0
Flags: --no-stop-on-test-error
Check: R code for possible problems
Result: NOTE
    constants: no visible global function definition for ‘str’
    kitplot.wrsp: no visible global function definition for ‘par’
    kitplot.wrsp: no visible global function definition for ‘layout’
    kitplot.wrsp: no visible global function definition for ‘plot’
    kitplot.wrsp: no visible global function definition for ‘lines’
    kitplot.wrsp: no visible global function definition for ‘mtext’
    kitplot.wrsp: no visible global function definition for ‘abline’
    kitplot.wrsp: no visible global function definition for ‘axis’
    logticks: no visible global function definition for ‘par’
    logticks: no visible global function definition for ‘axis’
    plot.owrsp: no visible global function definition for ‘par’
    plot.owrsp: no visible global function definition for ‘layout’
    plot.owrsp: no visible global function definition for ‘plot’
    plot.owrsp: no visible global function definition for ‘lines’
    plot.owrsp: no visible global function definition for ‘mtext’
    plot.owrsp: no visible global function definition for ‘abline’
    plot.owrsp: no visible global function definition for ‘axis’
    plot.wrsp: no visible global function definition for ‘par’
    plot.wrsp: no visible global function definition for ‘layout’
    plot.wrsp: no visible global function definition for ‘plot’
    plot.wrsp: no visible global function definition for ‘lines’
    plot.wrsp: no visible global function definition for ‘mtext’
    plot.wrsp: no visible global function definition for ‘abline’
    plot.wrsp: no visible global function definition for ‘axis’
    print.owrsp: no visible global function definition for ‘head’
    print.owrsp: no visible global function definition for ‘tail’
    print.wrsp: no visible global function definition for ‘head’
    print.wrsp: no visible global function definition for ‘tail’
    Undefined global functions or variables:
     abline axis head layout lines mtext par plot str tail
    Consider adding
     importFrom("graphics", "abline", "axis", "layout", "lines", "mtext",
     "par", "plot")
     importFrom("utils", "head", "str", "tail")
    to your NAMESPACE file.
Flavors: r-devel-linux-x86_64-fedora-clang, r-devel-linux-x86_64-fedora-gcc, r-devel-macos-x86_64-clang