CRAN Package Check Results for Package kitagawa

Last updated on 2016-07-31 06:47:29.

Flavor Version Tinstall Tcheck Ttotal Status Flags
r-devel-linux-x86_64-debian-clang 2.1-0 0.68 15.25 15.93 NOTE
r-devel-linux-x86_64-debian-gcc 2.1-0 0.77 14.97 15.74 NOTE
r-devel-linux-x86_64-fedora-clang 2.1-0 28.21 NOTE
r-devel-linux-x86_64-fedora-gcc 2.1-0 25.75 NOTE
r-devel-osx-x86_64-clang 2.1-0 25.41 NOTE
r-devel-windows-ix86+x86_64 2.1-0 2.00 94.00 96.00 NOTE
r-patched-linux-x86_64 2.1-0 0.84 14.95 15.79 NOTE
r-patched-solaris-sparc 2.1-0 172.80 NOTE
r-patched-solaris-x86 2.1-0 38.80 NOTE
r-release-linux-x86_64 2.1-0 0.76 18.24 18.99 NOTE
r-release-osx-x86_64-mavericks 2.1-0 NOTE
r-release-windows-ix86+x86_64 2.1-0 4.00 116.00 120.00 NOTE
r-oldrel-windows-ix86+x86_64 2.1-0 5.00 100.00 105.00 OK

Check Details

Version: 2.1-0
Check: R code for possible problems
Result: NOTE
    constants: no visible global function definition for ‘str’
    kitplot.wrsp: no visible global function definition for ‘par’
    kitplot.wrsp: no visible global function definition for ‘layout’
    kitplot.wrsp: no visible global function definition for ‘plot’
    kitplot.wrsp: no visible global function definition for ‘lines’
    kitplot.wrsp: no visible global function definition for ‘mtext’
    kitplot.wrsp: no visible global function definition for ‘abline’
    kitplot.wrsp: no visible global function definition for ‘axis’
    logticks: no visible global function definition for ‘par’
    logticks: no visible global function definition for ‘axis’
    plot.owrsp: no visible global function definition for ‘par’
    plot.owrsp: no visible global function definition for ‘layout’
    plot.owrsp: no visible global function definition for ‘plot’
    plot.owrsp: no visible global function definition for ‘lines’
    plot.owrsp: no visible global function definition for ‘mtext’
    plot.owrsp: no visible global function definition for ‘abline’
    plot.owrsp: no visible global function definition for ‘axis’
    plot.wrsp: no visible global function definition for ‘par’
    plot.wrsp: no visible global function definition for ‘layout’
    plot.wrsp: no visible global function definition for ‘plot’
    plot.wrsp: no visible global function definition for ‘lines’
    plot.wrsp: no visible global function definition for ‘mtext’
    plot.wrsp: no visible global function definition for ‘abline’
    plot.wrsp: no visible global function definition for ‘axis’
    print.owrsp: no visible global function definition for ‘head’
    print.owrsp: no visible global function definition for ‘tail’
    print.wrsp: no visible global function definition for ‘head’
    print.wrsp: no visible global function definition for ‘tail’
    Undefined global functions or variables:
     abline axis head layout lines mtext par plot str tail
    Consider adding
     importFrom("graphics", "abline", "axis", "layout", "lines", "mtext",
     "par", "plot")
     importFrom("utils", "head", "str", "tail")
    to your NAMESPACE file.
Flavors: r-devel-linux-x86_64-debian-clang, r-devel-linux-x86_64-debian-gcc, r-devel-linux-x86_64-fedora-clang, r-devel-linux-x86_64-fedora-gcc, r-devel-osx-x86_64-clang, r-devel-windows-ix86+x86_64, r-patched-linux-x86_64, r-patched-solaris-sparc, r-patched-solaris-x86, r-release-linux-x86_64, r-release-osx-x86_64-mavericks, r-release-windows-ix86+x86_64