CRAN Package Check Results for Package kitagawa

Last updated on 2018-06-24 09:49:07 CEST.

Flavor Version Tinstall Tcheck Ttotal Status Flags
r-devel-linux-x86_64-debian-clang 2.1-0 1.67 29.33 31.00 NOTE
r-devel-linux-x86_64-debian-gcc 2.1-0 1.14 22.71 23.85 NOTE
r-devel-linux-x86_64-fedora-clang 2.1-0 37.55 NOTE
r-devel-linux-x86_64-fedora-gcc 2.1-0 35.15 NOTE
r-devel-windows-ix86+x86_64 2.1-0 7.00 127.00 134.00 NOTE
r-patched-linux-x86_64 2.1-0 1.88 27.81 29.69 NOTE
r-patched-solaris-x86 2.1-0 53.00 NOTE
r-release-linux-x86_64 2.1-0 1.89 27.32 29.21 NOTE
r-release-windows-ix86+x86_64 2.1-0 5.00 119.00 124.00 NOTE
r-release-osx-x86_64 2.1-0 NOTE
r-oldrel-windows-ix86+x86_64 2.1-0 4.00 106.00 110.00 NOTE
r-oldrel-osx-x86_64 2.1-0 NOTE

Check Details

Version: 2.1-0
Check: R code for possible problems
Result: NOTE
    constants: no visible global function definition for ‘str’
    kitplot.wrsp: no visible global function definition for ‘par’
    kitplot.wrsp: no visible global function definition for ‘layout’
    kitplot.wrsp: no visible global function definition for ‘plot’
    kitplot.wrsp: no visible global function definition for ‘lines’
    kitplot.wrsp: no visible global function definition for ‘mtext’
    kitplot.wrsp: no visible global function definition for ‘abline’
    kitplot.wrsp: no visible global function definition for ‘axis’
    logticks: no visible global function definition for ‘par’
    logticks: no visible global function definition for ‘axis’
    plot.owrsp: no visible global function definition for ‘par’
    plot.owrsp: no visible global function definition for ‘layout’
    plot.owrsp: no visible global function definition for ‘plot’
    plot.owrsp: no visible global function definition for ‘lines’
    plot.owrsp: no visible global function definition for ‘mtext’
    plot.owrsp: no visible global function definition for ‘abline’
    plot.owrsp: no visible global function definition for ‘axis’
    plot.wrsp: no visible global function definition for ‘par’
    plot.wrsp: no visible global function definition for ‘layout’
    plot.wrsp: no visible global function definition for ‘plot’
    plot.wrsp: no visible global function definition for ‘lines’
    plot.wrsp: no visible global function definition for ‘mtext’
    plot.wrsp: no visible global function definition for ‘abline’
    plot.wrsp: no visible global function definition for ‘axis’
    print.owrsp: no visible global function definition for ‘head’
    print.owrsp: no visible global function definition for ‘tail’
    print.wrsp: no visible global function definition for ‘head’
    print.wrsp: no visible global function definition for ‘tail’
    Undefined global functions or variables:
     abline axis head layout lines mtext par plot str tail
    Consider adding
     importFrom("graphics", "abline", "axis", "layout", "lines", "mtext",
     "par", "plot")
     importFrom("utils", "head", "str", "tail")
    to your NAMESPACE file.
Flavors: r-devel-linux-x86_64-debian-clang, r-devel-linux-x86_64-debian-gcc, r-devel-linux-x86_64-fedora-clang, r-devel-linux-x86_64-fedora-gcc, r-devel-windows-ix86+x86_64, r-patched-linux-x86_64, r-patched-solaris-x86, r-release-linux-x86_64, r-release-windows-ix86+x86_64, r-release-osx-x86_64, r-oldrel-windows-ix86+x86_64, r-oldrel-osx-x86_64