CRAN Package Check Results for Package kitagawa

Last updated on 2015-03-04 16:48:13.

Flavor Version Tinstall Tcheck Ttotal Status Flags
r-devel-linux-x86_64-debian-clang 2.1-0 1.50 24.09 25.60 OK
r-devel-linux-x86_64-debian-gcc 2.1-0 1.48 24.46 25.93 OK
r-devel-linux-x86_64-fedora-clang 2.1-0 53.63 OK
r-devel-linux-x86_64-fedora-gcc 2.1-0 51.08 OK
r-devel-osx-x86_64-clang 2.1-0 55.11 OK
r-devel-windows-ix86+x86_64 2.1-0 4.00 54.00 58.00 OK
r-patched-linux-x86_64 2.1-0 2.30 31.63 33.92 OK
r-patched-solaris-sparc 2.1-0 425.80 OK
r-patched-solaris-x86 2.1-0 90.40 OK
r-release-linux-ix86 2.1-0 3.96 47.73 51.69 OK
r-release-linux-x86_64 2.1-0 2.83 31.22 34.05 OK
r-release-osx-x86_64-mavericks 2.1-0 OK
r-release-osx-x86_64-snowleopard 2.1-0 ERROR
r-release-windows-ix86+x86_64 2.1-0 8.00 63.00 71.00 OK
r-oldrel-windows-ix86+x86_64 2.1-0 7.00 64.00 71.00 OK

Check Details

Version: 2.1-0
Check: R code for possible problems
Result: NOTE
    Error in dyn.load(file, DLLpath = DLLpath, ...) :
     unable to load shared object '/Volumes/XT3/Builds/R-dev-web/QA/Simon/packages/snowleopard-x86_64/Rlib/3.1/signal/libs/signal.so':
     dlopen(/Volumes/XT3/Builds/R-dev-web/QA/Simon/packages/snowleopard-x86_64/Rlib/3.1/signal/libs/signal.so, 6): Library not loaded: /Library/Frameworks/R.framework/Versions/3.1/Resources/lib/libgfortran.2.dylib
     Referenced from: /Volumes/XT3/Builds/R-dev-web/QA/Simon/packages/snowleopard-x86_64/Rlib/3.1/signal/libs/signal.so
     Reason: image not found
Flavor: r-release-osx-x86_64-snowleopard

Version: 2.1-0
Check: running R code from vignettes
Result: ERROR
    Errors in running code in vignettes:
    when running code in ‘ResponseModels.Rnw’
     ...
    Loading required package: MASS
    Error in dyn.load(file, DLLpath = DLLpath, ...) :
     unable to load shared object '/Volumes/XT3/Builds/R-dev-web/QA/Simon/packages/snowleopard-x86_64/Rlib/3.1/signal/libs/signal.so':
     dlopen(/Volumes/XT3/Builds/R-dev-web/QA/Simon/packages/snowleopard-x86_64/Rlib/3.1/signal/libs/signal.so, 6): Library not loaded: /Library/Frameworks/R.framework/Versions/3.1/Resources/lib/libgfortran.2.dylib
     Referenced from: /Volumes/XT3/Builds/R-dev-web/QA/Simon/packages/snowleopard-x86_64/Rlib/3.1/signal/libs/signal.so
     Reason: image not found
    
     When sourcing ‘ResponseModels.R’:
    Error: package or namespace load failed for ‘signal’
    Execution halted
Flavor: r-release-osx-x86_64-snowleopard