CRAN Package Check Results for Package kitagawa

Last updated on 2015-05-28 03:47:28.

Flavor Version Tinstall Tcheck Ttotal Status Flags
r-devel-linux-x86_64-debian-clang 2.1-0 1.50 23.63 25.13 OK
r-devel-linux-x86_64-debian-gcc 2.1-0 1.48 23.82 25.30 OK
r-devel-linux-x86_64-fedora-clang 2.1-0 51.22 OK
r-devel-linux-x86_64-fedora-gcc 2.1-0 49.55 OK
r-devel-osx-x86_64-clang 2.1-0 51.25 OK
r-devel-windows-ix86+x86_64 2.1-0 4.00 52.00 56.00 OK
r-patched-linux-x86_64 2.1-0 1.47 23.08 24.54 OK
r-patched-solaris-sparc 2.1-0 323.70 OK
r-patched-solaris-x86 2.1-0 67.30 OK
r-release-linux-x86_64 2.1-0 1.59 22.37 23.96 OK
r-release-osx-x86_64-mavericks 2.1-0 OK
r-release-osx-x86_64-snowleopard 2.1-0 ERROR
r-release-windows-ix86+x86_64 2.1-0 5.00 51.00 56.00 OK
r-oldrel-windows-ix86+x86_64 2.1-0 9.00 61.00 70.00 OK

Check Details

Version: 2.1-0
Check: package dependencies
Result: ERROR
    Package suggested but not available for checking: ‘knitr’
    
    VignetteBuilder package required for checking but installed: ‘knitr’
    
    Files named as vignettes but with no recognized vignette engine:
     ‘inst/doc/ResponseModels.Rnw’
    (Is a VignetteBuilder field missing?)
    
    See section ‘The DESCRIPTION file’ in the ‘Writing R Extensions’
    manual.
Flavor: r-release-osx-x86_64-snowleopard