CRAN Package Check Results for Package kitagawa

Last updated on 2014-08-23 20:46:55.

Flavor Version Tinstall Tcheck Ttotal Status Flags
r-devel-linux-x86_64-debian-clang 2.1-0 2.16 30.10 32.26 OK
r-devel-linux-x86_64-debian-gcc 2.1-0 2.12 28.67 30.79 OK
r-devel-linux-x86_64-fedora-clang 2.1-0 72.66 OK
r-devel-linux-x86_64-fedora-gcc 2.1-0 66.25 OK
r-devel-osx-x86_64-clang 2.1-0 66.01 OK
r-devel-windows-ix86+x86_64 2.1-0 5.00 64.00 69.00 OK
r-patched-linux-x86_64 2.1-0 2.34 30.56 32.90 OK
r-patched-solaris-sparc 2.1-0 408.30 OK
r-patched-solaris-x86 2.1-0 93.20 OK
r-release-linux-ix86 2.1-0 2.68 41.03 43.72 OK
r-release-linux-x86_64 2.1-0 2.24 30.82 33.06 OK
r-release-osx-x86_64-mavericks 2.1-0 OK
r-release-osx-x86_64-snowleopard 2.1-0 ERROR
r-release-windows-ix86+x86_64 2.1-0 8.00 71.00 79.00 OK
r-oldrel-windows-ix86+x86_64 2.1-0 6.00 64.00 70.00 OK

Check Details

Version: 2.1-0
Check: R code for possible problems
Result: NOTE
    Error in dyn.load(file, DLLpath = DLLpath, ...) :
     unable to load shared object '/Volumes/XT3/Builds/R-dev-web/QA/Simon/packages/snowleopard-x86_64/Rlib/3.1/signal/libs/signal.so':
     dlopen(/Volumes/XT3/Builds/R-dev-web/QA/Simon/packages/snowleopard-x86_64/Rlib/3.1/signal/libs/signal.so, 6): Library not loaded: /Library/Frameworks/R.framework/Versions/3.1/Resources/lib/libgfortran.2.dylib
     Referenced from: /Volumes/XT3/Builds/R-dev-web/QA/Simon/packages/snowleopard-x86_64/Rlib/3.1/signal/libs/signal.so
     Reason: image not found
Flavor: r-release-osx-x86_64-snowleopard

Version: 2.1-0
Check: running R code from vignettes
Result: ERROR
    Errors in running code in vignettes:
    when running code in ‘ResponseModels.Rnw’
     ...
    Loading required package: MASS
    Error in dyn.load(file, DLLpath = DLLpath, ...) :
     unable to load shared object '/Volumes/XT3/Builds/R-dev-web/QA/Simon/packages/snowleopard-x86_64/Rlib/3.1/signal/libs/signal.so':
     dlopen(/Volumes/XT3/Builds/R-dev-web/QA/Simon/packages/snowleopard-x86_64/Rlib/3.1/signal/libs/signal.so, 6): Library not loaded: /Library/Frameworks/R.framework/Versions/3.1/Resources/lib/libgfortran.2.dylib
     Referenced from: /Volumes/XT3/Builds/R-dev-web/QA/Simon/packages/snowleopard-x86_64/Rlib/3.1/signal/libs/signal.so
     Reason: image not found
    
     When sourcing ‘ResponseModels.R’:
    Error: package or namespace load failed for ‘signal’
    Execution halted
Flavor: r-release-osx-x86_64-snowleopard