CRAN Package Check Results for Package kitagawa

Last updated on 2014-07-24 22:48:38.

Flavor Version Tinstall Tcheck Ttotal Status Flags
r-devel-linux-x86_64-debian-clang 2.1-0 2.21 31.23 33.44 OK
r-devel-linux-x86_64-debian-gcc 2.1-0 2.10 29.88 31.98 OK
r-devel-linux-x86_64-fedora-clang 2.1-0 77.02 OK
r-devel-linux-x86_64-fedora-gcc 2.1-0 69.03 OK
r-devel-osx-x86_64-clang 2.1-0 64.74 OK
r-devel-windows-ix86+x86_64 2.1-0 6.00 62.00 68.00 OK
r-patched-linux-x86_64 2.1-0 2.19 30.61 32.80 OK
r-patched-solaris-sparc 2.1-0 414.80 OK
r-patched-solaris-x86 2.1-0 93.60 OK
r-release-linux-ix86 2.1-0 3.20 40.79 43.99 OK
r-release-linux-x86_64 2.1-0 2.21 30.91 33.12 OK
r-release-osx-x86_64-mavericks 2.1-0 OK
r-release-osx-x86_64-snowleopard 2.1-0 ERROR
r-release-windows-ix86+x86_64 2.1-0 6.00 63.00 69.00 OK
r-oldrel-windows-ix86+x86_64 2.1-0 7.00 62.00 69.00 OK

Check Details

Version: 2.1-0
Check: R code for possible problems
Result: NOTE
    Error in dyn.load(file, DLLpath = DLLpath, ...) :
     unable to load shared object '/Volumes/XT3/Builds/R-dev-web/QA/Simon/packages/snowleopard-x86_64/Rlib/3.1/signal/libs/signal.so':
     dlopen(/Volumes/XT3/Builds/R-dev-web/QA/Simon/packages/snowleopard-x86_64/Rlib/3.1/signal/libs/signal.so, 6): Library not loaded: /Library/Frameworks/R.framework/Versions/3.1/Resources/lib/libgfortran.2.dylib
     Referenced from: /Volumes/XT3/Builds/R-dev-web/QA/Simon/packages/snowleopard-x86_64/Rlib/3.1/signal/libs/signal.so
     Reason: image not found
Flavor: r-release-osx-x86_64-snowleopard

Version: 2.1-0
Check: running R code from vignettes
Result: ERROR
    Errors in running code in vignettes:
    when running code in ‘ResponseModels.Rnw’
     ...
    Loading required package: MASS
    Error in dyn.load(file, DLLpath = DLLpath, ...) :
     unable to load shared object '/Volumes/XT3/Builds/R-dev-web/QA/Simon/packages/snowleopard-x86_64/Rlib/3.1/signal/libs/signal.so':
     dlopen(/Volumes/XT3/Builds/R-dev-web/QA/Simon/packages/snowleopard-x86_64/Rlib/3.1/signal/libs/signal.so, 6): Library not loaded: /Library/Frameworks/R.framework/Versions/3.1/Resources/lib/libgfortran.2.dylib
     Referenced from: /Volumes/XT3/Builds/R-dev-web/QA/Simon/packages/snowleopard-x86_64/Rlib/3.1/signal/libs/signal.so
     Reason: image not found
    
     When sourcing ‘ResponseModels.R’:
    Error: package or namespace load failed for ‘signal’
    Execution halted
Flavor: r-release-osx-x86_64-snowleopard