CRAN Package Check Results for Package kitagawa

Last updated on 2015-07-07 06:46:37.

Flavor Version Tinstall Tcheck Ttotal Status Flags
r-devel-linux-x86_64-debian-clang 2.1-0 1.45 21.84 23.29 NOTE
r-devel-linux-x86_64-debian-gcc 2.1-0 1.43 21.74 23.17 NOTE
r-devel-linux-x86_64-fedora-clang 2.1-0 48.75 NOTE
r-devel-linux-x86_64-fedora-gcc 2.1-0 45.57 NOTE
r-devel-osx-x86_64-clang 2.1-0 43.89 OK
r-devel-windows-ix86+x86_64 2.1-0 6.00 52.00 58.00 NOTE
r-patched-linux-x86_64 2.1-0 1.46 22.27 23.73 OK
r-patched-solaris-sparc 2.1-0 323.70 OK
r-patched-solaris-x86 2.1-0 68.50 OK
r-release-linux-x86_64 2.1-0 1.48 22.18 23.66 OK
r-release-osx-x86_64-mavericks 2.1-0 OK
r-release-windows-ix86+x86_64 2.1-0 7.00 52.00 59.00 OK
r-oldrel-windows-ix86+x86_64 2.1-0 7.00 63.00 70.00 OK

Check Details

Version: 2.1-0
Check: R code for possible problems
Result: NOTE
    constants: no visible global function definition for ‘str’
    kitplot.wrsp: no visible global function definition for ‘par’
    kitplot.wrsp: no visible global function definition for ‘layout’
    kitplot.wrsp: no visible global function definition for ‘plot’
    kitplot.wrsp: no visible global function definition for ‘lines’
    kitplot.wrsp: no visible global function definition for ‘mtext’
    kitplot.wrsp: no visible global function definition for ‘abline’
    kitplot.wrsp: no visible global function definition for ‘axis’
    logticks: no visible global function definition for ‘par’
    logticks: no visible global function definition for ‘axis’
    plot.owrsp: no visible global function definition for ‘par’
    plot.owrsp: no visible global function definition for ‘layout’
    plot.owrsp: no visible global function definition for ‘plot’
    plot.owrsp: no visible global function definition for ‘lines’
    plot.owrsp: no visible global function definition for ‘mtext’
    plot.owrsp: no visible global function definition for ‘abline’
    plot.owrsp: no visible global function definition for ‘axis’
    plot.wrsp: no visible global function definition for ‘par’
    plot.wrsp: no visible global function definition for ‘layout’
    plot.wrsp: no visible global function definition for ‘plot’
    plot.wrsp: no visible global function definition for ‘lines’
    plot.wrsp: no visible global function definition for ‘mtext’
    plot.wrsp: no visible global function definition for ‘abline’
    plot.wrsp: no visible global function definition for ‘axis’
    print.owrsp: no visible global function definition for ‘head’
    print.owrsp: no visible global function definition for ‘tail’
    print.wrsp: no visible global function definition for ‘head’
    print.wrsp: no visible global function definition for ‘tail’
    Undefined global functions or variables:
     abline axis head layout lines mtext par plot str tail
Flavors: r-devel-linux-x86_64-debian-clang, r-devel-linux-x86_64-debian-gcc, r-devel-linux-x86_64-fedora-clang, r-devel-linux-x86_64-fedora-gcc, r-devel-windows-ix86+x86_64