CRAN Package Check Results for Package kitagawa

Last updated on 2018-02-22 04:48:32 CET.

Flavor Version Tinstall Tcheck Ttotal Status Flags
r-devel-linux-x86_64-debian-clang 2.1-0 1.83 24.20 26.03 NOTE
r-devel-linux-x86_64-debian-gcc 2.1-0 1.36 21.66 23.02 NOTE
r-devel-linux-x86_64-fedora-clang 2.1-0 35.78 NOTE
r-devel-linux-x86_64-fedora-gcc 2.1-0 34.49 NOTE
r-devel-windows-ix86+x86_64 2.1-0 4.00 104.00 108.00 NOTE
r-patched-linux-x86_64 2.1-0 1.05 30.32 31.37 NOTE
r-patched-solaris-x86 2.1-0 47.90 NOTE
r-release-linux-x86_64 2.1-0 0.95 29.09 30.04 NOTE
r-release-windows-ix86+x86_64 2.1-0 5.00 48.00 53.00 WARN
r-release-osx-x86_64 2.1-0 NOTE
r-oldrel-windows-ix86+x86_64 2.1-0 2.00 97.00 99.00 NOTE
r-oldrel-osx-x86_64 2.1-0 NOTE

Check Details

Version: 2.1-0
Check: R code for possible problems
Result: NOTE
    constants: no visible global function definition for ‘str’
    kitplot.wrsp: no visible global function definition for ‘par’
    kitplot.wrsp: no visible global function definition for ‘layout’
    kitplot.wrsp: no visible global function definition for ‘plot’
    kitplot.wrsp: no visible global function definition for ‘lines’
    kitplot.wrsp: no visible global function definition for ‘mtext’
    kitplot.wrsp: no visible global function definition for ‘abline’
    kitplot.wrsp: no visible global function definition for ‘axis’
    logticks: no visible global function definition for ‘par’
    logticks: no visible global function definition for ‘axis’
    plot.owrsp: no visible global function definition for ‘par’
    plot.owrsp: no visible global function definition for ‘layout’
    plot.owrsp: no visible global function definition for ‘plot’
    plot.owrsp: no visible global function definition for ‘lines’
    plot.owrsp: no visible global function definition for ‘mtext’
    plot.owrsp: no visible global function definition for ‘abline’
    plot.owrsp: no visible global function definition for ‘axis’
    plot.wrsp: no visible global function definition for ‘par’
    plot.wrsp: no visible global function definition for ‘layout’
    plot.wrsp: no visible global function definition for ‘plot’
    plot.wrsp: no visible global function definition for ‘lines’
    plot.wrsp: no visible global function definition for ‘mtext’
    plot.wrsp: no visible global function definition for ‘abline’
    plot.wrsp: no visible global function definition for ‘axis’
    print.owrsp: no visible global function definition for ‘head’
    print.owrsp: no visible global function definition for ‘tail’
    print.wrsp: no visible global function definition for ‘head’
    print.wrsp: no visible global function definition for ‘tail’
    Undefined global functions or variables:
     abline axis head layout lines mtext par plot str tail
    Consider adding
     importFrom("graphics", "abline", "axis", "layout", "lines", "mtext",
     "par", "plot")
     importFrom("utils", "head", "str", "tail")
    to your NAMESPACE file.
Flavors: r-devel-linux-x86_64-debian-clang, r-devel-linux-x86_64-debian-gcc, r-devel-linux-x86_64-fedora-clang, r-devel-linux-x86_64-fedora-gcc, r-devel-windows-ix86+x86_64, r-patched-linux-x86_64, r-patched-solaris-x86, r-release-linux-x86_64, r-release-windows-ix86+x86_64, r-release-osx-x86_64, r-oldrel-windows-ix86+x86_64, r-oldrel-osx-x86_64

Version: 2.1-0
Check: re-building of vignette outputs
Result: WARN
    Error in re-building vignettes:
     ...
    make[1]: Entering directory `/cygdrive/d/RCompile/CRANpkg/local/3.4/kitagawa.Rcheck/vign_test/kitagawa/vignettes'
    D:/RCompile/recent/R-34~1.3/bin/Rscript -e "if (getRversion() < '3.0.0') knitr::knit2pdf('ResponseModels.Rnw') else tools::texi2pdf('ResponseModels.tex')"
    Das System kann die angegebene Datei nicht finden.
    make[1]: *** [ResponseModels.pdf] Error 1
    make[1]: Leaving directory `/cygdrive/d/RCompile/CRANpkg/local/3.4/kitagawa.Rcheck/vign_test/kitagawa/vignettes'
    Warning: running command 'make' had status 2
    Error in buildVignettes(dir = "d:/Rcompile/CRANpkg/local/3.4/kitagawa.Rcheck/vign_test/kitagawa") :
     running 'make' failed
    Execution halted
Flavor: r-release-windows-ix86+x86_64