CRAN Package Check Results for Package kittyR

Last updated on 2021-04-14 17:47:13 CEST.

Flavor Version Tinstall Tcheck Ttotal Status Flags
r-devel-linux-x86_64-debian-clang 1.1.0 4.63 53.12 57.75 OK
r-devel-linux-x86_64-debian-gcc 1.1.0 4.57 40.18 44.75 OK
r-devel-linux-x86_64-fedora-clang 1.1.0 79.61 OK
r-devel-linux-x86_64-fedora-gcc 1.1.0 66.75 OK
r-devel-windows-ix86+x86_64 1.1.0 18.00 75.00 93.00 OK
r-devel-windows-x86_64-gcc10-UCRT 1.1.0 OK
r-patched-linux-x86_64 1.1.0 6.37 49.84 56.21 OK
r-patched-solaris-x86 1.1.0 117.60 NOTE
r-release-linux-x86_64 1.1.0 5.05 49.84 54.89 OK
r-release-macos-x86_64 1.1.0 OK
r-release-windows-ix86+x86_64 1.1.0 34.00 75.00 109.00 OK
r-oldrel-macos-x86_64 1.1.0 ERROR
r-oldrel-windows-ix86+x86_64 1.1.0 15.00 64.00 79.00 OK

Check Details

Version: 1.1.0
Check: installed package size
Result: NOTE
     installed size is 5.1Mb
     sub-directories of 1Mb or more:
     sounds 4.1Mb
Flavor: r-patched-solaris-x86

Version: 1.1.0
Check: package dependencies
Result: ERROR
    Package required and available but unsuitable version: ‘rvest’
    
    See section ‘The DESCRIPTION file’ in the ‘Writing R Extensions’
    manual.
Flavor: r-oldrel-macos-x86_64