CRAN Package Check Results for Package kknn

Last updated on 2015-05-29 09:47:05.

Flavor Version Tinstall Tcheck Ttotal Status Flags
r-devel-linux-x86_64-debian-clang 1.2-5 2.95 36.96 39.91 NOTE
r-devel-linux-x86_64-debian-gcc 1.2-5 3.02 35.35 38.38 NOTE
r-devel-linux-x86_64-fedora-clang 1.2-5 84.31 NOTE
r-devel-linux-x86_64-fedora-gcc 1.2-5 77.21 NOTE
r-devel-osx-x86_64-clang 1.2-5 68.35 NOTE
r-devel-windows-ix86+x86_64 1.2-5 11.00 74.00 85.00 NOTE
r-patched-linux-x86_64 1.2-5 2.89 35.47 38.36 NOTE
r-patched-solaris-sparc 1.2-5 503.60 NOTE
r-patched-solaris-x86 1.2-5 119.70 NOTE
r-release-linux-x86_64 1.2-5 2.90 35.50 38.40 NOTE
r-release-osx-x86_64-mavericks 1.2-5 NOTE
r-release-osx-x86_64-snowleopard 1.2-5 ERROR
r-release-windows-ix86+x86_64 1.2-5 10.00 68.00 78.00 NOTE
r-oldrel-windows-ix86+x86_64 1.2-5 12.00 78.00 90.00 OK

Check Details

Version: 1.2-5
Check: DESCRIPTION meta-information
Result: NOTE
    Malformed Description field: should contain one or more complete sentences.
Flavors: r-devel-linux-x86_64-debian-clang, r-devel-linux-x86_64-debian-gcc, r-devel-linux-x86_64-fedora-clang, r-devel-linux-x86_64-fedora-gcc, r-devel-osx-x86_64-clang, r-devel-windows-ix86+x86_64, r-patched-linux-x86_64, r-patched-solaris-sparc, r-patched-solaris-x86, r-release-linux-x86_64, r-release-osx-x86_64-mavericks, r-release-windows-ix86+x86_64

Version: 1.2-5
Check: package dependencies
Result: ERROR
    Package required but not available: ‘igraph’
    
    See section ‘The DESCRIPTION file’ in the ‘Writing R Extensions’
    manual.
Flavor: r-release-osx-x86_64-snowleopard