CRAN Package Check Results for Package kknn

Last updated on 2015-02-28 17:48:39.

Flavor Version Tinstall Tcheck Ttotal Status Flags
r-devel-linux-x86_64-debian-clang 1.2-5 2.95 35.80 38.74 NOTE
r-devel-linux-x86_64-debian-gcc 1.2-5 2.85 34.12 36.97 NOTE
r-devel-linux-x86_64-fedora-clang 1.2-5 82.87 NOTE
r-devel-linux-x86_64-fedora-gcc 1.2-5 79.85 NOTE
r-devel-osx-x86_64-clang 1.2-5 70.32 NOTE
r-devel-windows-ix86+x86_64 1.2-5 14.00 69.00 83.00 NOTE
r-patched-linux-x86_64 1.2-5 3.71 44.37 48.08 OK
r-patched-solaris-sparc 1.2-5 595.40 OK
r-patched-solaris-x86 1.2-5 152.20 OK
r-release-linux-ix86 1.2-5 4.43 50.90 55.33 OK
r-release-linux-x86_64 1.2-5 3.71 41.61 45.32 OK
r-release-osx-x86_64-mavericks 1.2-5 OK
r-release-osx-x86_64-snowleopard 1.2-5 OK
r-release-windows-ix86+x86_64 1.2-5 12.00 81.00 93.00 OK
r-oldrel-windows-ix86+x86_64 1.2-5 11.00 111.00 122.00 OK

Check Details

Version: 1.2-5
Check: DESCRIPTION meta-information
Result: NOTE
    Malformed Description field: should contain one or more complete sentences.
Flavors: r-devel-linux-x86_64-debian-clang, r-devel-linux-x86_64-debian-gcc, r-devel-linux-x86_64-fedora-clang, r-devel-linux-x86_64-fedora-gcc, r-devel-osx-x86_64-clang, r-devel-windows-ix86+x86_64