CRAN Package Check Results for Package kknn

Last updated on 2017-12-15 04:47:23 CET.

Flavor Version Tinstall Tcheck Ttotal Status Flags
r-devel-linux-x86_64-debian-clang 1.3.1 4.45 40.35 44.80 FAIL
r-devel-linux-x86_64-debian-gcc 1.3.1 4.52 42.32 46.84 NOTE
r-devel-linux-x86_64-fedora-clang 1.3.1 75.82 NOTE
r-devel-linux-x86_64-fedora-gcc 1.3.1 75.03 NOTE
r-devel-windows-ix86+x86_64 1.3.1 11.00 78.00 89.00 OK
r-patched-linux-x86_64 1.3.1 5.36 59.98 65.34 NOTE
r-patched-solaris-x86 1.3.1 120.90 OK
r-release-linux-x86_64 1.3.1 4.10 58.23 62.33 NOTE
r-release-windows-ix86+x86_64 1.3.1 9.00 80.00 89.00 OK
r-release-osx-x86_64 1.3.1 OK
r-oldrel-windows-ix86+x86_64 1.3.1 10.00 95.00 105.00 OK
r-oldrel-osx-x86_64 1.3.1 OK

Check Details

Version: 1.3.1
Check: pragmas in C/C++ headers and code
Result: FAIL
    
Flavor: r-devel-linux-x86_64-debian-clang

Version: 1.3.1
Check: compiled code
Result: NOTE
    File ‘kknn/libs/kknn.so’:
     Found no calls to: ‘R_registerRoutines’, ‘R_useDynamicSymbols’
    
    It is good practice to register native routines and to disable symbol
    search.
    
    See ‘Writing portable packages’ in the ‘Writing R Extensions’ manual.
Flavors: r-devel-linux-x86_64-debian-gcc, r-devel-linux-x86_64-fedora-clang, r-devel-linux-x86_64-fedora-gcc, r-patched-linux-x86_64, r-release-linux-x86_64