CRAN Package Check Results for Package kknn

Last updated on 2017-03-23 23:50:50.

Flavor Version Tinstall Tcheck Ttotal Status Flags
r-devel-linux-x86_64-debian-clang 1.3.1 3.66 36.14 39.80 NOTE
r-devel-linux-x86_64-debian-gcc 1.3.1 3.65 35.68 39.33 NOTE
r-devel-linux-x86_64-fedora-clang 1.3.1 111.58 NOTE --no-stop-on-test-error
r-devel-linux-x86_64-fedora-gcc 1.3.1 85.95 NOTE --no-stop-on-test-error
r-devel-macos-x86_64-clang 1.3.1 63.07 NOTE --no-stop-on-test-error
r-devel-windows-ix86+x86_64 1.3.1 12.00 82.00 94.00 OK
r-patched-linux-x86_64 1.3.1 3.50 31.65 35.15 OK
r-patched-solaris-sparc 1.3.1 498.30 OK
r-patched-solaris-x86 1.3.1 119.70 OK
r-release-linux-x86_64 1.3.1 3.37 31.63 35.00 OK
r-release-osx-x86_64-mavericks 1.3.1 OK
r-release-windows-ix86+x86_64 1.3.1 16.00 71.00 87.00 OK
r-oldrel-windows-ix86+x86_64 1.3.1 16.00 99.00 115.00 OK

Check Details

Version: 1.3.1
Check: compiled code
Result: NOTE
    File ‘kknn/libs/kknn.so’:
     Found no calls to: ‘R_registerRoutines’, ‘R_useDynamicSymbols’
    
    It is good practice to register native routines and to disable symbol
    search.
    
    See ‘Writing portable packages’ in the ‘Writing R Extensions’ manual.
Flavors: r-devel-linux-x86_64-debian-clang, r-devel-linux-x86_64-debian-gcc

Version: 1.3.1
Flags: --no-stop-on-test-error
Check: compiled code
Result: NOTE
    File ‘kknn/libs/kknn.so’:
     Found no calls to: ‘R_registerRoutines’, ‘R_useDynamicSymbols’
    
    It is good practice to register native routines and to disable symbol
    search.
    
    See ‘Writing portable packages’ in the ‘Writing R Extensions’ manual.
Flavors: r-devel-linux-x86_64-fedora-clang, r-devel-linux-x86_64-fedora-gcc, r-devel-macos-x86_64-clang