CRAN Package Check Results for Package kknn

Last updated on 2017-02-20 13:50:56.

Flavor Version Tinstall Tcheck Ttotal Status Flags
r-devel-linux-x86_64-debian-clang 1.3.1 3.58 35.60 39.18 NOTE
r-devel-linux-x86_64-debian-gcc 1.3.1 3.60 36.07 39.67 NOTE
r-devel-linux-x86_64-fedora-clang 1.3.1 87.78 NOTE --no-stop-on-test-error
r-devel-linux-x86_64-fedora-gcc 1.3.1 85.40 NOTE --no-stop-on-test-error
r-devel-macos-x86_64-clang 1.3.1 64.43 NOTE --no-stop-on-test-error
r-devel-windows-ix86+x86_64 1.3.1 17.00 101.00 118.00 OK
r-patched-linux-x86_64 1.3.1 3.43 31.54 34.97 OK
r-patched-solaris-sparc 1.3.1 447.80 OK
r-patched-solaris-x86 1.3.1 102.60 OK
r-release-linux-x86_64 1.3.1 3.50 31.25 34.75 OK
r-release-osx-x86_64-mavericks 1.3.1 OK
r-release-windows-ix86+x86_64 1.3.1 11.00 66.00 77.00 OK
r-oldrel-windows-ix86+x86_64 1.3.1 14.00 72.00 86.00 OK

Check Details

Version: 1.3.1
Check: compiled code
Result: NOTE
    File ‘kknn/libs/kknn.so’:
     Found no calls to: ‘R_registerRoutines’, ‘R_useDynamicSymbols’
    
    It is good practice to register native routines and to disable symbol
    search.
    
    See ‘Writing portable packages’ in the ‘Writing R Extensions’ manual.
Flavors: r-devel-linux-x86_64-debian-clang, r-devel-linux-x86_64-debian-gcc

Version: 1.3.1
Flags: --no-stop-on-test-error
Check: compiled code
Result: NOTE
    File ‘kknn/libs/kknn.so’:
     Found no calls to: ‘R_registerRoutines’, ‘R_useDynamicSymbols’
    
    It is good practice to register native routines and to disable symbol
    search.
    
    See ‘Writing portable packages’ in the ‘Writing R Extensions’ manual.
Flavors: r-devel-linux-x86_64-fedora-clang, r-devel-linux-x86_64-fedora-gcc, r-devel-macos-x86_64-clang