CRAN Package Check Results for Package kknn

Last updated on 2015-03-31 08:51:25.

Flavor Version Tinstall Tcheck Ttotal Status Flags
r-devel-linux-x86_64-debian-clang 1.2-5 3.11 36.98 40.10 NOTE
r-devel-linux-x86_64-debian-gcc 1.2-5 2.98 35.13 38.11 NOTE
r-devel-linux-x86_64-fedora-clang 1.2-5 80.31 NOTE
r-devel-linux-x86_64-fedora-gcc 1.2-5 87.74 NOTE
r-devel-osx-x86_64-clang 1.2-5 74.60 NOTE
r-prerel-windows-ix86+x86_64 1.2-5 12.00 72.00 84.00 NOTE
r-prerel-linux-x86_64 1.2-5 3.02 35.72 38.73 NOTE
r-prerel-solaris-sparc 1.2-5 470.20 NOTE
r-prerel-solaris-x86 1.2-5 111.70 NOTE
r-release-linux-x86_64 1.2-5 4.55 42.92 47.48 OK
r-release-osx-x86_64-mavericks 1.2-5 OK
r-release-osx-x86_64-snowleopard 1.2-5 OK
r-release-windows-ix86+x86_64 1.2-5 13.00 88.00 101.00 OK
r-oldrel-windows-ix86+x86_64 1.2-5 13.00 81.00 94.00 OK

Check Details

Version: 1.2-5
Check: DESCRIPTION meta-information
Result: NOTE
    Malformed Description field: should contain one or more complete sentences.
Flavors: r-devel-linux-x86_64-debian-clang, r-devel-linux-x86_64-debian-gcc, r-devel-linux-x86_64-fedora-clang, r-devel-linux-x86_64-fedora-gcc, r-devel-osx-x86_64-clang, r-prerel-windows-ix86+x86_64, r-prerel-linux-x86_64, r-prerel-solaris-sparc, r-prerel-solaris-x86