CRAN Package Check Results for Package kknn

Last updated on 2017-10-17 14:46:36.

Flavor Version Tinstall Tcheck Ttotal Status Flags
r-devel-linux-x86_64-debian-clang 1.3.1 3.68 36.03 39.71 NOTE
r-devel-linux-x86_64-debian-gcc 1.3.1 3.82 38.04 41.87 NOTE
r-devel-linux-x86_64-fedora-clang 1.3.1 90.77 NOTE
r-devel-linux-x86_64-fedora-gcc 1.3.1 90.80 NOTE
r-devel-windows-ix86+x86_64 1.3.1 9.00 78.00 87.00 OK
r-patched-linux-x86_64 1.3.1 3.58 36.77 40.35 NOTE
r-patched-solaris-x86 1.3.1 121.60 OK
r-release-linux-x86_64 1.3.1 3.70 35.66 39.36 NOTE
r-release-windows-ix86+x86_64 1.3.1 13.00 79.00 92.00 OK
r-release-osx-x86_64 1.3.1 OK
r-oldrel-windows-ix86+x86_64 1.3.1 14.00 97.00 111.00 OK
r-oldrel-osx-x86_64 1.3.1 OK

Check Details

Version: 1.3.1
Check: compiled code
Result: NOTE
    File ‘kknn/libs/kknn.so’:
     Found no calls to: ‘R_registerRoutines’, ‘R_useDynamicSymbols’
    
    It is good practice to register native routines and to disable symbol
    search.
    
    See ‘Writing portable packages’ in the ‘Writing R Extensions’ manual.
Flavors: r-devel-linux-x86_64-debian-clang, r-devel-linux-x86_64-debian-gcc, r-devel-linux-x86_64-fedora-clang, r-devel-linux-x86_64-fedora-gcc, r-patched-linux-x86_64, r-release-linux-x86_64