CRAN Package Check Results for Package kknn

Last updated on 2015-06-30 10:48:21.

Flavor Version Tinstall Tcheck Ttotal Status Flags
r-devel-linux-x86_64-debian-clang 1.2-5 4.94 36.57 41.52 NOTE
r-devel-linux-x86_64-debian-gcc 1.2-5 3.01 36.46 39.47 NOTE
r-devel-linux-x86_64-fedora-clang 1.2-5 84.37 NOTE
r-devel-linux-x86_64-fedora-gcc 1.2-5 79.89 NOTE
r-devel-osx-x86_64-clang 1.2-5 72.64 NOTE
r-devel-windows-ix86+x86_64 1.2-5 13.00 72.00 85.00 NOTE
r-patched-linux-x86_64 1.2-5 3.01 37.22 40.22 NOTE
r-patched-solaris-sparc 1.2-5 503.60 NOTE
r-patched-solaris-x86 1.2-5 116.20 NOTE
r-release-linux-x86_64 1.2-5 2.90 35.88 38.77 NOTE
r-release-osx-x86_64-mavericks 1.2-5 NOTE
r-release-windows-ix86+x86_64 1.2-5 16.00 73.00 89.00 NOTE
r-oldrel-windows-ix86+x86_64 1.2-5 14.00 129.00 143.00 OK

Check Details

Version: 1.2-5
Check: DESCRIPTION meta-information
Result: NOTE
    Malformed Description field: should contain one or more complete sentences.
Flavors: r-devel-linux-x86_64-debian-clang, r-devel-linux-x86_64-debian-gcc, r-devel-linux-x86_64-fedora-clang, r-devel-linux-x86_64-fedora-gcc, r-devel-osx-x86_64-clang, r-devel-windows-ix86+x86_64, r-patched-linux-x86_64, r-patched-solaris-sparc, r-patched-solaris-x86, r-release-linux-x86_64, r-release-osx-x86_64-mavericks, r-release-windows-ix86+x86_64

Version: 1.2-5
Check: R code for possible problems
Result: NOTE
    cv.kknn: no visible global function definition for ‘model.frame’
    cv.kknn: no visible global function definition for ‘model.response’
    cv.kknn: no visible global function definition for ‘predict’
    kknn: no visible global function definition for ‘na.omit’
    kknn: no visible global function definition for ‘as.formula’
    kknn: no visible global function definition for ‘model.frame’
    kknn: no visible global function definition for ‘delete.response’
    kknn: no visible global function definition for ‘model.response’
    kknn: no visible global function definition for ‘model.matrix’
    kknn: no visible binding for global variable ‘sd’
    kknn: no visible global function definition for ‘dbeta’
    kknn: no visible global function definition for ‘qnorm’
    kknn: no visible global function definition for ‘dnorm’
    kknn.dist: no visible binding for global variable ‘sd’
    mydist: no visible global function definition for ‘rnorm’
    plot.specClust: no visible global function definition for ‘plot’
    plot.specClust: no visible global function definition for ‘abline’
    plot.train.kknn: no visible global function definition for ‘matplot’
    plot.train.kknn: no visible global function definition for ‘par’
    plot.train.kknn: no visible global function definition for ‘legend’
    plot.train.kknn: no visible global function definition for ‘xinch’
    plot.train.kknn: no visible global function definition for ‘yinch’
    predict.train.kknn: no visible global function definition for ‘formula’
    predict.train.kknn: no visible global function definition for ‘terms’
    predict.train.kknn: no visible global function definition for ‘predict’
    simulation: no visible global function definition for ‘model.frame’
    simulation: no visible global function definition for ‘model.response’
    simulation: no visible global function definition for ‘predict’
    simulation: no visible global function definition for ‘sd’
    specClust: no visible global function definition for ‘qnorm’
    specClust: no visible global function definition for ‘dnorm’
    specClust: no visible global function definition for ‘kmeans’
    train.kknn: no visible global function definition for ‘model.frame’
    train.kknn: no visible global function definition for ‘model.response’
    train.kknn: no visible global function definition for ‘model.matrix’
    train.kknn: no visible binding for global variable ‘sd’
    train.kknn: no visible global function definition for ‘dbeta’
    train.kknn: no visible global function definition for ‘qnorm’
    train.kknn: no visible binding for global variable ‘dnorm’
Flavors: r-devel-linux-x86_64-debian-clang, r-devel-linux-x86_64-debian-gcc, r-devel-windows-ix86+x86_64