CRAN Package Check Results for Package kknn

Last updated on 2015-04-26 03:47:33.

Flavor Version Tinstall Tcheck Ttotal Status Flags
r-devel-linux-x86_64-debian-clang 1.2-5 2.96 37.15 40.11 NOTE
r-devel-linux-x86_64-debian-gcc 1.2-5 2.88 36.89 39.77 NOTE
r-devel-linux-x86_64-fedora-clang 1.2-5 82.24 NOTE
r-devel-linux-x86_64-fedora-gcc 1.2-5 76.80 NOTE
r-devel-osx-x86_64-clang 1.2-5 68.72 NOTE
r-devel-windows-ix86+x86_64 1.2-5 10.00 71.00 81.00 NOTE
r-patched-linux-x86_64 1.2-5 2.85 37.13 39.98 NOTE
r-patched-solaris-sparc 1.2-5 470.20 NOTE
r-patched-solaris-x86 1.2-5 115.60 NOTE
r-release-linux-x86_64 1.2-5 3.02 35.48 38.51 NOTE
r-release-osx-x86_64-mavericks 1.2-5 NOTE
r-release-osx-x86_64-snowleopard 1.2-5 ERROR
r-release-windows-ix86+x86_64 1.2-5 11.00 69.00 80.00 NOTE
r-oldrel-windows-ix86+x86_64 1.2-5 10.00 110.00 120.00 OK

Check Details

Version: 1.2-5
Check: DESCRIPTION meta-information
Result: NOTE
    Malformed Description field: should contain one or more complete sentences.
Flavors: r-devel-windows-ix86+x86_64, r-release-windows-ix86+x86_64