CRAN Package Check Results for Package kknn

Last updated on 2017-08-20 15:48:45.

Flavor Version Tinstall Tcheck Ttotal Status Flags
r-devel-linux-x86_64-debian-clang 1.3.1 3.63 36.27 39.90 NOTE
r-devel-linux-x86_64-debian-gcc 1.3.1 3.47 35.53 39.00 NOTE
r-devel-linux-x86_64-fedora-clang 1.3.1 89.15 NOTE
r-devel-linux-x86_64-fedora-gcc 1.3.1 86.18 NOTE
r-devel-windows-ix86+x86_64 1.3.1 10.00 73.00 83.00 OK
r-patched-linux-x86_64 1.3.1 3.65 36.01 39.66 NOTE
r-patched-solaris-x86 1.3.1 118.40 OK
r-release-linux-x86_64 1.3.1 3.85 36.43 40.28 NOTE
r-release-windows-ix86+x86_64 1.3.1 14.00 83.00 97.00 OK
r-release-osx-x86_64 1.3.1 OK
r-oldrel-windows-ix86+x86_64 1.3.1 10.00 67.00 77.00 OK
r-oldrel-osx-x86_64 1.3.1 OK

Check Details

Version: 1.3.1
Check: compiled code
Result: NOTE
    File ‘kknn/libs/kknn.so’:
     Found no calls to: ‘R_registerRoutines’, ‘R_useDynamicSymbols’
    
    It is good practice to register native routines and to disable symbol
    search.
    
    See ‘Writing portable packages’ in the ‘Writing R Extensions’ manual.
Flavors: r-devel-linux-x86_64-debian-clang, r-devel-linux-x86_64-debian-gcc, r-devel-linux-x86_64-fedora-clang, r-devel-linux-x86_64-fedora-gcc, r-patched-linux-x86_64, r-release-linux-x86_64