CRAN Package Check Results for Package kknn

Last updated on 2018-05-27 02:46:43 CEST.

Flavor Version Tinstall Tcheck Ttotal Status Flags
r-devel-linux-x86_64-debian-clang 1.3.1 7.26 66.48 73.74 NOTE
r-devel-linux-x86_64-debian-gcc 1.3.1 5.02 51.98 57.00 NOTE
r-devel-linux-x86_64-fedora-clang 1.3.1 93.95 NOTE
r-devel-linux-x86_64-fedora-gcc 1.3.1 85.34 NOTE
r-devel-windows-ix86+x86_64 1.3.1 11.00 125.00 136.00 OK
r-patched-linux-x86_64 1.3.1 5.76 57.31 63.07 NOTE
r-patched-solaris-x86 1.3.1 116.40 OK
r-release-linux-x86_64 1.3.1 5.95 57.48 63.43 NOTE
r-release-windows-ix86+x86_64 1.3.1 14.00 86.00 100.00 OK
r-release-osx-x86_64 1.3.1 OK
r-oldrel-windows-ix86+x86_64 1.3.1 14.00 79.00 93.00 OK
r-oldrel-osx-x86_64 1.3.1 OK

Check Details

Version: 1.3.1
Check: compiled code
Result: NOTE
    File ‘kknn/libs/kknn.so’:
     Found no calls to: ‘R_registerRoutines’, ‘R_useDynamicSymbols’
    
    It is good practice to register native routines and to disable symbol
    search.
    
    See ‘Writing portable packages’ in the ‘Writing R Extensions’ manual.
Flavors: r-devel-linux-x86_64-debian-clang, r-devel-linux-x86_64-debian-gcc, r-devel-linux-x86_64-fedora-clang, r-devel-linux-x86_64-fedora-gcc, r-patched-linux-x86_64, r-release-linux-x86_64