CRAN Package Check Results for Package kknn

Last updated on 2017-04-28 21:47:19.

Flavor Version Tinstall Tcheck Ttotal Status Flags
r-devel-linux-x86_64-debian-clang 1.3.1 3.57 36.49 40.06 NOTE
r-devel-linux-x86_64-debian-gcc 1.3.1 3.55 35.78 39.33 NOTE
r-devel-linux-x86_64-fedora-clang 1.3.1 90.11 NOTE --no-stop-on-test-error
r-devel-linux-x86_64-fedora-gcc 1.3.1 85.50 NOTE --no-stop-on-test-error
r-devel-windows-ix86+x86_64 1.3.1 10.00 105.00 115.00 OK
r-patched-linux-x86_64 1.3.1 3.44 35.32 38.76 NOTE
r-patched-solaris-sparc 1.3.1 498.30 OK
r-patched-solaris-x86 1.3.1 112.10 OK
r-release-linux-x86_64 1.3.1 3.40 35.17 38.57 NOTE
r-release-windows-ix86+x86_64 1.3.1 20.00 111.00 131.00 OK
r-release-osx-x86_64 1.3.1 OK
r-oldrel-windows-ix86+x86_64 1.3.1 13.00 71.00 84.00 OK
r-oldrel-osx-x86_64 1.3.1 OK

Check Details

Version: 1.3.1
Check: compiled code
Result: NOTE
    File ‘kknn/libs/kknn.so’:
     Found no calls to: ‘R_registerRoutines’, ‘R_useDynamicSymbols’
    
    It is good practice to register native routines and to disable symbol
    search.
    
    See ‘Writing portable packages’ in the ‘Writing R Extensions’ manual.
Flavors: r-devel-linux-x86_64-debian-clang, r-devel-linux-x86_64-debian-gcc, r-patched-linux-x86_64, r-release-linux-x86_64

Version: 1.3.1
Flags: --no-stop-on-test-error
Check: compiled code
Result: NOTE
    File ‘kknn/libs/kknn.so’:
     Found no calls to: ‘R_registerRoutines’, ‘R_useDynamicSymbols’
    
    It is good practice to register native routines and to disable symbol
    search.
    
    See ‘Writing portable packages’ in the ‘Writing R Extensions’ manual.
Flavors: r-devel-linux-x86_64-fedora-clang, r-devel-linux-x86_64-fedora-gcc