CRAN Package Check Results for Package kknn

Last updated on 2017-06-22 17:47:47.

Flavor Version Tinstall Tcheck Ttotal Status Flags
r-devel-linux-x86_64-debian-clang 1.3.1 3.72 36.44 40.17 NOTE
r-devel-linux-x86_64-debian-gcc 1.3.1 3.59 36.51 40.10 NOTE
r-devel-linux-x86_64-fedora-clang 1.3.1 88.24 NOTE
r-devel-linux-x86_64-fedora-gcc 1.3.1 87.38 NOTE
r-devel-windows-ix86+x86_64 1.3.1 16.00 81.00 97.00 OK
r-patched-linux-x86_64 1.3.1 3.74 35.27 39.00 NOTE
r-patched-solaris-sparc 1.3.1 498.30 OK
r-patched-solaris-x86 1.3.1 117.40 OK
r-release-linux-x86_64 1.3.1 3.64 35.30 38.94 NOTE
r-release-windows-ix86+x86_64 1.3.1 14.00 114.00 128.00 OK
r-release-osx-x86_64 1.3.1 OK
r-oldrel-windows-ix86+x86_64 1.3.1 14.00 74.00 88.00 OK
r-oldrel-osx-x86_64 1.3.1 OK

Check Details

Version: 1.3.1
Check: compiled code
Result: NOTE
    File ‘kknn/libs/kknn.so’:
     Found no calls to: ‘R_registerRoutines’, ‘R_useDynamicSymbols’
    
    It is good practice to register native routines and to disable symbol
    search.
    
    See ‘Writing portable packages’ in the ‘Writing R Extensions’ manual.
Flavors: r-devel-linux-x86_64-debian-clang, r-devel-linux-x86_64-debian-gcc, r-devel-linux-x86_64-fedora-clang, r-devel-linux-x86_64-fedora-gcc, r-patched-linux-x86_64, r-release-linux-x86_64