CRAN Package Check Results for Package kknn

Last updated on 2014-04-24 19:54:00.

Flavor Version Tinstall Tcheck Ttotal Status Flags
r-devel-linux-x86_64-debian-clang 1.2-5 4.07 43.40 47.47 OK
r-devel-linux-x86_64-debian-gcc 1.2-5 3.85 43.05 46.90 OK
r-devel-linux-x86_64-fedora-clang 1.2-5 107.39 OK
r-devel-linux-x86_64-fedora-gcc 1.2-5 106.67 OK
r-devel-osx-x86_64-clang 1.2-5 78.70 OK
r-devel-osx-x86_64-gcc 1.2-5 ERROR
r-devel-windows-ix86+x86_64 1.2-5 11.00 79.00 90.00 OK
r-patched-linux-x86_64 1.2-5 3.92 42.45 46.37 OK
r-patched-solaris-sparc 1.2-5 579.70 OK
r-patched-solaris-x86 1.2-5 145.50 OK
r-release-linux-ix86 1.2-5 6.00 69.00 75.00 OK
r-release-linux-x86_64 1.2-5 3.79 43.21 47.00 OK
r-release-osx-x86_64-mavericks 1.2-5 OK
r-release-osx-x86_64-snowleopard 1.2-5 OK
r-release-windows-ix86+x86_64 1.2-5 12.00 80.00 92.00 OK
r-oldrel-windows-ix86+x86_64 1.2-5 12.00 78.00 90.00 OK

Check Details

Version: 1.2-5
Check: package dependencies
Result: ERROR
    Package required but not available: ‘igraph’
    
    See the information on DESCRIPTION files in the chapter ‘Creating R
    packages’ of the ‘Writing R Extensions’ manual.
Flavor: r-devel-osx-x86_64-gcc