CRAN Package Check Results for Package klaR

Last updated on 2014-04-16 18:47:49.

Flavor Version Tinstall Tcheck Ttotal Status Flags
r-devel-linux-x86_64-debian-clang 0.6-10 1.52 55.27 56.79 OK
r-devel-linux-x86_64-debian-gcc 0.6-10 1.46 55.64 57.10 OK
r-devel-linux-x86_64-fedora-clang 0.6-10 114.62 OK
r-devel-linux-x86_64-fedora-gcc 0.6-10 109.10 OK
r-devel-macosx-x86_64-clang 0.6-10 92.90 OK
r-devel-macosx-x86_64-gcc 0.6-10 ERROR
r-devel-windows-ix86+x86_64 0.6-10 4.00 74.00 78.00 OK
r-patched-linux-x86_64 0.6-10 1.42 54.94 56.36 OK
r-patched-solaris-sparc 0.6-10 669.00 OK
r-patched-solaris-x86 0.6-10 128.30 OK
r-release-linux-ix86 0.6-10 3.00 86.00 89.00 OK
r-release-linux-x86_64 0.6-10 1.56 55.15 56.71 OK
r-release-macosx-x86_64 0.6-10 OK
r-release-windows-ix86+x86_64 0.6-10 5.00 85.00 90.00 OK
r-oldrel-windows-ix86+x86_64 0.6-10 5.00 77.00 82.00 OK

Check Details

Version: 0.6-10
Check: package dependencies
Result: NOTE
    Package suggested but not available for checking: ‘evtree’
Flavor: r-devel-macosx-x86_64-gcc

Version: 0.6-10
Check: examples
Result: ERROR
    Running examples in ‘klaR-Ex.R’ failed
    The error most likely occurred in:
    
    > ### Name: woe
    > ### Title: Weights of evidence
    > ### Aliases: woe woe.default woe.formula print.woe
    > ### Keywords: classif multivariate
    >
    > ### ** Examples
    >
    > ## load German credit data
    > library("evtree")
    Error in library("evtree") : there is no package called ‘evtree’
    Execution halted
Flavor: r-devel-macosx-x86_64-gcc