CRAN Package Check Results for Package klaR

Last updated on 2015-05-07 09:46:38.

Flavor Version Tinstall Tcheck Ttotal Status Flags
r-devel-linux-x86_64-debian-clang 0.6-12 1.43 47.19 48.62 NOTE
r-devel-linux-x86_64-debian-gcc 0.6-12 1.45 48.81 50.26 NOTE
r-devel-linux-x86_64-fedora-clang 0.6-12 100.86 NOTE
r-devel-linux-x86_64-fedora-gcc 0.6-12 95.66 NOTE
r-devel-osx-x86_64-clang 0.6-12 85.37 NOTE
r-devel-windows-ix86+x86_64 0.6-12 5.00 70.00 75.00 NOTE
r-patched-linux-x86_64 0.6-12 1.89 55.76 57.64 NOTE
r-patched-solaris-sparc 0.6-12 628.70 NOTE
r-patched-solaris-x86 0.6-12 120.10 NOTE
r-release-linux-x86_64 0.6-12 1.30 48.14 49.44 NOTE
r-release-osx-x86_64-mavericks 0.6-12 NOTE
r-release-osx-x86_64-snowleopard 0.6-12 NOTE
r-release-windows-ix86+x86_64 0.6-12 6.00 75.00 81.00 NOTE
r-oldrel-windows-ix86+x86_64 0.6-12 6.00 75.00 81.00 NOTE

Check Details

Version: 0.6-12
Check: DESCRIPTION meta-information
Result: NOTE
    Malformed Description field: should contain one or more complete sentences.
Flavors: r-devel-linux-x86_64-debian-clang, r-devel-linux-x86_64-debian-gcc, r-devel-linux-x86_64-fedora-clang, r-devel-linux-x86_64-fedora-gcc, r-devel-osx-x86_64-clang, r-devel-windows-ix86+x86_64, r-patched-linux-x86_64, r-patched-solaris-sparc, r-patched-solaris-x86, r-release-linux-x86_64, r-release-osx-x86_64-mavericks, r-release-osx-x86_64-snowleopard, r-release-windows-ix86+x86_64

Version: 0.6-12
Check: dependencies in R code
Result: NOTE
    'library' or 'require' calls in package code:
     ‘e1071’ ‘rpart’ ‘scatterplot3d’ ‘som’
     Please use :: or requireNamespace() instead.
     See section 'Suggested packages' in the 'Writing R Extensions' manual.
Flavors: r-devel-linux-x86_64-debian-clang, r-devel-linux-x86_64-debian-gcc, r-devel-linux-x86_64-fedora-clang, r-devel-linux-x86_64-fedora-gcc, r-devel-osx-x86_64-clang, r-devel-windows-ix86+x86_64, r-patched-linux-x86_64, r-patched-solaris-sparc, r-patched-solaris-x86, r-release-linux-x86_64, r-release-osx-x86_64-mavericks, r-release-osx-x86_64-snowleopard, r-release-windows-ix86+x86_64, r-oldrel-windows-ix86+x86_64