CRAN Package Check Results for Package klaR

Last updated on 2015-04-01 13:48:17.

Flavor Version Tinstall Tcheck Ttotal Status Flags
r-devel-linux-x86_64-debian-clang 0.6-12 1.32 49.35 50.66 NOTE
r-devel-linux-x86_64-debian-gcc 0.6-12 1.34 48.25 49.59 NOTE
r-devel-linux-x86_64-fedora-clang 0.6-12 100.19 NOTE
r-devel-linux-x86_64-fedora-gcc 0.6-12 105.64 NOTE
r-devel-osx-x86_64-clang 0.6-12 94.51 NOTE
r-prerel-windows-ix86+x86_64 0.6-12 8.00 72.00 80.00 NOTE
r-prerel-linux-x86_64 0.6-12 1.40 46.88 48.28 NOTE
r-prerel-solaris-sparc 0.6-12 628.70 NOTE
r-prerel-solaris-x86 0.6-12 122.50 NOTE
r-release-linux-x86_64 0.6-12 1.36 55.10 56.45 NOTE
r-release-osx-x86_64-mavericks 0.6-12 OK
r-release-osx-x86_64-snowleopard 0.6-12 OK
r-release-windows-ix86+x86_64 0.6-12 6.00 78.00 84.00 NOTE
r-oldrel-windows-ix86+x86_64 0.6-12 6.00 91.00 97.00 OK

Check Details

Version: 0.6-12
Check: DESCRIPTION meta-information
Result: NOTE
    Malformed Description field: should contain one or more complete sentences.
Flavors: r-devel-linux-x86_64-debian-clang, r-devel-linux-x86_64-debian-gcc, r-devel-linux-x86_64-fedora-clang, r-devel-linux-x86_64-fedora-gcc, r-devel-osx-x86_64-clang, r-prerel-windows-ix86+x86_64, r-prerel-linux-x86_64, r-prerel-solaris-sparc, r-prerel-solaris-x86

Version: 0.6-12
Check: dependencies in R code
Result: NOTE
    'library' or 'require' calls in package code:
     ‘e1071’ ‘rpart’ ‘scatterplot3d’ ‘som’
     Please use :: or requireNamespace() instead.
     See section 'Suggested packages' in the 'Writing R Extensions' manual.
Flavors: r-devel-linux-x86_64-debian-clang, r-devel-linux-x86_64-debian-gcc, r-devel-linux-x86_64-fedora-clang, r-devel-linux-x86_64-fedora-gcc, r-devel-osx-x86_64-clang, r-prerel-windows-ix86+x86_64, r-prerel-linux-x86_64, r-prerel-solaris-sparc, r-prerel-solaris-x86, r-release-linux-x86_64, r-release-windows-ix86+x86_64