CRAN Package Check Results for Package klaR

Last updated on 2015-01-30 21:47:03.

Flavor Version Tinstall Tcheck Ttotal Status Flags
r-devel-linux-x86_64-debian-clang 0.6-12 1.33 47.54 48.87 NOTE
r-devel-linux-x86_64-debian-gcc 0.6-12 1.32 48.42 49.74 NOTE
r-devel-linux-x86_64-fedora-clang 0.6-12 107.20 NOTE
r-devel-linux-x86_64-fedora-gcc 0.6-12 97.50 NOTE
r-devel-osx-x86_64-clang 0.6-12 93.05 NOTE
r-devel-windows-ix86+x86_64 0.6-12 10.00 72.00 82.00 NOTE
r-patched-linux-x86_64 0.6-12 1.37 54.82 56.19 OK
r-patched-solaris-sparc 0.6-12 656.80 OK
r-patched-solaris-x86 0.6-12 131.80 OK
r-release-linux-ix86 0.6-12 1.78 64.61 66.39 OK
r-release-linux-x86_64 0.6-12 1.38 55.00 56.39 OK
r-release-osx-x86_64-mavericks 0.6-12 OK
r-release-osx-x86_64-snowleopard 0.6-12 OK
r-release-windows-ix86+x86_64 0.6-12 5.00 82.00 87.00 OK
r-oldrel-windows-ix86+x86_64 0.6-12 6.00 84.00 90.00 OK

Check Details

Version: 0.6-12
Check: dependencies in R code
Result: NOTE
    'library' or 'require' calls in package code:
     ‘e1071’ ‘rpart’ ‘scatterplot3d’ ‘som’
     Please use :: or requireNamespace() instead.
     See section 'Suggested packages' in the 'Writing R Extensions' manual.
Flavors: r-devel-linux-x86_64-debian-clang, r-devel-linux-x86_64-debian-gcc, r-devel-linux-x86_64-fedora-clang, r-devel-linux-x86_64-fedora-gcc, r-devel-osx-x86_64-clang, r-devel-windows-ix86+x86_64