CRAN Package Check Results for Package klaR

Last updated on 2015-02-26 23:47:46.

Flavor Version Tinstall Tcheck Ttotal Status Flags
r-devel-linux-x86_64-debian-clang 0.6-12 1.35 48.91 50.26 NOTE
r-devel-linux-x86_64-debian-gcc 0.6-12 1.27 47.97 49.24 NOTE
r-devel-linux-x86_64-fedora-clang 0.6-12 99.48 NOTE
r-devel-linux-x86_64-fedora-gcc 0.6-12 94.41 NOTE
r-devel-osx-x86_64-clang 0.6-12 88.69 NOTE
r-devel-windows-ix86+x86_64 0.6-12 7.00 71.00 78.00 NOTE
r-patched-linux-x86_64 0.6-12 1.35 53.38 54.73 NOTE
r-patched-solaris-sparc 0.6-12 681.50 NOTE
r-patched-solaris-x86 0.6-12 131.00 NOTE
r-release-linux-ix86 0.6-12 2.85 65.35 68.20 OK
r-release-linux-x86_64 0.6-12 1.35 0.26 1.61 OK
r-release-osx-x86_64-mavericks 0.6-12 OK
r-release-osx-x86_64-snowleopard 0.6-12 OK
r-release-windows-ix86+x86_64 0.6-12 6.00 83.00 89.00 OK
r-oldrel-windows-ix86+x86_64 0.6-12 6.00 82.00 88.00 OK

Check Details

Version: 0.6-12
Check: DESCRIPTION meta-information
Result: NOTE
    Malformed Description field: should contain one or more complete sentences.
Flavors: r-devel-linux-x86_64-debian-clang, r-devel-linux-x86_64-debian-gcc, r-devel-linux-x86_64-fedora-clang, r-devel-linux-x86_64-fedora-gcc, r-devel-osx-x86_64-clang, r-devel-windows-ix86+x86_64

Version: 0.6-12
Check: dependencies in R code
Result: NOTE
    'library' or 'require' calls in package code:
     ‘e1071’ ‘rpart’ ‘scatterplot3d’ ‘som’
     Please use :: or requireNamespace() instead.
     See section 'Suggested packages' in the 'Writing R Extensions' manual.
Flavors: r-devel-linux-x86_64-debian-clang, r-devel-linux-x86_64-debian-gcc, r-devel-linux-x86_64-fedora-clang, r-devel-linux-x86_64-fedora-gcc, r-devel-osx-x86_64-clang, r-devel-windows-ix86+x86_64, r-patched-linux-x86_64, r-patched-solaris-sparc, r-patched-solaris-x86