CRAN Package Check Results for Package klaR

Last updated on 2021-11-30 18:49:57 CET.

Flavor Version Tinstall Tcheck Ttotal Status Flags
r-devel-linux-x86_64-debian-clang 0.6-15 15.46 129.68 145.14 OK
r-devel-linux-x86_64-debian-gcc 0.6-15 11.31 93.15 104.46 OK
r-devel-linux-x86_64-fedora-clang 0.6-15 184.85 NOTE
r-devel-linux-x86_64-fedora-gcc 0.6-15 166.37 OK
r-devel-windows-x86_64-new-UL 0.6-15 31.00 181.00 212.00 OK
r-devel-windows-x86_64-new-TK 0.6-15 OK
r-devel-windows-x86_64-old 0.6-15 24.00 117.00 141.00 OK
r-patched-linux-x86_64 0.6-15 13.71 121.33 135.04 OK
r-patched-solaris-x86 0.6-15 210.10 OK
r-release-linux-x86_64 0.6-15 11.77 123.58 135.35 OK
r-release-macos-arm64 0.6-15 OK
r-release-macos-x86_64 0.6-15 OK
r-release-windows-ix86+x86_64 0.6-15 28.00 116.00 144.00 OK
r-oldrel-macos-x86_64 0.6-15 OK
r-oldrel-windows-ix86+x86_64 0.6-15 19.00 118.00 137.00 OK

Additional issues

MKL

Check Details

Version: 0.6-15
Check: Rd cross-references
Result: NOTE
    Undeclared packages ‘clustMixType’, ‘randomForest’, ‘ClustVarLV’ in Rd xrefs
Flavor: r-devel-linux-x86_64-fedora-clang