CRAN Package Check Results for Package klausuR

Last updated on 2015-03-06 23:48:20.

Flavor Version Tinstall Tcheck Ttotal Status Flags
r-devel-linux-x86_64-debian-clang 0.12-10 1.42 23.38 24.81 NOTE
r-devel-linux-x86_64-debian-gcc 0.12-10 1.27 22.73 24.00 NOTE
r-devel-linux-x86_64-fedora-clang 0.12-10 50.51 NOTE
r-devel-linux-x86_64-fedora-gcc 0.12-10 47.86 NOTE
r-devel-osx-x86_64-clang 0.12-10 46.99 NOTE
r-devel-windows-ix86+x86_64 0.12-10 9.00 37.00 46.00 NOTE
r-patched-linux-x86_64 0.12-10 2.02 30.12 32.14 NOTE
r-patched-solaris-sparc 0.12-10 349.00 NOTE
r-patched-solaris-x86 0.12-10 81.80 NOTE
r-release-linux-ix86 0.12-10 2.27 42.95 45.22 NOTE
r-release-linux-x86_64 0.12-10 1.88 28.11 29.98 NOTE
r-release-osx-x86_64-mavericks 0.12-10 NOTE
r-release-osx-x86_64-snowleopard 0.12-10 NOTE
r-release-windows-ix86+x86_64 0.12-10 8.00 50.00 58.00 NOTE
r-oldrel-windows-ix86+x86_64 0.12-10 7.00 58.00 65.00 NOTE

Check Details

Version: 0.12-10
Check: package dependencies
Result: NOTE
    Package which this enhances but not available for checking: ‘rkward’
Flavors: r-devel-linux-x86_64-debian-clang, r-devel-linux-x86_64-debian-gcc, r-devel-linux-x86_64-fedora-clang, r-devel-linux-x86_64-fedora-gcc, r-devel-osx-x86_64-clang, r-devel-windows-ix86+x86_64, r-patched-linux-x86_64, r-patched-solaris-sparc, r-patched-solaris-x86, r-release-linux-ix86, r-release-linux-x86_64, r-release-osx-x86_64-mavericks, r-release-osx-x86_64-snowleopard, r-release-windows-ix86+x86_64, r-oldrel-windows-ix86+x86_64

Version: 0.12-10
Check: data for non-ASCII characters
Result: NOTE
     Note: found 8 marked UTF-8 strings
Flavors: r-devel-linux-x86_64-debian-clang, r-devel-linux-x86_64-debian-gcc, r-devel-linux-x86_64-fedora-clang, r-devel-linux-x86_64-fedora-gcc, r-devel-osx-x86_64-clang, r-devel-windows-ix86+x86_64, r-patched-linux-x86_64, r-patched-solaris-sparc, r-patched-solaris-x86, r-release-linux-ix86, r-release-linux-x86_64, r-release-osx-x86_64-mavericks, r-release-osx-x86_64-snowleopard, r-release-windows-ix86+x86_64, r-oldrel-windows-ix86+x86_64