CRAN Package Check Results for Package klausuR

Last updated on 2014-08-27 10:47:51.

Flavor Version Tinstall Tcheck Ttotal Status Flags
r-devel-linux-x86_64-debian-clang 0.12-5 1.44 23.47 24.91 NOTE
r-devel-linux-x86_64-debian-gcc 0.12-5 1.44 22.78 24.22 NOTE
r-devel-linux-x86_64-fedora-clang 0.12-5 50.74 NOTE
r-devel-linux-x86_64-fedora-gcc 0.12-5 49.05 NOTE
r-devel-osx-x86_64-clang 0.12-5 45.95 NOTE
r-devel-windows-ix86+x86_64 0.12-5 4.00 34.00 38.00 NOTE
r-patched-linux-x86_64 0.12-5 1.50 23.94 25.44 NOTE
r-patched-solaris-sparc 0.12-5 295.20 NOTE
r-patched-solaris-x86 0.12-5 70.40 NOTE
r-release-linux-ix86 0.12-5 1.99 32.08 34.06 NOTE
r-release-linux-x86_64 0.12-5 1.59 23.82 25.40 NOTE
r-release-osx-x86_64-mavericks 0.12-5 NOTE
r-release-osx-x86_64-snowleopard 0.12-5 WARN
r-release-windows-ix86+x86_64 0.12-5 6.00 41.00 47.00 NOTE
r-oldrel-windows-ix86+x86_64 0.12-5 6.00 37.00 43.00 NOTE

Check Details

Version: 0.12-5
Check: package dependencies
Result: NOTE
    Package which this enhances but not available for checking: ‘rkward’
Flavors: r-devel-linux-x86_64-debian-clang, r-devel-linux-x86_64-debian-gcc, r-devel-linux-x86_64-fedora-clang, r-devel-linux-x86_64-fedora-gcc, r-devel-osx-x86_64-clang, r-devel-windows-ix86+x86_64, r-patched-linux-x86_64, r-patched-solaris-sparc, r-patched-solaris-x86, r-release-linux-ix86, r-release-linux-x86_64, r-release-osx-x86_64-mavericks, r-release-osx-x86_64-snowleopard, r-release-windows-ix86+x86_64, r-oldrel-windows-ix86+x86_64

Version: 0.12-5
Check: data for non-ASCII characters
Result: NOTE
     Note: found 8 marked UTF-8 strings
Flavors: r-devel-linux-x86_64-debian-clang, r-devel-linux-x86_64-debian-gcc, r-devel-linux-x86_64-fedora-clang, r-devel-linux-x86_64-fedora-gcc, r-devel-osx-x86_64-clang, r-devel-windows-ix86+x86_64, r-patched-linux-x86_64, r-patched-solaris-sparc, r-patched-solaris-x86, r-release-linux-ix86, r-release-linux-x86_64, r-release-osx-x86_64-mavericks, r-release-osx-x86_64-snowleopard, r-release-windows-ix86+x86_64, r-oldrel-windows-ix86+x86_64

Version: 0.12-5
Check: Rd line widths
Result: NOTE
    Rd file 'klausur.mufo.Rd':
     \examples lines wider than 100 characters:
     mufo.data.obj <- klausur.data(answ=antworten.mufo, corr=richtig, marks=notenschluessel, corr.key=corr.key)
    
    These lines will be truncated in the PDF manual.
Flavors: r-devel-linux-x86_64-fedora-clang, r-devel-linux-x86_64-fedora-gcc

Version: 0.12-5
Check: examples
Result: WARN
    checking a package with encoding 'UTF-8' in an ASCII locale
    
     OK
Flavor: r-release-osx-x86_64-snowleopard