CRAN Package Check Results for Package klausuR

Last updated on 2015-09-01 09:47:53.

Flavor Version Tinstall Tcheck Ttotal Status Flags
r-devel-linux-x86_64-debian-clang 0.12-10 1.24 22.56 23.80 NOTE
r-devel-linux-x86_64-debian-gcc 0.12-10 1.18 22.17 23.35 NOTE
r-devel-linux-x86_64-fedora-clang 0.12-10 48.41 NOTE
r-devel-linux-x86_64-fedora-gcc 0.12-10 45.78 NOTE
r-devel-osx-x86_64-clang 0.12-10 41.56 NOTE
r-devel-windows-ix86+x86_64 0.12-10 6.00 59.00 65.00 NOTE
r-patched-linux-x86_64 0.12-10 1.64 24.76 26.40 NOTE
r-patched-solaris-sparc 0.12-10 301.80 NOTE
r-patched-solaris-x86 0.12-10 70.00 NOTE
r-release-linux-x86_64 0.12-10 1.30 24.06 25.36 NOTE
r-release-osx-x86_64-mavericks 0.12-10 NOTE
r-release-windows-ix86+x86_64 0.12-10 7.00 47.00 54.00 NOTE
r-oldrel-windows-ix86+x86_64 0.12-10 12.00 57.00 69.00 NOTE

Check Details

Version: 0.12-10
Check: package dependencies
Result: NOTE
    Package which this enhances but not available for checking: ‘rkward’
Flavors: r-devel-linux-x86_64-debian-clang, r-devel-linux-x86_64-debian-gcc, r-devel-linux-x86_64-fedora-clang, r-devel-linux-x86_64-fedora-gcc, r-devel-osx-x86_64-clang, r-devel-windows-ix86+x86_64, r-patched-linux-x86_64, r-patched-solaris-sparc, r-patched-solaris-x86, r-release-linux-x86_64, r-release-osx-x86_64-mavericks, r-release-windows-ix86+x86_64, r-oldrel-windows-ix86+x86_64

Version: 0.12-10
Check: R code for possible problems
Result: NOTE
    distrct.analysis : <anonymous> : <anonymous>: no visible global
     function definition for ‘cor’
    grand.table: no visible global function definition for ‘write.csv2’
    grand.table: no visible global function definition for ‘write.csv’
    klausur: no visible global function definition for ‘sd’
    klausur: no visible global function definition for ‘na.omit’
    klausur.gen.marks : suggestion : <anonymous>: no visible global
     function definition for ‘qnorm’
    klausur.mufo: no visible global function definition for ‘sd’
    klausur.report: no visible global function definition for ‘dev.off’
    klausur.report : tabellenbau: no visible global function definition for
     ‘capture.output’
    plot,klausuR-missing: no visible global function definition for
     ‘na.omit’
    plot,klausuR-missing: no visible global function definition for ‘sd’
    plot,klausuR-missing : <anonymous>: no visible global function
     definition for ‘dnorm’
    Undefined global functions or variables:
     capture.output cor dev.off dnorm na.omit qnorm sd write.csv
     write.csv2
    Consider adding
     importFrom("grDevices", "dev.off")
     importFrom("stats", "cor", "dnorm", "na.omit", "qnorm", "sd")
     importFrom("utils", "capture.output", "write.csv", "write.csv2")
    to your NAMESPACE.
Flavors: r-devel-linux-x86_64-debian-clang, r-devel-linux-x86_64-debian-gcc, r-devel-linux-x86_64-fedora-clang, r-devel-linux-x86_64-fedora-gcc, r-devel-windows-ix86+x86_64

Version: 0.12-10
Check: data for non-ASCII characters
Result: NOTE
     Note: found 8 marked UTF-8 strings
Flavors: r-devel-linux-x86_64-fedora-clang, r-devel-linux-x86_64-fedora-gcc, r-devel-osx-x86_64-clang, r-patched-linux-x86_64, r-patched-solaris-sparc, r-patched-solaris-x86, r-release-linux-x86_64, r-release-osx-x86_64-mavericks, r-release-windows-ix86+x86_64, r-oldrel-windows-ix86+x86_64