CRAN Package Check Results for Package klausuR

Last updated on 2015-07-29 08:50:05.

Flavor Version Tinstall Tcheck Ttotal Status Flags
r-devel-linux-x86_64-debian-clang 0.12-10 1.94 24.14 26.08 NOTE
r-devel-linux-x86_64-debian-gcc 0.12-10 1.34 24.41 25.75 NOTE
r-devel-linux-x86_64-fedora-clang 0.12-10 50.62 NOTE
r-devel-linux-x86_64-fedora-gcc 0.12-10 51.14 NOTE
r-devel-osx-x86_64-clang 0.12-10 40.44 NOTE
r-devel-windows-ix86+x86_64 0.12-10 5.00 38.00 43.00 NOTE
r-patched-linux-x86_64 0.12-10 1.30 23.79 25.09 NOTE
r-patched-solaris-sparc 0.12-10 301.80 NOTE
r-patched-solaris-x86 0.12-10 68.60 NOTE
r-release-linux-x86_64 0.12-10 1.95 23.60 25.55 NOTE
r-release-osx-x86_64-mavericks 0.12-10 NOTE
r-release-windows-ix86+x86_64 0.12-10 9.00 44.00 53.00 NOTE
r-oldrel-windows-ix86+x86_64 0.12-10 11.00 51.00 62.00 NOTE

Check Details

Version: 0.12-10
Check: package dependencies
Result: NOTE
    Package which this enhances but not available for checking: ‘rkward’
Flavors: r-devel-linux-x86_64-debian-clang, r-devel-linux-x86_64-debian-gcc, r-devel-linux-x86_64-fedora-clang, r-devel-linux-x86_64-fedora-gcc, r-devel-osx-x86_64-clang, r-devel-windows-ix86+x86_64, r-patched-linux-x86_64, r-patched-solaris-sparc, r-patched-solaris-x86, r-release-linux-x86_64, r-release-osx-x86_64-mavericks, r-release-windows-ix86+x86_64, r-oldrel-windows-ix86+x86_64

Version: 0.12-10
Check: R code for possible problems
Result: NOTE
    distrct.analysis : <anonymous> : <anonymous>: no visible global
     function definition for ‘cor’
    grand.table: no visible global function definition for ‘write.csv2’
    grand.table: no visible global function definition for ‘write.csv’
    klausur: no visible global function definition for ‘sd’
    klausur: no visible global function definition for ‘na.omit’
    klausur.gen.marks : suggestion : <anonymous>: no visible global
     function definition for ‘qnorm’
    klausur.mufo: no visible global function definition for ‘sd’
    klausur.report: no visible global function definition for ‘dev.off’
    klausur.report : tabellenbau: no visible global function definition for
     ‘capture.output’
    plot,klausuR-missing: no visible global function definition for
     ‘na.omit’
    plot,klausuR-missing: no visible global function definition for ‘sd’
    plot,klausuR-missing : <anonymous>: no visible global function
     definition for ‘dnorm’
    Undefined global functions or variables:
     capture.output cor dev.off dnorm na.omit qnorm sd write.csv
     write.csv2
    Consider adding
     importFrom("grDevices", "dev.off")
     importFrom("stats", "cor", "dnorm", "na.omit", "qnorm", "sd")
     importFrom("utils", "capture.output", "write.csv", "write.csv2")
    to your NAMESPACE.
Flavors: r-devel-linux-x86_64-debian-clang, r-devel-linux-x86_64-debian-gcc, r-devel-linux-x86_64-fedora-clang, r-devel-linux-x86_64-fedora-gcc, r-devel-windows-ix86+x86_64

Version: 0.12-10
Check: data for non-ASCII characters
Result: NOTE
     Note: found 8 marked UTF-8 strings
Flavors: r-devel-linux-x86_64-debian-clang, r-devel-linux-x86_64-debian-gcc, r-devel-linux-x86_64-fedora-clang, r-devel-linux-x86_64-fedora-gcc, r-devel-osx-x86_64-clang, r-devel-windows-ix86+x86_64, r-patched-linux-x86_64, r-patched-solaris-sparc, r-patched-solaris-x86, r-release-linux-x86_64, r-release-osx-x86_64-mavericks, r-release-windows-ix86+x86_64, r-oldrel-windows-ix86+x86_64