CRAN Package Check Results for Package klausuR

Last updated on 2015-05-24 03:48:04.

Flavor Version Tinstall Tcheck Ttotal Status Flags
r-devel-linux-x86_64-debian-clang 0.12-10 1.35 23.50 24.85 NOTE
r-devel-linux-x86_64-debian-gcc 0.12-10 1.36 23.70 25.05 NOTE
r-devel-linux-x86_64-fedora-clang 0.12-10 50.17 NOTE
r-devel-linux-x86_64-fedora-gcc 0.12-10 46.74 NOTE
r-devel-osx-x86_64-clang 0.12-10 46.03 NOTE
r-devel-windows-ix86+x86_64 0.12-10 5.00 36.00 41.00 NOTE
r-patched-linux-x86_64 0.12-10 1.63 23.91 25.54 NOTE
r-patched-solaris-sparc 0.12-10 297.80 NOTE
r-patched-solaris-x86 0.12-10 68.40 NOTE
r-release-linux-x86_64 0.12-10 1.34 24.19 25.53 NOTE
r-release-osx-x86_64-mavericks 0.12-10 NOTE
r-release-osx-x86_64-snowleopard 0.12-10 NOTE
r-release-windows-ix86+x86_64 0.12-10 6.00 40.00 46.00 NOTE
r-oldrel-windows-ix86+x86_64 0.12-10 8.00 51.00 59.00 NOTE

Check Details

Version: 0.12-10
Check: package dependencies
Result: NOTE
    Package which this enhances but not available for checking: ‘rkward’
Flavors: r-devel-linux-x86_64-debian-clang, r-devel-linux-x86_64-debian-gcc, r-devel-linux-x86_64-fedora-clang, r-devel-linux-x86_64-fedora-gcc, r-devel-osx-x86_64-clang, r-devel-windows-ix86+x86_64, r-patched-linux-x86_64, r-patched-solaris-sparc, r-patched-solaris-x86, r-release-linux-x86_64, r-release-osx-x86_64-mavericks, r-release-osx-x86_64-snowleopard, r-release-windows-ix86+x86_64, r-oldrel-windows-ix86+x86_64

Version: 0.12-10
Check: data for non-ASCII characters
Result: NOTE
     Note: found 8 marked UTF-8 strings
Flavors: r-devel-linux-x86_64-debian-clang, r-devel-linux-x86_64-debian-gcc, r-devel-linux-x86_64-fedora-clang, r-devel-linux-x86_64-fedora-gcc, r-devel-osx-x86_64-clang, r-devel-windows-ix86+x86_64, r-patched-linux-x86_64, r-patched-solaris-sparc, r-patched-solaris-x86, r-release-linux-x86_64, r-release-osx-x86_64-mavericks, r-release-osx-x86_64-snowleopard, r-release-windows-ix86+x86_64, r-oldrel-windows-ix86+x86_64