CRAN Package Check Results for Package klausuR

Last updated on 2014-10-21 12:49:09.

Flavor Version Tinstall Tcheck Ttotal Status Flags
r-devel-linux-x86_64-debian-clang 0.12-5 1.46 23.90 25.37 NOTE
r-devel-linux-x86_64-debian-gcc 0.12-5 1.45 23.22 24.67 NOTE
r-devel-linux-x86_64-fedora-clang 0.12-5 51.44 NOTE
r-devel-linux-x86_64-fedora-gcc 0.12-5 47.65 NOTE
r-devel-osx-x86_64-clang 0.12-5 49.87 NOTE
r-devel-windows-ix86+x86_64 0.12-5 6.00 34.00 40.00 NOTE
r-patched-linux-x86_64 0.12-5 1.58 23.96 25.54 NOTE
r-patched-solaris-sparc 0.12-5 295.20 NOTE
r-patched-solaris-x86 0.12-5 73.10 NOTE
r-release-linux-ix86 0.12-5 2.00 32.20 34.20 NOTE
r-release-linux-x86_64 0.12-5 1.53 24.77 26.30 NOTE
r-release-osx-x86_64-mavericks 0.12-5 NOTE
r-release-osx-x86_64-snowleopard 0.12-5 WARN
r-release-windows-ix86+x86_64 0.12-5 6.00 37.00 43.00 NOTE
r-oldrel-windows-ix86+x86_64 0.12-5 7.00 45.00 52.00 NOTE

Check Details

Version: 0.12-5
Check: package dependencies
Result: NOTE
    Package which this enhances but not available for checking: ‘rkward’
Flavors: r-devel-linux-x86_64-debian-clang, r-devel-linux-x86_64-debian-gcc, r-devel-linux-x86_64-fedora-clang, r-devel-linux-x86_64-fedora-gcc, r-devel-osx-x86_64-clang, r-devel-windows-ix86+x86_64, r-patched-linux-x86_64, r-patched-solaris-sparc, r-patched-solaris-x86, r-release-linux-ix86, r-release-linux-x86_64, r-release-osx-x86_64-mavericks, r-release-osx-x86_64-snowleopard, r-release-windows-ix86+x86_64, r-oldrel-windows-ix86+x86_64

Version: 0.12-5
Check: Rd line widths
Result: NOTE
    Rd file 'klausur.mufo.Rd':
     \examples lines wider than 100 characters:
     mufo.data.obj <- klausur.data(answ=antworten.mufo, corr=richtig, marks=notenschluessel, corr.key=corr.key)
    
    These lines will be truncated in the PDF manual.
Flavors: r-devel-linux-x86_64-debian-clang, r-devel-linux-x86_64-debian-gcc, r-devel-linux-x86_64-fedora-clang, r-devel-linux-x86_64-fedora-gcc, r-patched-linux-x86_64, r-release-linux-x86_64

Version: 0.12-5
Check: data for non-ASCII characters
Result: NOTE
     Note: found 8 marked UTF-8 strings
Flavors: r-devel-linux-x86_64-debian-clang, r-devel-linux-x86_64-debian-gcc, r-devel-linux-x86_64-fedora-clang, r-devel-linux-x86_64-fedora-gcc, r-devel-osx-x86_64-clang, r-devel-windows-ix86+x86_64, r-patched-linux-x86_64, r-patched-solaris-sparc, r-patched-solaris-x86, r-release-linux-ix86, r-release-linux-x86_64, r-release-osx-x86_64-mavericks, r-release-osx-x86_64-snowleopard, r-release-windows-ix86+x86_64, r-oldrel-windows-ix86+x86_64

Version: 0.12-5
Check: examples
Result: WARN
    checking a package with encoding 'UTF-8' in an ASCII locale
    
     OK
Flavor: r-release-osx-x86_64-snowleopard