CRAN Package Check Results for Package klausuR

Last updated on 2015-04-25 10:48:18.

Flavor Version Tinstall Tcheck Ttotal Status Flags
r-devel-linux-x86_64-debian-clang 0.12-10 1.75 23.71 25.46 NOTE
r-devel-linux-x86_64-debian-gcc 0.12-10 1.26 23.67 24.92 NOTE
r-devel-linux-x86_64-fedora-clang 0.12-10 49.94 NOTE
r-devel-linux-x86_64-fedora-gcc 0.12-10 47.34 NOTE
r-devel-osx-x86_64-clang 0.12-10 45.81 NOTE
r-devel-windows-ix86+x86_64 0.12-10 5.00 37.00 42.00 NOTE
r-patched-linux-x86_64 0.12-10 1.42 23.36 24.78 NOTE
r-patched-solaris-sparc 0.12-10 286.70 NOTE
r-patched-solaris-x86 0.12-10 67.10 NOTE
r-release-linux-x86_64 0.12-10 1.64 23.01 24.65 NOTE
r-release-osx-x86_64-mavericks 0.12-10 NOTE
r-release-osx-x86_64-snowleopard 0.12-10 NOTE
r-release-windows-ix86+x86_64 0.12-10 6.00 39.00 45.00 NOTE
r-oldrel-windows-ix86+x86_64 0.12-10 7.00 48.00 55.00 NOTE

Check Details

Version: 0.12-10
Check: package dependencies
Result: NOTE
    Package which this enhances but not available for checking: 'rkward'
Flavors: r-devel-windows-ix86+x86_64, r-patched-linux-x86_64, r-release-windows-ix86+x86_64, r-oldrel-windows-ix86+x86_64

Version: 0.12-10
Check: data for non-ASCII characters
Result: NOTE
     Note: found 8 marked UTF-8 strings
Flavors: r-devel-windows-ix86+x86_64, r-patched-linux-x86_64, r-release-windows-ix86+x86_64, r-oldrel-windows-ix86+x86_64