CRAN Package Check Results for Package klausuR

Last updated on 2016-09-26 17:48:19.

Flavor Version Tinstall Tcheck Ttotal Status Flags
r-devel-linux-x86_64-debian-clang 0.12-10 1.18 22.41 23.58 NOTE
r-devel-linux-x86_64-debian-gcc 0.12-10 1.36 23.08 24.43 NOTE
r-devel-linux-x86_64-fedora-clang 0.12-10 45.16 NOTE
r-devel-linux-x86_64-fedora-gcc 0.12-10 41.27 NOTE
r-devel-macos-x86_64-clang 0.12-10 36.03 NOTE
r-devel-windows-ix86+x86_64 0.12-10 7.00 59.00 66.00 NOTE
r-patched-linux-x86_64 0.12-10 1.23 22.94 24.17 NOTE
r-patched-solaris-sparc 0.12-10 268.60 NOTE
r-patched-solaris-x86 0.12-10 57.20 NOTE
r-release-linux-x86_64 0.12-10 1.29 23.04 24.32 NOTE
r-release-osx-x86_64-mavericks 0.12-10 NOTE
r-release-windows-ix86+x86_64 0.12-10 14.00 60.00 74.00 NOTE
r-oldrel-windows-ix86+x86_64 0.12-10 8.00 58.00 66.00 NOTE

Check Details

Version: 0.12-10
Check: package dependencies
Result: NOTE
    Package which this enhances but not available for checking: ‘rkward’
Flavors: r-devel-linux-x86_64-debian-clang, r-devel-linux-x86_64-debian-gcc, r-devel-linux-x86_64-fedora-clang, r-devel-linux-x86_64-fedora-gcc, r-devel-macos-x86_64-clang, r-devel-windows-ix86+x86_64, r-patched-linux-x86_64, r-patched-solaris-sparc, r-patched-solaris-x86, r-release-linux-x86_64, r-release-osx-x86_64-mavericks, r-release-windows-ix86+x86_64, r-oldrel-windows-ix86+x86_64

Version: 0.12-10
Check: R code for possible problems
Result: NOTE
    distrct.analysis : <anonymous> : <anonymous>: no visible global
     function definition for ‘cor’
    grand.table: no visible global function definition for ‘write.csv2’
    grand.table: no visible global function definition for ‘write.csv’
    klausur: no visible global function definition for ‘sd’
    klausur: no visible global function definition for ‘na.omit’
    klausur.gen.marks : suggestion : <anonymous>: no visible global
     function definition for ‘qnorm’
    klausur.mufo: no visible global function definition for ‘sd’
    klausur.report: no visible global function definition for ‘dev.off’
    klausur.report : tabellenbau: no visible global function definition for
     ‘capture.output’
    plot,klausuR-missing: no visible global function definition for
     ‘na.omit’
    plot,klausuR-missing: no visible global function definition for ‘sd’
    plot,klausuR-missing : <anonymous>: no visible global function
     definition for ‘dnorm’
    Undefined global functions or variables:
     capture.output cor dev.off dnorm na.omit qnorm sd write.csv
     write.csv2
    Consider adding
     importFrom("grDevices", "dev.off")
     importFrom("stats", "cor", "dnorm", "na.omit", "qnorm", "sd")
     importFrom("utils", "capture.output", "write.csv", "write.csv2")
    to your NAMESPACE file.
Flavors: r-devel-linux-x86_64-debian-clang, r-devel-linux-x86_64-debian-gcc, r-devel-linux-x86_64-fedora-clang, r-devel-linux-x86_64-fedora-gcc, r-devel-macos-x86_64-clang, r-devel-windows-ix86+x86_64, r-patched-linux-x86_64, r-patched-solaris-sparc, r-patched-solaris-x86, r-release-linux-x86_64, r-release-osx-x86_64-mavericks, r-release-windows-ix86+x86_64

Version: 0.12-10
Check: data for non-ASCII characters
Result: NOTE
     Note: found 8 marked UTF-8 strings
Flavors: r-devel-linux-x86_64-fedora-clang, r-devel-linux-x86_64-fedora-gcc, r-devel-macos-x86_64-clang, r-patched-solaris-sparc, r-patched-solaris-x86, r-release-osx-x86_64-mavericks, r-oldrel-windows-ix86+x86_64