CRAN Package Check Results for Package klausuR

Last updated on 2014-04-25 05:47:18.

Flavor Version Tinstall Tcheck Ttotal Status Flags
r-devel-linux-x86_64-debian-clang 0.12-5 1.72 25.02 26.73 NOTE
r-devel-linux-x86_64-debian-gcc 0.12-5 1.73 25.30 27.03 NOTE
r-devel-linux-x86_64-fedora-clang 0.12-5 52.31 NOTE
r-devel-linux-x86_64-fedora-gcc 0.12-5 50.38 NOTE
r-devel-osx-x86_64-clang 0.12-5 45.70 NOTE
r-devel-osx-x86_64-gcc 0.12-5 NOTE
r-devel-windows-ix86+x86_64 0.12-5 5.00 37.00 42.00 NOTE
r-patched-linux-x86_64 0.12-5 1.74 24.61 26.35 NOTE
r-patched-solaris-sparc 0.12-5 286.00 NOTE
r-patched-solaris-x86 0.12-5 70.50 NOTE
r-release-linux-ix86 0.12-5 3.00 45.00 48.00 NOTE
r-release-linux-x86_64 0.12-5 1.61 25.02 26.63 NOTE
r-release-osx-x86_64-mavericks 0.12-5 WARN
r-release-osx-x86_64-snowleopard 0.12-5 WARN
r-release-windows-ix86+x86_64 0.12-5 5.00 38.00 43.00 NOTE
r-oldrel-windows-ix86+x86_64 0.12-5 5.00 40.00 45.00 NOTE

Check Details

Version: 0.12-5
Check: package dependencies
Result: NOTE
    Package which this enhances but not available for checking: ‘rkward’
Flavors: r-devel-linux-x86_64-debian-clang, r-devel-linux-x86_64-debian-gcc, r-devel-linux-x86_64-fedora-clang, r-devel-linux-x86_64-fedora-gcc, r-devel-osx-x86_64-clang, r-devel-osx-x86_64-gcc, r-devel-windows-ix86+x86_64, r-patched-linux-x86_64, r-patched-solaris-sparc, r-patched-solaris-x86, r-release-linux-ix86, r-release-linux-x86_64, r-release-osx-x86_64-mavericks, r-release-osx-x86_64-snowleopard, r-release-windows-ix86+x86_64, r-oldrel-windows-ix86+x86_64

Version: 0.12-5
Check: data for non-ASCII characters
Result: NOTE
     Note: found 8 marked UTF-8 strings
Flavors: r-devel-linux-x86_64-debian-clang, r-devel-linux-x86_64-debian-gcc, r-devel-linux-x86_64-fedora-clang, r-devel-linux-x86_64-fedora-gcc, r-devel-osx-x86_64-clang, r-devel-osx-x86_64-gcc, r-devel-windows-ix86+x86_64, r-patched-linux-x86_64, r-patched-solaris-sparc, r-patched-solaris-x86, r-release-linux-ix86, r-release-linux-x86_64, r-release-osx-x86_64-mavericks, r-release-osx-x86_64-snowleopard, r-release-windows-ix86+x86_64, r-oldrel-windows-ix86+x86_64

Version: 0.12-5
Check: Rd line widths
Result: NOTE
    Rd file 'klausur.mufo.Rd':
     \examples lines wider than 100 characters:
     mufo.data.obj <- klausur.data(answ=antworten.mufo, corr=richtig, marks=notenschluessel, corr.key=corr.key)
    
    These lines will be truncated in the PDF manual.
Flavors: r-devel-linux-x86_64-fedora-clang, r-devel-linux-x86_64-fedora-gcc

Version: 0.12-5
Check: PDF version of manual
Result: WARNING
    LaTeX errors when creating PDF version.
    This typically indicates Rd problems.
    LaTeX errors found:
    ! LaTeX Error: File `upquote.sty' not found.
    
    Type X to quit or <RETURN> to proceed,
    or enter new name. (Default extension: sty)
    
    4065a53/Rd2.tex:8: ==> Fatal error occurred, no output PDF file produced!
Flavor: r-release-osx-x86_64-mavericks

Version: 0.12-5
Check: examples
Result: WARNING
    checking a package with encoding 'UTF-8' in an ASCII locale
    
     OK
Flavor: r-release-osx-x86_64-snowleopard