CRAN Package Check Results for Package klic

Last updated on 2024-06-16 09:56:07 CEST.

Flavor Version Tinstall Tcheck Ttotal Status Flags
r-devel-linux-x86_64-debian-clang 1.0.4 2.84 31.10 33.94 NOTE
r-devel-linux-x86_64-debian-gcc 1.0.4 2.69 24.40 27.09 NOTE
r-devel-linux-x86_64-fedora-clang 1.0.4 44.54 NOTE
r-devel-linux-x86_64-fedora-gcc 1.0.4 56.90 NOTE
r-devel-windows-x86_64 1.0.4 4.00 47.00 51.00 NOTE
r-patched-linux-x86_64 1.0.4 2.43 31.12 33.55 NOTE
r-release-linux-x86_64 1.0.4 2.14 31.62 33.76 NOTE
r-release-macos-arm64 1.0.4 24.00 NOTE
r-release-macos-x86_64 1.0.4 35.00 NOTE
r-release-windows-x86_64 1.0.4 4.00 47.00 51.00 NOTE
r-oldrel-macos-arm64 1.0.4 26.00 NOTE
r-oldrel-macos-x86_64 1.0.4 35.00 NOTE
r-oldrel-windows-x86_64 1.0.4 5.00 50.00 55.00 NOTE

Check Details

Version: 1.0.4
Check: LazyData
Result: NOTE 'LazyData' is specified without a 'data' directory Flavors: r-devel-linux-x86_64-debian-clang, r-devel-linux-x86_64-debian-gcc, r-devel-linux-x86_64-fedora-clang, r-devel-linux-x86_64-fedora-gcc, r-devel-windows-x86_64, r-patched-linux-x86_64, r-release-linux-x86_64, r-release-macos-arm64, r-release-macos-x86_64, r-release-windows-x86_64, r-oldrel-macos-arm64, r-oldrel-macos-x86_64, r-oldrel-windows-x86_64