CRAN Package Check Results for Package klin

Last updated on 2016-12-09 05:49:03.

Flavor Version Tinstall Tcheck Ttotal Status Flags
r-devel-linux-x86_64-debian-clang 2007-02-05 2.12 27.05 29.16 NOTE
r-devel-linux-x86_64-debian-gcc 2007-02-05 2.16 27.45 29.61 NOTE
r-devel-linux-x86_64-fedora-clang 2007-02-05 68.81 NOTE --no-stop-on-test-error
r-devel-linux-x86_64-fedora-gcc 2007-02-05 67.22 NOTE --no-stop-on-test-error
r-devel-macos-x86_64-clang 2007-02-05 50.41 NOTE
r-devel-windows-ix86+x86_64 2007-02-05 7.00 66.00 73.00 NOTE
r-patched-linux-x86_64 2007-02-05 2.22 24.83 27.05 NOTE
r-patched-solaris-sparc 2007-02-05 362.30 NOTE
r-patched-solaris-x86 2007-02-05 82.20 NOTE
r-release-linux-x86_64 2007-02-05 2.00 24.55 26.54 NOTE
r-release-osx-x86_64-mavericks 2007-02-05 NOTE
r-release-windows-ix86+x86_64 2007-02-05 5.00 69.00 74.00 NOTE
r-oldrel-windows-ix86+x86_64 2007-02-05 8.00 48.00 56.00 OK

Check Details

Version: 2007-02-05
Check: R code for possible problems
Result: NOTE
    klin.solve : <anonymous>: no visible global function definition for
     ‘is’
    Undefined global functions or variables:
     is
    Consider adding
     importFrom("methods", "is")
    to your NAMESPACE file (and ensure that your DESCRIPTION Imports field
    contains 'methods').
Flavors: r-devel-linux-x86_64-debian-clang, r-devel-linux-x86_64-debian-gcc, r-devel-macos-x86_64-clang, r-devel-windows-ix86+x86_64, r-patched-linux-x86_64, r-patched-solaris-sparc, r-patched-solaris-x86, r-release-linux-x86_64, r-release-osx-x86_64-mavericks, r-release-windows-ix86+x86_64

Version: 2007-02-05
Flags: --no-stop-on-test-error
Check: R code for possible problems
Result: NOTE
    klin.solve : <anonymous>: no visible global function definition for
     ‘is’
    Undefined global functions or variables:
     is
    Consider adding
     importFrom("methods", "is")
    to your NAMESPACE file (and ensure that your DESCRIPTION Imports field
    contains 'methods').
Flavors: r-devel-linux-x86_64-fedora-clang, r-devel-linux-x86_64-fedora-gcc