CRAN Package Check Results for Package klin

Last updated on 2017-06-22 13:46:49.

Flavor Version Tinstall Tcheck Ttotal Status Flags
r-devel-linux-x86_64-debian-clang 2007-02-05 2.32 29.06 31.38 NOTE
r-devel-linux-x86_64-debian-gcc 2007-02-05 2.48 29.42 31.90 NOTE
r-devel-linux-x86_64-fedora-clang 2007-02-05 70.69 NOTE
r-devel-linux-x86_64-fedora-gcc 2007-02-05 68.71 NOTE
r-devel-windows-ix86+x86_64 2007-02-05 9.00 56.00 65.00 NOTE
r-patched-linux-x86_64 2007-02-05 2.29 28.28 30.57 NOTE
r-patched-solaris-sparc 2007-02-05 403.40 NOTE
r-patched-solaris-x86 2007-02-05 99.00 NOTE
r-release-linux-x86_64 2007-02-05 2.31 27.45 29.76 NOTE
r-release-windows-ix86+x86_64 2007-02-05 10.00 73.00 83.00 NOTE
r-release-osx-x86_64 2007-02-05 NOTE
r-oldrel-windows-ix86+x86_64 2007-02-05 8.00 50.00 58.00 NOTE
r-oldrel-osx-x86_64 2007-02-05 NOTE

Check Details

Version: 2007-02-05
Check: R code for possible problems
Result: NOTE
    klin.solve : <anonymous>: no visible global function definition for
     ‘is’
    Undefined global functions or variables:
     is
    Consider adding
     importFrom("methods", "is")
    to your NAMESPACE file (and ensure that your DESCRIPTION Imports field
    contains 'methods').
Flavors: r-devel-linux-x86_64-debian-clang, r-devel-linux-x86_64-debian-gcc, r-devel-linux-x86_64-fedora-clang, r-devel-linux-x86_64-fedora-gcc, r-devel-windows-ix86+x86_64, r-patched-linux-x86_64, r-patched-solaris-sparc, r-patched-solaris-x86, r-release-linux-x86_64, r-release-windows-ix86+x86_64, r-release-osx-x86_64, r-oldrel-windows-ix86+x86_64, r-oldrel-osx-x86_64