CRAN Package Check Results for Package klin

Last updated on 2017-08-16 20:48:03.

Flavor Version Tinstall Tcheck Ttotal Status Flags
r-devel-linux-x86_64-debian-clang 2007-02-05 2.40 27.56 29.96 NOTE
r-devel-linux-x86_64-debian-gcc 2007-02-05 2.33 28.06 30.40 NOTE
r-devel-linux-x86_64-fedora-clang 2007-02-05 71.44 NOTE
r-devel-linux-x86_64-fedora-gcc 2007-02-05 70.26 NOTE
r-devel-windows-ix86+x86_64 2007-02-05 7.00 57.00 64.00 NOTE
r-patched-linux-x86_64 2007-02-05 2.26 28.08 30.34 NOTE
r-patched-solaris-x86 2007-02-05 97.40 NOTE
r-release-linux-x86_64 2007-02-05 2.35 28.01 30.36 NOTE
r-release-windows-ix86+x86_64 2007-02-05 7.00 71.00 78.00 NOTE
r-release-osx-x86_64 2007-02-05 NOTE
r-oldrel-windows-ix86+x86_64 2007-02-05 6.00 51.00 57.00 NOTE
r-oldrel-osx-x86_64 2007-02-05 NOTE

Check Details

Version: 2007-02-05
Check: R code for possible problems
Result: NOTE
    klin.solve : <anonymous>: no visible global function definition for
     ‘is’
    Undefined global functions or variables:
     is
    Consider adding
     importFrom("methods", "is")
    to your NAMESPACE file (and ensure that your DESCRIPTION Imports field
    contains 'methods').
Flavors: r-devel-linux-x86_64-debian-clang, r-devel-linux-x86_64-debian-gcc, r-devel-linux-x86_64-fedora-clang, r-devel-linux-x86_64-fedora-gcc, r-devel-windows-ix86+x86_64, r-patched-linux-x86_64, r-patched-solaris-x86, r-release-linux-x86_64, r-release-windows-ix86+x86_64, r-release-osx-x86_64, r-oldrel-windows-ix86+x86_64, r-oldrel-osx-x86_64