CRAN Package Check Results for Package klin

Last updated on 2017-02-21 23:50:49.

Flavor Version Tinstall Tcheck Ttotal Status Flags
r-devel-linux-x86_64-debian-clang 2007-02-05 2.16 27.92 30.08 NOTE
r-devel-linux-x86_64-debian-gcc 2007-02-05 2.17 27.86 30.02 NOTE
r-devel-linux-x86_64-fedora-clang 2007-02-05 68.67 NOTE --no-stop-on-test-error
r-devel-linux-x86_64-fedora-gcc 2007-02-05 69.14 NOTE --no-stop-on-test-error
r-devel-macos-x86_64-clang 2007-02-05 53.54 NOTE --no-stop-on-test-error
r-devel-windows-ix86+x86_64 2007-02-05 10.00 104.00 114.00 NOTE
r-patched-linux-x86_64 2007-02-05 1.98 25.13 27.11 NOTE
r-patched-solaris-sparc 2007-02-05 357.10 NOTE
r-patched-solaris-x86 2007-02-05 84.60 NOTE
r-release-linux-x86_64 2007-02-05 2.28 25.36 27.65 NOTE
r-release-osx-x86_64-mavericks 2007-02-05 NOTE
r-release-windows-ix86+x86_64 2007-02-05 12.00 72.00 84.00 NOTE
r-oldrel-windows-ix86+x86_64 2007-02-05 8.00 70.00 78.00 OK

Check Details

Version: 2007-02-05
Check: R code for possible problems
Result: NOTE
    klin.solve : <anonymous>: no visible global function definition for
     ‘is’
    Undefined global functions or variables:
     is
    Consider adding
     importFrom("methods", "is")
    to your NAMESPACE file (and ensure that your DESCRIPTION Imports field
    contains 'methods').
Flavors: r-devel-linux-x86_64-debian-clang, r-devel-linux-x86_64-debian-gcc, r-devel-windows-ix86+x86_64, r-patched-linux-x86_64, r-patched-solaris-sparc, r-patched-solaris-x86, r-release-linux-x86_64, r-release-osx-x86_64-mavericks, r-release-windows-ix86+x86_64

Version: 2007-02-05
Flags: --no-stop-on-test-error
Check: R code for possible problems
Result: NOTE
    klin.solve : <anonymous>: no visible global function definition for
     ‘is’
    Undefined global functions or variables:
     is
    Consider adding
     importFrom("methods", "is")
    to your NAMESPACE file (and ensure that your DESCRIPTION Imports field
    contains 'methods').
Flavors: r-devel-linux-x86_64-fedora-clang, r-devel-linux-x86_64-fedora-gcc, r-devel-macos-x86_64-clang