CRAN Package Check Results for Package klin

Last updated on 2018-01-17 03:49:15 CET.

Flavor Version Tinstall Tcheck Ttotal Status Flags
r-devel-linux-x86_64-debian-clang 2007-02-05 3.18 42.58 45.76 NOTE
r-devel-linux-x86_64-debian-gcc 2007-02-05 2.70 33.47 36.17 NOTE
r-devel-linux-x86_64-fedora-clang 2007-02-05 50.82 NOTE
r-devel-linux-x86_64-fedora-gcc 2007-02-05 58.19 NOTE
r-devel-windows-ix86+x86_64 2007-02-05 8.00 53.00 61.00 NOTE
r-patched-linux-x86_64 2007-02-05 3.30 45.33 48.63 NOTE
r-patched-solaris-x86 2007-02-05 105.50 NOTE
r-release-linux-x86_64 2007-02-05 3.00 45.13 48.13 NOTE
r-release-windows-ix86+x86_64 2007-02-05 8.00 74.00 82.00 NOTE
r-release-osx-x86_64 2007-02-05 NOTE
r-oldrel-windows-ix86+x86_64 2007-02-05 8.00 89.00 97.00 NOTE
r-oldrel-osx-x86_64 2007-02-05 NOTE

Check Details

Version: 2007-02-05
Check: R code for possible problems
Result: NOTE
    klin.solve : <anonymous>: no visible global function definition for
     ‘is’
    Undefined global functions or variables:
     is
    Consider adding
     importFrom("methods", "is")
    to your NAMESPACE file (and ensure that your DESCRIPTION Imports field
    contains 'methods').
Flavors: r-devel-linux-x86_64-debian-clang, r-devel-linux-x86_64-debian-gcc, r-devel-linux-x86_64-fedora-clang, r-devel-linux-x86_64-fedora-gcc, r-devel-windows-ix86+x86_64, r-patched-linux-x86_64, r-patched-solaris-x86, r-release-linux-x86_64, r-release-windows-ix86+x86_64, r-release-osx-x86_64, r-oldrel-windows-ix86+x86_64, r-oldrel-osx-x86_64