CRAN Package Check Results for Package klin

Last updated on 2017-10-23 01:46:45.

Flavor Version Tinstall Tcheck Ttotal Status Flags
r-devel-linux-x86_64-debian-clang 2007-02-05 2.20 27.56 29.76 NOTE
r-devel-linux-x86_64-debian-gcc 2007-02-05 2.85 31.46 34.31 NOTE
r-devel-linux-x86_64-fedora-clang 2007-02-05 73.04 NOTE
r-devel-linux-x86_64-fedora-gcc 2007-02-05 72.61 NOTE
r-devel-windows-ix86+x86_64 2007-02-05 7.00 78.00 85.00 NOTE
r-patched-linux-x86_64 2007-02-05 2.31 28.44 30.75 NOTE
r-patched-solaris-x86 2007-02-05 98.60 NOTE
r-release-linux-x86_64 2007-02-05 2.29 28.28 30.57 NOTE
r-release-windows-ix86+x86_64 2007-02-05 9.00 73.00 82.00 NOTE
r-release-osx-x86_64 2007-02-05 NOTE
r-oldrel-windows-ix86+x86_64 2007-02-05 5.00 69.00 74.00 NOTE
r-oldrel-osx-x86_64 2007-02-05 NOTE

Check Details

Version: 2007-02-05
Check: R code for possible problems
Result: NOTE
    klin.solve : <anonymous>: no visible global function definition for
     ‘is’
    Undefined global functions or variables:
     is
    Consider adding
     importFrom("methods", "is")
    to your NAMESPACE file (and ensure that your DESCRIPTION Imports field
    contains 'methods').
Flavors: r-devel-linux-x86_64-debian-clang, r-devel-linux-x86_64-debian-gcc, r-devel-linux-x86_64-fedora-clang, r-devel-linux-x86_64-fedora-gcc, r-devel-windows-ix86+x86_64, r-patched-linux-x86_64, r-patched-solaris-x86, r-release-linux-x86_64, r-release-windows-ix86+x86_64, r-release-osx-x86_64, r-oldrel-windows-ix86+x86_64, r-oldrel-osx-x86_64