CRAN Package Check Results for Package klin

Last updated on 2015-08-30 23:47:45.

Flavor Version Tinstall Tcheck Ttotal Status Flags
r-devel-linux-x86_64-debian-clang 2007-02-05 3.21 28.34 31.55 NOTE
r-devel-linux-x86_64-debian-gcc 2007-02-05 2.36 27.93 30.28 NOTE
r-devel-linux-x86_64-fedora-clang 2007-02-05 65.73 NOTE
r-devel-linux-x86_64-fedora-gcc 2007-02-05 63.00 NOTE
r-devel-osx-x86_64-clang 2007-02-05 52.59 OK
r-devel-windows-ix86+x86_64 2007-02-05 10.00 51.00 61.00 NOTE
r-patched-linux-x86_64 2007-02-05 2.52 30.90 33.42 OK
r-patched-solaris-sparc 2007-02-05 415.30 OK
r-patched-solaris-x86 2007-02-05 100.30 OK
r-release-linux-x86_64 2007-02-05 2.55 30.94 33.49 OK
r-release-osx-x86_64-mavericks 2007-02-05 OK
r-release-windows-ix86+x86_64 2007-02-05 9.00 69.00 78.00 OK
r-oldrel-windows-ix86+x86_64 2007-02-05 12.00 64.00 76.00 OK

Check Details

Version: 2007-02-05
Check: R code for possible problems
Result: NOTE
    klin.solve : <anonymous>: no visible global function definition for
     ‘is’
    Undefined global functions or variables:
     is
    Consider adding
     importFrom("methods", "is")
    to your NAMESPACE (and ensure that your DESCRIPTION Imports field
    contains 'methods').
Flavors: r-devel-linux-x86_64-debian-clang, r-devel-linux-x86_64-debian-gcc, r-devel-linux-x86_64-fedora-clang, r-devel-linux-x86_64-fedora-gcc, r-devel-windows-ix86+x86_64