CRAN Package Check Results for Package klin

Last updated on 2017-04-28 05:48:33.

Flavor Version Tinstall Tcheck Ttotal Status Flags
r-devel-linux-x86_64-debian-clang 2007-02-05 2.36 28.60 30.96 NOTE
r-devel-linux-x86_64-debian-gcc 2007-02-05 2.46 27.96 30.42 NOTE
r-devel-linux-x86_64-fedora-clang 2007-02-05 72.18 NOTE --no-stop-on-test-error
r-devel-linux-x86_64-fedora-gcc 2007-02-05 68.75 NOTE --no-stop-on-test-error
r-devel-windows-ix86+x86_64 2007-02-05 6.00 72.00 78.00 NOTE
r-patched-linux-x86_64 2007-02-05 2.22 27.75 29.97 NOTE
r-patched-solaris-sparc 2007-02-05 403.40 NOTE
r-patched-solaris-x86 2007-02-05 95.30 NOTE
r-release-linux-x86_64 2007-02-05 2.40 27.98 30.38 NOTE
r-release-windows-ix86+x86_64 2007-02-05 8.00 60.00 68.00 NOTE
r-release-osx-x86_64 2007-02-05 NOTE
r-oldrel-windows-ix86+x86_64 2007-02-05 9.00 45.00 54.00 NOTE
r-oldrel-osx-x86_64 2007-02-05 NOTE

Check Details

Version: 2007-02-05
Check: R code for possible problems
Result: NOTE
    klin.solve : <anonymous>: no visible global function definition for
     ‘is’
    Undefined global functions or variables:
     is
    Consider adding
     importFrom("methods", "is")
    to your NAMESPACE file (and ensure that your DESCRIPTION Imports field
    contains 'methods').
Flavors: r-devel-linux-x86_64-debian-clang, r-devel-linux-x86_64-debian-gcc, r-devel-windows-ix86+x86_64, r-patched-linux-x86_64, r-patched-solaris-sparc, r-patched-solaris-x86, r-release-linux-x86_64, r-release-windows-ix86+x86_64, r-release-osx-x86_64, r-oldrel-windows-ix86+x86_64, r-oldrel-osx-x86_64

Version: 2007-02-05
Flags: --no-stop-on-test-error
Check: R code for possible problems
Result: NOTE
    klin.solve : <anonymous>: no visible global function definition for
     ‘is’
    Undefined global functions or variables:
     is
    Consider adding
     importFrom("methods", "is")
    to your NAMESPACE file (and ensure that your DESCRIPTION Imports field
    contains 'methods').
Flavors: r-devel-linux-x86_64-fedora-clang, r-devel-linux-x86_64-fedora-gcc