CRAN Package Check Results for Package klin

Last updated on 2016-06-26 22:47:48.

Flavor Version Tinstall Tcheck Ttotal Status Flags
r-devel-linux-x86_64-debian-gcc 2007-02-05 2.26 26.70 28.97 NOTE
r-devel-linux-x86_64-fedora-clang 2007-02-05 59.40 NOTE
r-devel-linux-x86_64-fedora-gcc 2007-02-05 58.15 NOTE
r-devel-osx-x86_64-clang 2007-02-05 47.94 NOTE
r-devel-windows-ix86+x86_64 2007-02-05 7.00 72.00 79.00 NOTE
r-patched-linux-x86_64 2007-02-05 2.39 28.72 31.11 NOTE
r-patched-solaris-sparc 2007-02-05 362.30 NOTE
r-patched-solaris-x86 2007-02-05 83.00 NOTE
r-release-linux-x86_64 2007-02-05 2.60 29.37 31.96 NOTE
r-release-osx-x86_64-mavericks 2007-02-05 NOTE
r-release-windows-ix86+x86_64 2007-02-05 5.00 52.00 57.00 NOTE
r-oldrel-windows-ix86+x86_64 2007-02-05 9.00 69.00 78.00 OK

Check Details

Version: 2007-02-05
Check: R code for possible problems
Result: NOTE
    klin.solve : <anonymous>: no visible global function definition for
     ‘is’
    Undefined global functions or variables:
     is
    Consider adding
     importFrom("methods", "is")
    to your NAMESPACE file (and ensure that your DESCRIPTION Imports field
    contains 'methods').
Flavors: r-devel-linux-x86_64-debian-gcc, r-devel-linux-x86_64-fedora-clang, r-devel-linux-x86_64-fedora-gcc, r-devel-osx-x86_64-clang, r-devel-windows-ix86+x86_64, r-patched-linux-x86_64, r-patched-solaris-sparc, r-patched-solaris-x86, r-release-linux-x86_64, r-release-osx-x86_64-mavericks, r-release-windows-ix86+x86_64