CRAN Package Check Results for Package klin

Last updated on 2016-05-01 20:47:24.

Flavor Version Tinstall Tcheck Ttotal Status Flags
r-devel-linux-x86_64-debian-gcc 2007-02-05 2.42 27.96 30.38 NOTE
r-devel-linux-x86_64-fedora-clang 2007-02-05 60.77 NOTE
r-devel-linux-x86_64-fedora-gcc 2007-02-05 56.42 NOTE
r-devel-osx-x86_64-clang 2007-02-05 63.08 NOTE
r-devel-windows-ix86+x86_64 2007-02-05 7.00 54.00 61.00 NOTE
r-patched-linux-x86_64 2007-02-05 2.39 28.21 30.60 NOTE
r-patched-solaris-sparc 2007-02-05 354.70 NOTE
r-patched-solaris-x86 2007-02-05 83.40 NOTE
r-release-linux-x86_64 2007-02-05 2.56 31.01 33.57 OK
r-release-osx-x86_64-mavericks 2007-02-05 OK
r-release-windows-ix86+x86_64 2007-02-05 10.00 65.00 75.00 OK
r-oldrel-windows-ix86+x86_64 2007-02-05 12.00 57.00 69.00 OK

Check Details

Version: 2007-02-05
Check: R code for possible problems
Result: NOTE
    klin.solve : <anonymous>: no visible global function definition for
     ‘is’
    Undefined global functions or variables:
     is
    Consider adding
     importFrom("methods", "is")
    to your NAMESPACE file (and ensure that your DESCRIPTION Imports field
    contains 'methods').
Flavors: r-devel-linux-x86_64-debian-gcc, r-devel-linux-x86_64-fedora-clang, r-devel-linux-x86_64-fedora-gcc, r-devel-osx-x86_64-clang, r-devel-windows-ix86+x86_64, r-patched-linux-x86_64, r-patched-solaris-sparc, r-patched-solaris-x86