CRAN Package Check Results for Package klin

Last updated on 2018-05-21 23:50:58 CEST.

Flavor Version Tinstall Tcheck Ttotal Status Flags
r-devel-linux-x86_64-debian-clang 2007-02-05 4.05 48.60 52.65 NOTE
r-devel-linux-x86_64-debian-gcc 2007-02-05 3.04 42.41 45.45 NOTE
r-devel-linux-x86_64-fedora-clang 2007-02-05 70.19 NOTE
r-devel-linux-x86_64-fedora-gcc 2007-02-05 67.11 NOTE
r-devel-windows-ix86+x86_64 2007-02-05 10.00 59.00 69.00 NOTE
r-patched-linux-x86_64 2007-02-05 2.90 45.80 48.70 NOTE
r-patched-solaris-x86 2007-02-05 95.70 NOTE
r-release-linux-x86_64 2007-02-05 3.46 44.62 48.08 NOTE
r-release-windows-ix86+x86_64 2007-02-05 11.00 76.00 87.00 NOTE
r-release-osx-x86_64 2007-02-05 NOTE
r-oldrel-windows-ix86+x86_64 2007-02-05 10.00 77.00 87.00 NOTE
r-oldrel-osx-x86_64 2007-02-05 NOTE

Check Details

Version: 2007-02-05
Check: R code for possible problems
Result: NOTE
    klin.solve : <anonymous>: no visible global function definition for
     ‘is’
    Undefined global functions or variables:
     is
    Consider adding
     importFrom("methods", "is")
    to your NAMESPACE file (and ensure that your DESCRIPTION Imports field
    contains 'methods').
Flavors: r-devel-linux-x86_64-debian-clang, r-devel-linux-x86_64-debian-gcc, r-devel-linux-x86_64-fedora-clang, r-devel-linux-x86_64-fedora-gcc, r-devel-windows-ix86+x86_64, r-patched-linux-x86_64, r-patched-solaris-x86, r-release-linux-x86_64, r-release-windows-ix86+x86_64, r-release-osx-x86_64, r-oldrel-windows-ix86+x86_64, r-oldrel-osx-x86_64