CRAN Package Check Results for Package klin

Last updated on 2014-04-25 05:47:18.

Flavor Version Tinstall Tcheck Ttotal Status Flags
r-devel-linux-x86_64-debian-clang 2007-02-05 3.28 37.06 40.34 OK
r-devel-linux-x86_64-debian-gcc 2007-02-05 3.42 36.66 40.08 OK
r-devel-linux-x86_64-fedora-clang 2007-02-05 92.62 OK
r-devel-linux-x86_64-fedora-gcc 2007-02-05 92.03 OK
r-devel-osx-x86_64-clang 2007-02-05 68.69 OK
r-devel-osx-x86_64-gcc 2007-02-05 OK
r-devel-windows-ix86+x86_64 2007-02-05 7.00 62.00 69.00 OK
r-patched-linux-x86_64 2007-02-05 3.26 36.11 39.36 OK
r-patched-solaris-sparc 2007-02-05 485.90 OK
r-patched-solaris-x86 2007-02-05 122.40 OK
r-release-linux-ix86 2007-02-05 5.00 59.00 64.00 OK
r-release-linux-x86_64 2007-02-05 3.25 36.93 40.18 OK
r-release-osx-x86_64-mavericks 2007-02-05 WARN
r-release-osx-x86_64-snowleopard 2007-02-05 OK
r-release-windows-ix86+x86_64 2007-02-05 8.00 52.00 60.00 OK
r-oldrel-windows-ix86+x86_64 2007-02-05 9.00 46.00 55.00 OK

Check Details

Version: 2007-02-05
Check: PDF version of manual
Result: WARNING
    LaTeX errors when creating PDF version.
    This typically indicates Rd problems.
    LaTeX errors found:
    ! LaTeX Error: File `upquote.sty' not found.
    
    Type X to quit or <RETURN> to proceed,
    or enter new name. (Default extension: sty)
    
    e699f1e/Rd2.tex:8: ==> Fatal error occurred, no output PDF file produced!
Flavor: r-release-osx-x86_64-mavericks