Last updated on 2021-03-05 00:48:40 CET.
Flavor | Version | Tinstall | Tcheck | Ttotal | Status | Flags |
---|---|---|---|---|---|---|
r-devel-linux-x86_64-debian-clang | 0.1.0 | 2.87 | 236.42 | 239.29 | OK | |
r-devel-linux-x86_64-debian-gcc | 0.1.0 | 2.27 | 162.11 | 164.38 | OK | |
r-devel-linux-x86_64-fedora-clang | 0.1.0 | 268.36 | NOTE | |||
r-devel-linux-x86_64-fedora-gcc | 0.1.0 | 260.87 | NOTE | |||
r-devel-windows-ix86+x86_64 | 0.1.0 | 7.00 | 279.00 | 286.00 | OK | |
r-patched-linux-x86_64 | 0.1.0 | OK | ||||
r-patched-solaris-x86 | 0.1.0 | 391.60 | NOTE | |||
r-release-linux-x86_64 | 0.1.0 | 2.92 | 209.65 | 212.57 | OK | |
r-release-macos-x86_64 | 0.1.0 | NOTE | ||||
r-release-windows-ix86+x86_64 | 0.1.0 | 5.00 | 202.00 | 207.00 | OK | |
r-oldrel-macos-x86_64 | 0.1.0 | NOTE | ||||
r-oldrel-windows-ix86+x86_64 | 0.1.0 | 6.00 | 255.00 | 261.00 | OK |
Version: 0.1.0
Check: dependencies in R code
Result: NOTE
Namespaces in Imports field not imported from:
‘Rcpp’ ‘SnowballC’ ‘stringi’
All declared Imports should be used.
Flavors: r-devel-linux-x86_64-fedora-clang, r-devel-linux-x86_64-fedora-gcc, r-patched-solaris-x86, r-release-macos-x86_64, r-oldrel-macos-x86_64