CRAN Package Check Results for Package km.ci

Last updated on 2016-09-30 23:47:58.

Flavor Version Tinstall Tcheck Ttotal Status Flags
r-devel-linux-x86_64-debian-clang 0.5-2 2.29 25.16 27.46 NOTE
r-devel-linux-x86_64-debian-gcc 0.5-2 2.26 24.64 26.90 NOTE
r-devel-linux-x86_64-fedora-clang 0.5-2 63.57 NOTE
r-devel-linux-x86_64-fedora-gcc 0.5-2 52.38 NOTE
r-devel-macos-x86_64-clang 0.5-2 42.36 NOTE
r-devel-windows-ix86+x86_64 0.5-2 11.00 59.00 70.00 NOTE
r-patched-linux-x86_64 0.5-2 2.26 23.78 26.04 NOTE
r-patched-solaris-sparc 0.5-2 329.00 NOTE
r-patched-solaris-x86 0.5-2 74.20 NOTE
r-release-linux-x86_64 0.5-2 2.12 24.57 26.69 NOTE
r-release-osx-x86_64-mavericks 0.5-2 NOTE
r-release-windows-ix86+x86_64 0.5-2 6.00 59.00 65.00 NOTE
r-oldrel-windows-ix86+x86_64 0.5-2 10.00 43.00 53.00 NOTE

Check Details

Version: 0.5-2
Check: dependencies in R code
Result: NOTE
    Package in Depends field not imported from: ‘survival’
     These packages need to be imported from (in the NAMESPACE file)
     for when this namespace is loaded but not attached.
Flavors: r-devel-linux-x86_64-debian-clang, r-devel-linux-x86_64-debian-gcc, r-devel-linux-x86_64-fedora-clang, r-devel-linux-x86_64-fedora-gcc, r-devel-macos-x86_64-clang, r-devel-windows-ix86+x86_64, r-patched-linux-x86_64, r-patched-solaris-sparc, r-patched-solaris-x86, r-release-linux-x86_64, r-release-osx-x86_64-mavericks, r-release-windows-ix86+x86_64, r-oldrel-windows-ix86+x86_64

Version: 0.5-2
Check: R code for possible problems
Result: NOTE
    comp.npci: no visible global function definition for ‘qnorm’
    epband.fun: no visible global function definition for ‘data’
    epband.fun: no visible binding for global variable
     ‘critical.value.nair.90’
    epband.fun: no visible binding for global variable
     ‘critical.value.nair.95’
    epband.fun: no visible binding for global variable
     ‘critical.value.nair.99’
    hall.wellner.fun: no visible global function definition for ‘data’
    hall.wellner.fun: no visible binding for global variable
     ‘critical.value.hall.90’
    hall.wellner.fun: no visible binding for global variable
     ‘critical.value.hall.95’
    hall.wellner.fun: no visible binding for global variable
     ‘critical.value.hall.99’
    lrt.confints: no visible global function definition for ‘qchisq’
    rothman.fun: no visible global function definition for ‘qnorm’
    Undefined global functions or variables:
     critical.value.hall.90 critical.value.hall.95 critical.value.hall.99
     critical.value.nair.90 critical.value.nair.95 critical.value.nair.99
     data qchisq qnorm
    Consider adding
     importFrom("stats", "qchisq", "qnorm")
     importFrom("utils", "data")
    to your NAMESPACE file.
    
    Found the following calls to data() loading into the global environment:
    File ‘km.ci/R/epband.fun.R’:
     data(critical.value.nair.90, critical.value.nair.95, critical.value.nair.99)
    File ‘km.ci/R/hall.wellner.fun.R’:
     data(critical.value.hall.90, critical.value.hall.95, critical.value.hall.99)
    See section ‘Good practice’ in ‘?data’.
Flavors: r-devel-linux-x86_64-debian-clang, r-devel-linux-x86_64-debian-gcc, r-devel-linux-x86_64-fedora-clang, r-devel-macos-x86_64-clang, r-patched-linux-x86_64, r-release-linux-x86_64

Version: 0.5-2
Check: R code for possible problems
Result: NOTE
    comp.npci: no visible global function definition for ‘qnorm’
    epband.fun: no visible global function definition for ‘data’
    epband.fun: no visible binding for global variable
     ‘critical.value.nair.90’
    epband.fun: no visible binding for global variable
     ‘critical.value.nair.95’
    epband.fun: no visible binding for global variable
     ‘critical.value.nair.99’
    hall.wellner.fun: no visible global function definition for ‘data’
    hall.wellner.fun: no visible binding for global variable
     ‘critical.value.hall.90’
    hall.wellner.fun: no visible binding for global variable
     ‘critical.value.hall.95’
    hall.wellner.fun: no visible binding for global variable
     ‘critical.value.hall.99’
    lrt.confints: no visible global function definition for ‘qchisq’
    rothman.fun: no visible global function definition for ‘qnorm’
    Undefined global functions or variables:
     critical.value.hall.90 critical.value.hall.95 critical.value.hall.99
     critical.value.nair.90 critical.value.nair.95 critical.value.nair.99
     data qchisq qnorm
    Consider adding
     importFrom("stats", "qchisq", "qnorm")
     importFrom("utils", "data")
    to your NAMESPACE file.
Flavors: r-devel-linux-x86_64-fedora-gcc, r-devel-windows-ix86+x86_64, r-patched-solaris-sparc, r-patched-solaris-x86, r-release-osx-x86_64-mavericks, r-release-windows-ix86+x86_64

Version: 0.5-2
Check: R code for possible problems
Result: NOTE
    epband.fun: no visible binding for global variable
     'critical.value.nair.90'
    epband.fun: no visible binding for global variable
     'critical.value.nair.95'
    epband.fun: no visible binding for global variable
     'critical.value.nair.99'
    hall.wellner.fun: no visible binding for global variable
     'critical.value.hall.90'
    hall.wellner.fun: no visible binding for global variable
     'critical.value.hall.95'
    hall.wellner.fun: no visible binding for global variable
     'critical.value.hall.99'
Flavor: r-oldrel-windows-ix86+x86_64