CRAN Package Check Results for Package km.ci

Last updated on 2014-12-19 12:48:19.

Flavor Version Tinstall Tcheck Ttotal Status Flags
r-devel-linux-x86_64-debian-clang 0.5-2 0.68 13.17 13.85 NOTE
r-devel-linux-x86_64-debian-gcc 0.5-2 0.71 11.94 12.65 NOTE
r-devel-linux-x86_64-fedora-clang 0.5-2 27.01 NOTE
r-devel-linux-x86_64-fedora-gcc 0.5-2 24.77 NOTE
r-devel-osx-x86_64-clang 0.5-2 27.82 NOTE
r-devel-windows-ix86+x86_64 0.5-2 5.00 44.00 49.00 NOTE
r-patched-linux-x86_64 0.5-2 0.89 12.84 13.72 NOTE
r-patched-solaris-sparc 0.5-2 146.40 NOTE
r-patched-solaris-x86 0.5-2 38.60 NOTE
r-release-linux-ix86 0.5-2 1.04 18.02 19.06 NOTE
r-release-linux-x86_64 0.5-2 0.70 12.11 12.80 NOTE
r-release-osx-x86_64-mavericks 0.5-2 NOTE
r-release-osx-x86_64-snowleopard 0.5-2 NOTE
r-release-windows-ix86+x86_64 0.5-2 3.00 28.00 31.00 NOTE
r-oldrel-windows-ix86+x86_64 0.5-2 3.00 21.00 24.00 NOTE

Check Details

Version: 0.5-2
Check: dependencies in R code
Result: NOTE
    Package in Depends field not imported from: ‘survival’
     These packages need to be imported from (in the NAMESPACE file)
     for when this namespace is loaded but not attached.
    See the information on DESCRIPTION files in the chapter ‘Creating R
    packages’ of the ‘Writing R Extensions’ manual.
Flavors: r-devel-linux-x86_64-debian-clang, r-devel-linux-x86_64-debian-gcc, r-devel-linux-x86_64-fedora-clang, r-devel-linux-x86_64-fedora-gcc, r-devel-osx-x86_64-clang, r-devel-windows-ix86+x86_64, r-patched-linux-x86_64, r-patched-solaris-sparc, r-patched-solaris-x86, r-release-linux-ix86, r-release-linux-x86_64, r-release-osx-x86_64-mavericks, r-release-windows-ix86+x86_64, r-oldrel-windows-ix86+x86_64

Version: 0.5-2
Check: R code for possible problems
Result: NOTE
    epband.fun: no visible binding for global variable
     ‘critical.value.nair.90’
    epband.fun: no visible binding for global variable
     ‘critical.value.nair.95’
    epband.fun: no visible binding for global variable
     ‘critical.value.nair.99’
    hall.wellner.fun: no visible binding for global variable
     ‘critical.value.hall.90’
    hall.wellner.fun: no visible binding for global variable
     ‘critical.value.hall.95’
    hall.wellner.fun: no visible binding for global variable
     ‘critical.value.hall.99’
    
    Found the following calls to data() loading into the global environment:
    File ‘km.ci/R/epband.fun.R’:
     data(critical.value.nair.90, critical.value.nair.95, critical.value.nair.99)
    File ‘km.ci/R/hall.wellner.fun.R’:
     data(critical.value.hall.90, critical.value.hall.95, critical.value.hall.99)
    See section ‘Good practice’ in ‘?data’.
Flavors: r-devel-linux-x86_64-debian-clang, r-devel-linux-x86_64-debian-gcc, r-devel-linux-x86_64-fedora-clang, r-devel-osx-x86_64-clang, r-patched-linux-x86_64, r-release-linux-ix86, r-release-linux-x86_64

Version: 0.5-2
Check: R code for possible problems
Result: NOTE
    epband.fun: no visible binding for global variable
     ‘critical.value.nair.90’
    epband.fun: no visible binding for global variable
     ‘critical.value.nair.95’
    epband.fun: no visible binding for global variable
     ‘critical.value.nair.99’
    hall.wellner.fun: no visible binding for global variable
     ‘critical.value.hall.90’
    hall.wellner.fun: no visible binding for global variable
     ‘critical.value.hall.95’
    hall.wellner.fun: no visible binding for global variable
     ‘critical.value.hall.99’
Flavors: r-devel-linux-x86_64-fedora-gcc, r-devel-windows-ix86+x86_64, r-patched-solaris-sparc, r-patched-solaris-x86, r-release-osx-x86_64-mavericks, r-release-osx-x86_64-snowleopard, r-release-windows-ix86+x86_64, r-oldrel-windows-ix86+x86_64