CRAN Package Check Results for Package km.ci

Last updated on 2016-08-24 02:48:29.

Flavor Version Tinstall Tcheck Ttotal Status Flags
r-devel-linux-x86_64-debian-clang 0.5-2 2.62 27.18 29.80 NOTE
r-devel-linux-x86_64-debian-gcc 0.5-2 2.61 26.54 29.15 NOTE
r-devel-linux-x86_64-fedora-clang 0.5-2 58.28 NOTE
r-devel-linux-x86_64-fedora-gcc 0.5-2 54.53 NOTE
r-devel-osx-x86_64-clang 0.5-2 46.19 NOTE
r-devel-windows-ix86+x86_64 0.5-2 9.00 64.00 73.00 NOTE
r-patched-linux-x86_64 0.5-2 2.48 26.28 28.76 NOTE
r-patched-solaris-sparc 0.5-2 329.00 NOTE
r-patched-solaris-x86 0.5-2 76.80 NOTE
r-release-linux-x86_64 0.5-2 2.69 26.63 29.32 NOTE
r-release-osx-x86_64-mavericks 0.5-2 NOTE
r-release-windows-ix86+x86_64 0.5-2 9.00 65.00 74.00 NOTE
r-oldrel-windows-ix86+x86_64 0.5-2 10.00 44.00 54.00 NOTE

Check Details

Version: 0.5-2
Check: dependencies in R code
Result: NOTE
    Package in Depends field not imported from: ‘survival’
     These packages need to be imported from (in the NAMESPACE file)
     for when this namespace is loaded but not attached.
Flavors: r-devel-linux-x86_64-debian-clang, r-devel-linux-x86_64-debian-gcc, r-devel-linux-x86_64-fedora-clang, r-devel-linux-x86_64-fedora-gcc, r-devel-osx-x86_64-clang, r-devel-windows-ix86+x86_64, r-patched-linux-x86_64, r-patched-solaris-sparc, r-patched-solaris-x86, r-release-linux-x86_64, r-release-osx-x86_64-mavericks, r-release-windows-ix86+x86_64, r-oldrel-windows-ix86+x86_64

Version: 0.5-2
Check: R code for possible problems
Result: NOTE
    comp.npci: no visible global function definition for ‘qnorm’
    epband.fun: no visible global function definition for ‘data’
    epband.fun: no visible binding for global variable
     ‘critical.value.nair.90’
    epband.fun: no visible binding for global variable
     ‘critical.value.nair.95’
    epband.fun: no visible binding for global variable
     ‘critical.value.nair.99’
    hall.wellner.fun: no visible global function definition for ‘data’
    hall.wellner.fun: no visible binding for global variable
     ‘critical.value.hall.90’
    hall.wellner.fun: no visible binding for global variable
     ‘critical.value.hall.95’
    hall.wellner.fun: no visible binding for global variable
     ‘critical.value.hall.99’
    lrt.confints: no visible global function definition for ‘qchisq’
    rothman.fun: no visible global function definition for ‘qnorm’
    Undefined global functions or variables:
     critical.value.hall.90 critical.value.hall.95 critical.value.hall.99
     critical.value.nair.90 critical.value.nair.95 critical.value.nair.99
     data qchisq qnorm
    Consider adding
     importFrom("stats", "qchisq", "qnorm")
     importFrom("utils", "data")
    to your NAMESPACE file.
    
    Found the following calls to data() loading into the global environment:
    File ‘km.ci/R/epband.fun.R’:
     data(critical.value.nair.90, critical.value.nair.95, critical.value.nair.99)
    File ‘km.ci/R/hall.wellner.fun.R’:
     data(critical.value.hall.90, critical.value.hall.95, critical.value.hall.99)
    See section ‘Good practice’ in ‘?data’.
Flavors: r-devel-linux-x86_64-debian-clang, r-devel-linux-x86_64-debian-gcc, r-devel-linux-x86_64-fedora-clang, r-devel-osx-x86_64-clang, r-patched-linux-x86_64, r-release-linux-x86_64

Version: 0.5-2
Check: R code for possible problems
Result: NOTE
    comp.npci: no visible global function definition for ‘qnorm’
    epband.fun: no visible global function definition for ‘data’
    epband.fun: no visible binding for global variable
     ‘critical.value.nair.90’
    epband.fun: no visible binding for global variable
     ‘critical.value.nair.95’
    epband.fun: no visible binding for global variable
     ‘critical.value.nair.99’
    hall.wellner.fun: no visible global function definition for ‘data’
    hall.wellner.fun: no visible binding for global variable
     ‘critical.value.hall.90’
    hall.wellner.fun: no visible binding for global variable
     ‘critical.value.hall.95’
    hall.wellner.fun: no visible binding for global variable
     ‘critical.value.hall.99’
    lrt.confints: no visible global function definition for ‘qchisq’
    rothman.fun: no visible global function definition for ‘qnorm’
    Undefined global functions or variables:
     critical.value.hall.90 critical.value.hall.95 critical.value.hall.99
     critical.value.nair.90 critical.value.nair.95 critical.value.nair.99
     data qchisq qnorm
    Consider adding
     importFrom("stats", "qchisq", "qnorm")
     importFrom("utils", "data")
    to your NAMESPACE file.
Flavors: r-devel-linux-x86_64-fedora-gcc, r-devel-windows-ix86+x86_64, r-patched-solaris-sparc, r-patched-solaris-x86, r-release-osx-x86_64-mavericks, r-release-windows-ix86+x86_64

Version: 0.5-2
Check: R code for possible problems
Result: NOTE
    epband.fun: no visible binding for global variable
     'critical.value.nair.90'
    epband.fun: no visible binding for global variable
     'critical.value.nair.95'
    epband.fun: no visible binding for global variable
     'critical.value.nair.99'
    hall.wellner.fun: no visible binding for global variable
     'critical.value.hall.90'
    hall.wellner.fun: no visible binding for global variable
     'critical.value.hall.95'
    hall.wellner.fun: no visible binding for global variable
     'critical.value.hall.99'
Flavor: r-oldrel-windows-ix86+x86_64