CRAN Package Check Results for Package kmi

Last updated on 2016-05-06 23:47:00.

Flavor Version Tinstall Tcheck Ttotal Status Flags
r-devel-linux-x86_64-debian-gcc 0.5.1 2.60 36.53 39.13 NOTE
r-devel-linux-x86_64-fedora-clang 0.5.1 79.82 NOTE
r-devel-linux-x86_64-fedora-gcc 0.5.1 75.46 NOTE
r-devel-osx-x86_64-clang 0.5.1 86.99 NOTE
r-devel-windows-ix86+x86_64 0.5.1 41.00 88.00 129.00 NOTE
r-patched-linux-x86_64 0.5.1 2.52 38.91 41.43 NOTE
r-patched-solaris-sparc 0.5.1 203.40 NOTE
r-patched-solaris-x86 0.5.1 106.80 NOTE
r-release-linux-x86_64 0.5.1 2.68 36.69 39.37 NOTE
r-release-osx-x86_64-mavericks 0.5.1 NOTE
r-release-windows-ix86+x86_64 0.5.1 41.00 88.00 129.00 NOTE
r-oldrel-windows-ix86+x86_64 0.5.1 10.00 92.00 102.00 OK

Check Details

Version: 0.5.1
Check: R code for possible problems
Result: NOTE
    kmi: no visible global function definition for ‘model.extract’
    kmi: no visible global function definition for ‘model.matrix’
    kmi.classic: no visible global function definition for ‘formula’
    kmi.classic: no visible global function definition for ‘update.formula’
    kmi.tdc: no visible global function definition for ‘formula’
    kmi.tdc: no visible global function definition for ‘update.formula’
    print.cox.kmi: no visible global function definition for ‘pt’
    print.summary.cox.kmi: no visible global function definition for
     ‘printCoefmat’
    summary.cox.kmi: no visible global function definition for ‘pt’
    summary.cox.kmi: no visible global function definition for ‘qt’
    Undefined global functions or variables:
     formula model.extract model.matrix printCoefmat pt qt update.formula
    Consider adding
     importFrom("stats", "formula", "model.extract", "model.matrix",
     "printCoefmat", "pt", "qt", "update.formula")
    to your NAMESPACE file.
Flavors: r-devel-linux-x86_64-debian-gcc, r-devel-linux-x86_64-fedora-clang, r-devel-linux-x86_64-fedora-gcc, r-devel-osx-x86_64-clang, r-devel-windows-ix86+x86_64, r-patched-linux-x86_64, r-patched-solaris-sparc, r-patched-solaris-x86, r-release-linux-x86_64, r-release-osx-x86_64-mavericks, r-release-windows-ix86+x86_64