CRAN Package Check Results for Package kmi

Last updated on 2016-08-26 01:50:50.

Flavor Version Tinstall Tcheck Ttotal Status Flags
r-devel-linux-x86_64-debian-clang 0.5.1 2.50 38.31 40.81 NOTE
r-devel-linux-x86_64-debian-gcc 0.5.1 3.23 45.83 49.07 NOTE
r-devel-linux-x86_64-fedora-clang 0.5.1 79.24 NOTE
r-devel-linux-x86_64-fedora-gcc 0.5.1 76.99 NOTE
r-devel-osx-x86_64-clang 0.5.1 64.23 NOTE
r-devel-windows-ix86+x86_64 0.5.1 9.00 70.00 79.00 NOTE
r-patched-linux-x86_64 0.5.1 2.46 36.45 38.91 NOTE
r-patched-solaris-sparc 0.5.1 477.00 NOTE
r-patched-solaris-x86 0.5.1 104.50 NOTE
r-release-linux-x86_64 0.5.1 2.67 37.05 39.72 NOTE
r-release-osx-x86_64-mavericks 0.5.1 NOTE
r-release-windows-ix86+x86_64 0.5.1 6.00 70.00 76.00 NOTE
r-oldrel-windows-ix86+x86_64 0.5.1 7.00 97.00 104.00 OK

Check Details

Version: 0.5.1
Check: R code for possible problems
Result: NOTE
    kmi: no visible global function definition for ‘model.extract’
    kmi: no visible global function definition for ‘model.matrix’
    kmi.classic: no visible global function definition for ‘formula’
    kmi.classic: no visible global function definition for ‘update.formula’
    kmi.tdc: no visible global function definition for ‘formula’
    kmi.tdc: no visible global function definition for ‘update.formula’
    print.cox.kmi: no visible global function definition for ‘pt’
    print.summary.cox.kmi: no visible global function definition for
     ‘printCoefmat’
    summary.cox.kmi: no visible global function definition for ‘pt’
    summary.cox.kmi: no visible global function definition for ‘qt’
    Undefined global functions or variables:
     formula model.extract model.matrix printCoefmat pt qt update.formula
    Consider adding
     importFrom("stats", "formula", "model.extract", "model.matrix",
     "printCoefmat", "pt", "qt", "update.formula")
    to your NAMESPACE file.
Flavors: r-devel-linux-x86_64-debian-clang, r-devel-linux-x86_64-debian-gcc, r-devel-linux-x86_64-fedora-clang, r-devel-linux-x86_64-fedora-gcc, r-devel-osx-x86_64-clang, r-devel-windows-ix86+x86_64, r-patched-linux-x86_64, r-patched-solaris-sparc, r-patched-solaris-x86, r-release-linux-x86_64, r-release-osx-x86_64-mavericks, r-release-windows-ix86+x86_64