CRAN Package Check Results for Package kmi

Last updated on 2016-02-11 23:47:30.

Flavor Version Tinstall Tcheck Ttotal Status Flags
r-devel-linux-x86_64-debian-gcc 0.5.1 0.64 16.39 17.03 NOTE
r-devel-linux-x86_64-fedora-clang 0.5.1 32.33 NOTE
r-devel-linux-x86_64-fedora-gcc 0.5.1 30.69 NOTE
r-devel-osx-x86_64-clang 0.5.1 35.55 NOTE
r-devel-windows-ix86+x86_64 0.5.1 3.00 33.00 36.00 NOTE
r-patched-linux-x86_64 0.5.1 0.75 17.20 17.95 OK
r-patched-solaris-sparc 0.5.1 205.20 OK
r-patched-solaris-x86 0.5.1 46.50 OK
r-release-linux-x86_64 0.5.1 0.64 16.83 17.46 OK
r-release-osx-x86_64-mavericks 0.5.1 OK
r-release-windows-ix86+x86_64 0.5.1 3.00 30.00 33.00 OK
r-oldrel-windows-ix86+x86_64 0.5.1 6.00 35.00 41.00 OK

Check Details

Version: 0.5.1
Check: R code for possible problems
Result: NOTE
    kmi: no visible global function definition for ‘model.extract’
    kmi: no visible global function definition for ‘model.matrix’
    kmi.classic: no visible global function definition for ‘formula’
    kmi.classic: no visible global function definition for ‘update.formula’
    kmi.tdc: no visible global function definition for ‘formula’
    kmi.tdc: no visible global function definition for ‘update.formula’
    print.cox.kmi: no visible global function definition for ‘pt’
    print.summary.cox.kmi: no visible global function definition for
     ‘printCoefmat’
    summary.cox.kmi: no visible global function definition for ‘pt’
    summary.cox.kmi: no visible global function definition for ‘qt’
    Undefined global functions or variables:
     formula model.extract model.matrix printCoefmat pt qt update.formula
    Consider adding
     importFrom("stats", "formula", "model.extract", "model.matrix",
     "printCoefmat", "pt", "qt", "update.formula")
    to your NAMESPACE file.
Flavors: r-devel-linux-x86_64-debian-gcc, r-devel-linux-x86_64-fedora-clang, r-devel-linux-x86_64-fedora-gcc, r-devel-osx-x86_64-clang, r-devel-windows-ix86+x86_64