CRAN Package Check Results for Package kmi

Last updated on 2015-07-31 11:49:13.

Flavor Version Tinstall Tcheck Ttotal Status Flags
r-devel-linux-x86_64-debian-clang 0.5.1 0.60 17.58 18.18 NOTE
r-devel-linux-x86_64-debian-gcc 0.5.1 0.71 17.91 18.62 NOTE
r-devel-linux-x86_64-fedora-clang 0.5.1 36.26 NOTE
r-devel-linux-x86_64-fedora-gcc 0.5.1 34.54 NOTE
r-devel-osx-x86_64-clang 0.5.1 32.91 OK
r-devel-windows-ix86+x86_64 0.5.1 4.00 44.00 48.00 NOTE
r-patched-linux-x86_64 0.5.1 0.59 17.63 18.22 OK
r-patched-solaris-sparc 0.5.1 225.70 OK
r-patched-solaris-x86 0.5.1 53.50 OK
r-release-linux-x86_64 0.5.1 0.70 17.27 17.98 OK
r-release-osx-x86_64-mavericks 0.5.1 OK
r-release-windows-ix86+x86_64 0.5.1 3.00 46.00 49.00 OK
r-oldrel-windows-ix86+x86_64 0.5.1 3.00 40.00 43.00 OK

Check Details

Version: 0.5.1
Check: R code for possible problems
Result: NOTE
    kmi: no visible global function definition for ‘model.extract’
    kmi: no visible global function definition for ‘model.matrix’
    kmi.classic: no visible global function definition for ‘formula’
    kmi.classic: no visible global function definition for ‘update.formula’
    kmi.tdc: no visible global function definition for ‘formula’
    kmi.tdc: no visible global function definition for ‘update.formula’
    print.cox.kmi: no visible global function definition for ‘pt’
    print.summary.cox.kmi: no visible global function definition for
     ‘printCoefmat’
    summary.cox.kmi: no visible global function definition for ‘pt’
    summary.cox.kmi: no visible global function definition for ‘qt’
    Undefined global functions or variables:
     formula model.extract model.matrix printCoefmat pt qt update.formula
    Consider adding
     importFrom("stats", "formula", "model.extract", "model.matrix",
     "printCoefmat", "pt", "qt", "update.formula")
    to your NAMESPACE.
Flavors: r-devel-linux-x86_64-debian-clang, r-devel-linux-x86_64-debian-gcc, r-devel-linux-x86_64-fedora-clang, r-devel-linux-x86_64-fedora-gcc, r-devel-windows-ix86+x86_64