CRAN Package Check Results for Package kmi

Last updated on 2014-04-23 07:55:01.

Flavor Version Tinstall Tcheck Ttotal Status Flags
r-devel-linux-x86_64-debian-clang 0.5 0.73 19.04 19.77 OK
r-devel-linux-x86_64-debian-gcc 0.5 0.72 19.10 19.83 OK
r-devel-linux-x86_64-fedora-clang 0.5 38.22 OK
r-devel-linux-x86_64-fedora-gcc 0.5 37.39 OK
r-devel-osx-x86_64-clang 0.5 34.24 OK
r-devel-osx-x86_64-gcc 0.5 OK
r-devel-windows-ix86+x86_64 0.5 2.00 29.00 31.00 OK
r-patched-linux-x86_64 0.5 0.74 19.30 20.03 OK
r-patched-solaris-sparc 0.5 211.90 OK
r-patched-solaris-x86 0.5 50.90 OK
r-release-linux-ix86 0.5 2.00 35.00 37.00 OK
r-release-linux-x86_64 0.5 0.74 19.14 19.88 OK
r-release-osx-x86_64-mavericks 0.5 WARN
r-release-osx-x86_64-snowleopard 0.5 OK
r-release-windows-ix86+x86_64 0.5 4.00 40.00 44.00 OK
r-oldrel-windows-ix86+x86_64 0.5 3.00 31.00 34.00 OK

Check Details

Version: 0.5
Check: PDF version of manual
Result: WARNING
    LaTeX errors when creating PDF version.
    This typically indicates Rd problems.
    LaTeX errors found:
    ! LaTeX Error: File `upquote.sty' not found.
    
    Type X to quit or <RETURN> to proceed,
    or enter new name. (Default extension: sty)
    
    658e2c0/Rd2.tex:8: ==> Fatal error occurred, no output PDF file produced!
Flavor: r-release-osx-x86_64-mavericks