CRAN Package Check Results for Package kmi

Last updated on 2015-08-30 23:47:45.

Flavor Version Tinstall Tcheck Ttotal Status Flags
r-devel-linux-x86_64-debian-clang 0.5.1 0.56 17.46 18.02 NOTE
r-devel-linux-x86_64-debian-gcc 0.5.1 0.55 16.77 17.32 NOTE
r-devel-linux-x86_64-fedora-clang 0.5.1 35.86 NOTE
r-devel-linux-x86_64-fedora-gcc 0.5.1 33.82 NOTE
r-devel-osx-x86_64-clang 0.5.1 32.13 OK
r-devel-windows-ix86+x86_64 0.5.1 4.00 34.00 38.00 NOTE
r-patched-linux-x86_64 0.5.1 0.59 17.41 18.00 OK
r-patched-solaris-sparc 0.5.1 225.70 OK
r-patched-solaris-x86 0.5.1 53.80 OK
r-release-linux-x86_64 0.5.1 0.60 17.78 18.38 OK
r-release-osx-x86_64-mavericks 0.5.1 OK
r-release-windows-ix86+x86_64 0.5.1 3.00 32.00 35.00 OK
r-oldrel-windows-ix86+x86_64 0.5.1 5.00 34.00 39.00 OK

Check Details

Version: 0.5.1
Check: R code for possible problems
Result: NOTE
    kmi: no visible global function definition for ‘model.extract’
    kmi: no visible global function definition for ‘model.matrix’
    kmi.classic: no visible global function definition for ‘formula’
    kmi.classic: no visible global function definition for ‘update.formula’
    kmi.tdc: no visible global function definition for ‘formula’
    kmi.tdc: no visible global function definition for ‘update.formula’
    print.cox.kmi: no visible global function definition for ‘pt’
    print.summary.cox.kmi: no visible global function definition for
     ‘printCoefmat’
    summary.cox.kmi: no visible global function definition for ‘pt’
    summary.cox.kmi: no visible global function definition for ‘qt’
    Undefined global functions or variables:
     formula model.extract model.matrix printCoefmat pt qt update.formula
    Consider adding
     importFrom("stats", "formula", "model.extract", "model.matrix",
     "printCoefmat", "pt", "qt", "update.formula")
    to your NAMESPACE.
Flavors: r-devel-linux-x86_64-debian-clang, r-devel-linux-x86_64-debian-gcc, r-devel-linux-x86_64-fedora-clang, r-devel-linux-x86_64-fedora-gcc, r-devel-windows-ix86+x86_64