CRAN Package Check Results for Package kmi

Last updated on 2016-09-29 23:47:36.

Flavor Version Tinstall Tcheck Ttotal Status Flags
r-devel-linux-x86_64-debian-clang 0.5.1 2.11 34.63 36.73 NOTE
r-devel-linux-x86_64-debian-gcc 0.5.1 2.40 34.83 37.23 NOTE
r-devel-linux-x86_64-fedora-clang 0.5.1 86.37 NOTE
r-devel-linux-x86_64-fedora-gcc 0.5.1 72.98 NOTE
r-devel-macos-x86_64-clang 0.5.1 59.48 NOTE
r-devel-windows-ix86+x86_64 0.5.1 10.00 88.00 98.00 NOTE
r-patched-linux-x86_64 0.5.1 2.34 34.06 36.39 NOTE
r-patched-solaris-sparc 0.5.1 477.00 NOTE
r-patched-solaris-x86 0.5.1 104.20 NOTE
r-release-linux-x86_64 0.5.1 2.38 33.66 36.03 NOTE
r-release-osx-x86_64-mavericks 0.5.1 NOTE
r-release-windows-ix86+x86_64 0.5.1 6.00 84.00 90.00 NOTE
r-oldrel-windows-ix86+x86_64 0.5.1 8.00 59.00 67.00 OK

Check Details

Version: 0.5.1
Check: R code for possible problems
Result: NOTE
    kmi: no visible global function definition for ‘model.extract’
    kmi: no visible global function definition for ‘model.matrix’
    kmi.classic: no visible global function definition for ‘formula’
    kmi.classic: no visible global function definition for ‘update.formula’
    kmi.tdc: no visible global function definition for ‘formula’
    kmi.tdc: no visible global function definition for ‘update.formula’
    print.cox.kmi: no visible global function definition for ‘pt’
    print.summary.cox.kmi: no visible global function definition for
     ‘printCoefmat’
    summary.cox.kmi: no visible global function definition for ‘pt’
    summary.cox.kmi: no visible global function definition for ‘qt’
    Undefined global functions or variables:
     formula model.extract model.matrix printCoefmat pt qt update.formula
    Consider adding
     importFrom("stats", "formula", "model.extract", "model.matrix",
     "printCoefmat", "pt", "qt", "update.formula")
    to your NAMESPACE file.
Flavors: r-devel-linux-x86_64-debian-clang, r-devel-linux-x86_64-debian-gcc, r-devel-linux-x86_64-fedora-clang, r-devel-linux-x86_64-fedora-gcc, r-devel-macos-x86_64-clang, r-devel-windows-ix86+x86_64, r-patched-linux-x86_64, r-patched-solaris-sparc, r-patched-solaris-x86, r-release-linux-x86_64, r-release-osx-x86_64-mavericks, r-release-windows-ix86+x86_64