CRAN Package Check Results for Package kmi

Last updated on 2016-06-26 16:46:45.

Flavor Version Tinstall Tcheck Ttotal Status Flags
r-devel-linux-x86_64-debian-gcc 0.5.1 2.54 37.23 39.77 NOTE
r-devel-linux-x86_64-fedora-clang 0.5.1 80.56 NOTE
r-devel-linux-x86_64-fedora-gcc 0.5.1 76.01 NOTE
r-devel-osx-x86_64-clang 0.5.1 62.35 NOTE
r-devel-windows-ix86+x86_64 0.5.1 8.00 95.00 103.00 NOTE
r-patched-linux-x86_64 0.5.1 2.67 38.38 41.05 NOTE
r-patched-solaris-sparc 0.5.1 477.00 NOTE
r-patched-solaris-x86 0.5.1 107.60 NOTE
r-release-linux-x86_64 0.5.1 2.84 38.59 41.43 NOTE
r-release-osx-x86_64-mavericks 0.5.1 NOTE
r-release-windows-ix86+x86_64 0.5.1 5.00 66.00 71.00 NOTE
r-oldrel-windows-ix86+x86_64 0.5.1 10.00 98.00 108.00 OK

Check Details

Version: 0.5.1
Check: R code for possible problems
Result: NOTE
    kmi: no visible global function definition for ‘model.extract’
    kmi: no visible global function definition for ‘model.matrix’
    kmi.classic: no visible global function definition for ‘formula’
    kmi.classic: no visible global function definition for ‘update.formula’
    kmi.tdc: no visible global function definition for ‘formula’
    kmi.tdc: no visible global function definition for ‘update.formula’
    print.cox.kmi: no visible global function definition for ‘pt’
    print.summary.cox.kmi: no visible global function definition for
     ‘printCoefmat’
    summary.cox.kmi: no visible global function definition for ‘pt’
    summary.cox.kmi: no visible global function definition for ‘qt’
    Undefined global functions or variables:
     formula model.extract model.matrix printCoefmat pt qt update.formula
    Consider adding
     importFrom("stats", "formula", "model.extract", "model.matrix",
     "printCoefmat", "pt", "qt", "update.formula")
    to your NAMESPACE file.
Flavors: r-devel-linux-x86_64-debian-gcc, r-devel-linux-x86_64-fedora-clang, r-devel-linux-x86_64-fedora-gcc, r-devel-osx-x86_64-clang, r-devel-windows-ix86+x86_64, r-patched-linux-x86_64, r-patched-solaris-sparc, r-patched-solaris-x86, r-release-linux-x86_64, r-release-osx-x86_64-mavericks, r-release-windows-ix86+x86_64