Last updated on 2023-12-08 23:08:13 CET.
Flavor | Version | Tinstall | Tcheck | Ttotal | Status | Flags |
---|---|---|---|---|---|---|
r-devel-linux-x86_64-debian-clang | 2.4.6 | 10.76 | 65.03 | 75.79 | OK | |
r-devel-linux-x86_64-debian-gcc | 2.4.6 | 7.75 | 50.30 | 58.05 | OK | |
r-devel-linux-x86_64-fedora-clang | 2.4.6 | 94.95 | NOTE | |||
r-devel-linux-x86_64-fedora-gcc | 2.4.6 | 90.53 | OK | |||
r-devel-windows-x86_64 | 2.4.6 | 12.00 | 75.00 | 87.00 | OK | |
r-patched-linux-x86_64 | 2.4.6 | 15.19 | 63.58 | 78.77 | OK | |
r-release-linux-x86_64 | 2.4.6 | 6.20 | 63.36 | 69.56 | OK | |
r-release-macos-arm64 | 2.4.6 | 35.00 | OK | |||
r-release-macos-x86_64 | 2.4.6 | 52.00 | OK | |||
r-release-windows-x86_64 | 2.4.6 | 13.00 | 78.00 | 91.00 | OK | |
r-oldrel-macos-arm64 | 2.4.6 | 39.00 | OK | |||
r-oldrel-macos-x86_64 | 2.4.6 | 54.00 | OK | |||
r-oldrel-windows-x86_64 | 2.4.6 | 15.00 | 85.00 | 100.00 | OK |
Version: 2.4.6
Check: Rd cross-references
Result: NOTE
Undeclared package ‘kml3d’ in Rd xrefs
Flavor: r-devel-linux-x86_64-fedora-clang