CRAN Package Check Results for Package kml

Last updated on 2014-09-16 08:49:47.

Flavor Version Tinstall Tcheck Ttotal Status Flags
r-devel-linux-x86_64-debian-clang 2.2 1.70 24.63 26.33 NOTE
r-devel-linux-x86_64-debian-gcc 2.2 1.64 24.22 25.87 NOTE
r-devel-linux-x86_64-fedora-clang 2.2 53.89 NOTE
r-devel-linux-x86_64-fedora-gcc 2.2 51.61 NOTE
r-devel-osx-x86_64-clang 2.2 47.82 NOTE
r-devel-windows-ix86+x86_64 2.2 8.00 52.00 60.00 NOTE
r-patched-linux-x86_64 2.2 1.79 25.23 27.02 OK
r-patched-solaris-sparc 2.2 307.70 OK
r-patched-solaris-x86 2.2 76.70 OK
r-release-linux-ix86 2.2 2.53 35.50 38.03 OK
r-release-linux-x86_64 2.2 1.93 26.32 28.25 OK
r-release-osx-x86_64-mavericks 2.2 OK
r-release-osx-x86_64-snowleopard 2.2 OK
r-release-windows-ix86+x86_64 2.2 8.00 59.00 67.00 OK
r-oldrel-windows-ix86+x86_64 2.2 8.00 65.00 73.00 OK

Check Details

Version: 2.2
Check: R code for possible problems
Result: NOTE
    .clusterLongData.choice: no visible binding for global variable
     ‘CLUSTER_NAMES’
    .clusterLongData.choice: no visible binding for global variable
     ‘CRITERION_NAMES’
    .clusterLongData.choice: no visible binding for global variable
     ‘CHOICE_STYLE’
    .exportPartition: no visible binding for global variable
     ‘CRITERION_NAMES’
    choiceChangeParam: no visible binding for global variable
     ‘CRITERION_NAMES’
    choiceChangeParam: no visible binding for global variable
     ‘CHOICE_STYLE’
    parALGO: no visible binding for global variable ‘DISTANCE_METHODS’
    parKml: no visible binding for global variable ‘DISTANCE_METHODS’
    [,ClusterLongData-character : .local: no visible binding for global
     variable ‘CRITERION_NAMES’
    [,ClusterLongData-character : .local: no visible binding for global
     variable ‘CLUSTER_NAMES’
    choice,ClusterLongData: no visible binding for global variable
     ‘CLUSTER_NAMES’
    choice,ClusterLongData: no visible binding for global variable
     ‘CRITERION_NAMES’
    choice,ClusterLongData: no visible binding for global variable
     ‘CHOICE_STYLE’
Flavors: r-devel-linux-x86_64-debian-clang, r-devel-linux-x86_64-debian-gcc, r-devel-linux-x86_64-fedora-clang, r-devel-linux-x86_64-fedora-gcc, r-devel-osx-x86_64-clang, r-devel-windows-ix86+x86_64