CRAN Package Check Results for Package kml

Last updated on 2014-08-22 07:50:33.

Flavor Version Tinstall Tcheck Ttotal Status Flags
r-devel-linux-x86_64-debian-clang 2.2 1.69 24.71 26.40 OK
r-devel-linux-x86_64-debian-gcc 2.2 1.76 24.45 26.21 OK
r-devel-linux-x86_64-fedora-clang 2.2 57.39 NOTE
r-devel-linux-x86_64-fedora-gcc 2.2 51.79 NOTE
r-devel-osx-x86_64-clang 2.2 48.72 NOTE
r-devel-windows-ix86+x86_64 2.2 8.00 55.00 63.00 OK
r-patched-linux-x86_64 2.2 1.78 26.08 27.86 OK
r-patched-solaris-sparc 2.2 307.70 OK
r-patched-solaris-x86 2.2 78.20 OK
r-release-linux-ix86 2.2 2.48 35.43 37.91 OK
r-release-linux-x86_64 2.2 1.82 26.20 28.03 OK
r-release-osx-x86_64-mavericks 2.2 OK
r-release-osx-x86_64-snowleopard 2.2 OK
r-release-windows-ix86+x86_64 2.2 9.00 56.00 65.00 OK
r-oldrel-windows-ix86+x86_64 2.2 9.00 60.00 69.00 OK

Check Details

Version: 2.2
Check: R code for possible problems
Result: NOTE
    .clusterLongData.choice: no visible binding for global variable
     ‘CLUSTER_NAMES’
    .clusterLongData.choice: no visible binding for global variable
     ‘CRITERION_NAMES’
    .clusterLongData.choice: no visible binding for global variable
     ‘CHOICE_STYLE’
    .exportPartition: no visible binding for global variable
     ‘CRITERION_NAMES’
    choiceChangeParam: no visible binding for global variable
     ‘CRITERION_NAMES’
    choiceChangeParam: no visible binding for global variable
     ‘CHOICE_STYLE’
    parALGO: no visible binding for global variable ‘DISTANCE_METHODS’
    parKml: no visible binding for global variable ‘DISTANCE_METHODS’
    [,ClusterLongData-character : .local: no visible binding for global
     variable ‘CRITERION_NAMES’
    [,ClusterLongData-character : .local: no visible binding for global
     variable ‘CLUSTER_NAMES’
    choice,ClusterLongData: no visible binding for global variable
     ‘CLUSTER_NAMES’
    choice,ClusterLongData: no visible binding for global variable
     ‘CRITERION_NAMES’
    choice,ClusterLongData: no visible binding for global variable
     ‘CHOICE_STYLE’
Flavors: r-devel-linux-x86_64-fedora-clang, r-devel-linux-x86_64-fedora-gcc, r-devel-osx-x86_64-clang