CRAN Package Check Results for Package kml

Last updated on 2016-08-27 23:48:12.

Flavor Version Tinstall Tcheck Ttotal Status Flags
r-devel-linux-x86_64-debian-clang 2.4.1 1.90 24.82 26.72 OK
r-devel-linux-x86_64-debian-gcc 2.4.1 1.98 24.35 26.33 OK
r-devel-linux-x86_64-fedora-clang 2.4.1 42.22 OK
r-devel-linux-x86_64-fedora-gcc 2.4.1 39.61 OK
r-devel-osx-x86_64-clang 2.4.1 34.50 OK
r-devel-windows-ix86+x86_64 2.4.1 10.00 54.00 64.00 OK
r-patched-linux-x86_64 2.4.1 1.81 24.55 26.36 OK
r-patched-solaris-sparc 2.4.1 257.30 OK
r-patched-solaris-x86 2.4.1 56.30 OK
r-release-linux-x86_64 2.4.1 1.86 24.34 26.20 OK
r-release-osx-x86_64-mavericks 2.4.1 WARN
r-release-windows-ix86+x86_64 2.4.1 12.00 106.00 118.00 OK
r-oldrel-windows-ix86+x86_64 2.4.1 9.00 96.00 105.00 OK

Check Details

Version: 2.4.1
Check: whether package can be installed
Result: WARN
    Found the following significant warnings:
     Warning: 'rgl_init' failed, running with rgl.useNULL = TRUE
Flavor: r-release-osx-x86_64-mavericks

Version: 2.4.1
Check: dependencies in R code
Result: NOTE
    Invalid MIT-MAGIC-COOKIE-1 key
Flavor: r-release-osx-x86_64-mavericks

Version: 2.4.1
Check: S3 generic/method consistency
Result: WARN
    Invalid MIT-MAGIC-COOKIE-1 key
    See section ‘Generic functions and methods’ in the ‘Writing R
    Extensions’ manual.
Flavor: r-release-osx-x86_64-mavericks

Version: 2.4.1
Check: replacement functions
Result: WARN
    Invalid MIT-MAGIC-COOKIE-1 key
    The argument of a replacement function which corresponds to the right
    hand side must be named ‘value’.
Flavor: r-release-osx-x86_64-mavericks

Version: 2.4.1
Check: foreign function calls
Result: NOTE
    Invalid MIT-MAGIC-COOKIE-1 key
    See chapter ‘System and foreign language interfaces’ in the ‘Writing R
    Extensions’ manual.
Flavor: r-release-osx-x86_64-mavericks

Version: 2.4.1
Check: R code for possible problems
Result: NOTE
    Invalid MIT-MAGIC-COOKIE-1 key
Flavor: r-release-osx-x86_64-mavericks

Version: 2.4.1
Check: for missing documentation entries
Result: WARN
    Invalid MIT-MAGIC-COOKIE-1 key
    All user-level objects in a package should have documentation entries.
    See chapter ‘Writing R documentation files’ in the ‘Writing R
    Extensions’ manual.
Flavor: r-release-osx-x86_64-mavericks

Version: 2.4.1
Check: for code/documentation mismatches
Result: WARN
    Invalid MIT-MAGIC-COOKIE-1 key
    Invalid MIT-MAGIC-COOKIE-1 key
    Invalid MIT-MAGIC-COOKIE-1 key
Flavor: r-release-osx-x86_64-mavericks

Version: 2.4.1
Check: Rd \usage sections
Result: NOTE
    Invalid MIT-MAGIC-COOKIE-1 key
    The \usage entries for S3 methods should use the \method markup and not
    their full name.
    See chapter ‘Writing R documentation files’ in the ‘Writing R
    Extensions’ manual.
Flavor: r-release-osx-x86_64-mavericks