CRAN Package Check Results for Package kml

Last updated on 2015-09-02 23:46:57.

Flavor Version Tinstall Tcheck Ttotal Status Flags
r-devel-linux-x86_64-debian-clang 2.4 1.34 21.94 23.28 OK
r-devel-linux-x86_64-debian-gcc 2.4 1.56 21.26 22.81 OK
r-devel-linux-x86_64-fedora-clang 2.4 46.21 OK
r-devel-linux-x86_64-fedora-gcc 2.4 44.08 OK
r-devel-osx-x86_64-clang 2.4 38.87 OK
r-devel-windows-ix86+x86_64 2.4 14.00 55.00 69.00 OK
r-patched-linux-x86_64 2.4 1.53 22.03 23.56 OK
r-patched-solaris-sparc 2.4 259.00 OK
r-patched-solaris-x86 2.4 71.00 OK
r-release-linux-x86_64 2.4 1.62 22.56 24.18 OK
r-release-osx-x86_64-mavericks 2.4 ERROR
r-release-windows-ix86+x86_64 2.4 10.00 50.00 60.00 OK
r-oldrel-windows-ix86+x86_64 2.4 12.00 71.00 83.00 OK

Check Details

Version: 2.4
Check: package dependencies
Result: ERROR
    Package required and available but unsuitable version: ‘longitudinalData’
    
    See section ‘The DESCRIPTION file’ in the ‘Writing R Extensions’
    manual.
Flavor: r-release-osx-x86_64-mavericks