CRAN Package Check Results for Package kml

Last updated on 2018-05-27 02:46:43 CEST.

Flavor Version Tinstall Tcheck Ttotal Status Flags
r-devel-linux-x86_64-debian-clang 2.4.1 5.76 46.84 52.60 NOTE
r-devel-linux-x86_64-debian-gcc 2.4.1 4.48 36.94 41.42 NOTE
r-devel-linux-x86_64-fedora-clang 2.4.1 65.85 NOTE
r-devel-linux-x86_64-fedora-gcc 2.4.1 60.32 NOTE
r-devel-windows-ix86+x86_64 2.4.1 12.00 83.00 95.00 OK
r-patched-linux-x86_64 2.4.1 5.22 43.65 48.87 NOTE
r-patched-solaris-x86 2.4.1 94.60 OK
r-release-linux-x86_64 2.4.1 4.50 43.69 48.19 NOTE
r-release-windows-ix86+x86_64 2.4.1 22.00 82.00 104.00 OK
r-release-osx-x86_64 2.4.1 OK
r-oldrel-windows-ix86+x86_64 2.4.1 16.00 78.00 94.00 OK
r-oldrel-osx-x86_64 2.4.1 OK

Check Details

Version: 2.4.1
Check: compiled code
Result: NOTE
    File ‘kml/libs/kml.so’:
     Found no calls to: ‘R_registerRoutines’, ‘R_useDynamicSymbols’
    
    It is good practice to register native routines and to disable symbol
    search.
    
    See ‘Writing portable packages’ in the ‘Writing R Extensions’ manual.
Flavors: r-devel-linux-x86_64-debian-clang, r-devel-linux-x86_64-debian-gcc, r-devel-linux-x86_64-fedora-clang, r-devel-linux-x86_64-fedora-gcc, r-patched-linux-x86_64, r-release-linux-x86_64