CRAN Package Check Results for Package kml

Last updated on 2015-07-07 15:46:34.

Flavor Version Tinstall Tcheck Ttotal Status Flags
r-devel-linux-x86_64-debian-clang 2.3.1 1.43 22.13 23.56 NOTE
r-devel-linux-x86_64-debian-gcc 2.3.1 1.74 21.68 23.42 NOTE
r-devel-linux-x86_64-fedora-clang 2.3.1 47.42 NOTE
r-devel-linux-x86_64-fedora-gcc 2.3.1 44.96 NOTE
r-devel-osx-x86_64-clang 2.3.1 42.67 OK
r-devel-windows-ix86+x86_64 2.3.1 8.00 48.00 56.00 NOTE
r-patched-linux-x86_64 2.3.1 1.49 21.78 23.27 OK
r-patched-solaris-sparc 2.3.1 271.00 OK
r-patched-solaris-x86 2.3.1 75.90 OK
r-release-linux-x86_64 2.3.1 1.61 21.88 23.49 OK
r-release-osx-x86_64-mavericks 2.3.1 OK
r-release-windows-ix86+x86_64 2.3.1 13.00 82.00 95.00 OK
r-oldrel-windows-ix86+x86_64 2.3.1 9.00 88.00 97.00 OK

Check Details

Version: 2.3.1
Check: R code for possible problems
Result: NOTE
    .clusterLongData.choice : pointCal: no visible global function
     definition for ‘points’
    .clusterLongData.choice: no visible global function definition for
     ‘points’
    .clusterLongData.choice: no visible global function definition for
     ‘close.screen’
    .clusterLongData.choice: no visible global function definition for
     ‘dev.off’
    .exportPartition: no visible global function definition for
     ‘write.csv2’
    .exportPartition: no visible global function definition for ‘dev.off’
    .plotAll: no visible global function definition for ‘split.screen’
    .plotAll: no visible global function definition for ‘screen’
    .plotAll: no visible global function definition for ‘close.screen’
    affectFuzzyIndiv : <anonymous>: no visible global function definition
     for ‘dist’
    affectIndiv : <anonymous>: no visible global function definition for
     ‘dist’
    calculTrajFuzzyMean : <anonymous>: no visible global function
     definition for ‘weighted.mean’
    choiceChangeParam: no visible global function definition for
     ‘getGraphicsEvent’
    cutScreen: no visible global function definition for ‘split.screen’
    fuzzyKmlSlow: no visible global function definition for ‘na.omit’
    fuzzyKmlSlow: no visible global function definition for ‘matplot’
    fuzzyKmlSlow: no visible global function definition for ‘matlines’
    gald : <anonymous>: no visible global function definition for ‘rnorm’
    gald: no visible global function definition for ‘runif’
    generateArtificialLongData : <anonymous>: no visible global function
     definition for ‘rnorm’
    generateArtificialLongData: no visible global function definition for
     ‘runif’
    kml: no visible global function definition for ‘close.screen’
    kml: no visible global function definition for ‘screen’
    choice,ClusterLongData : pointCal: no visible global function
     definition for ‘points’
    choice,ClusterLongData: no visible global function definition for
     ‘points’
    choice,ClusterLongData: no visible global function definition for
     ‘close.screen’
    choice,ClusterLongData: no visible global function definition for
     ‘dev.off’
    exportPartition,ClusterLongData-numeric: no visible global function
     definition for ‘write.csv2’
    exportPartition,ClusterLongData-numeric: no visible global function
     definition for ‘dev.off’
    plot,ClusterLongData-missing: no visible global function definition for
     ‘split.screen’
    plot,ClusterLongData-missing: no visible global function definition for
     ‘screen’
    plot,ClusterLongData-missing: no visible global function definition for
     ‘close.screen’
    plot,ClusterLongData-numeric: no visible global function definition for
     ‘split.screen’
    plot,ClusterLongData-numeric: no visible global function definition for
     ‘screen’
    plot,ClusterLongData-numeric: no visible global function definition for
     ‘close.screen’
    Undefined global functions or variables:
     close.screen dev.off dist getGraphicsEvent matlines matplot na.omit
     points rnorm runif screen split.screen weighted.mean write.csv2
Flavors: r-devel-linux-x86_64-debian-clang, r-devel-linux-x86_64-debian-gcc, r-devel-linux-x86_64-fedora-clang, r-devel-linux-x86_64-fedora-gcc, r-devel-windows-ix86+x86_64