CRAN Package Check Results for Package kml

Last updated on 2019-05-21 10:48:25 CEST.

Flavor Version Tinstall Tcheck Ttotal Status Flags
r-devel-linux-x86_64-debian-clang 2.4.1 7.42 46.76 54.18 OK
r-devel-linux-x86_64-debian-gcc 2.4.1 5.35 37.80 43.15 OK
r-devel-linux-x86_64-fedora-clang 2.4.1 63.21 NOTE
r-devel-linux-x86_64-fedora-gcc 2.4.1 61.62 NOTE
r-devel-windows-ix86+x86_64 2.4.1 26.00 120.00 146.00 OK
r-patched-linux-x86_64 2.4.1 7.41 46.37 53.78 OK
r-patched-solaris-x86 2.4.1 97.90 OK
r-release-linux-x86_64 2.4.1 6.48 46.55 53.03 OK
r-release-windows-ix86+x86_64 2.4.1 29.00 125.00 154.00 OK
r-release-osx-x86_64 2.4.1 WARN
r-oldrel-windows-ix86+x86_64 2.4.1 11.00 81.00 92.00 OK
r-oldrel-osx-x86_64 2.4.1 OK

Check Details

Version: 2.4.1
Check: compiled code
Result: NOTE
    File ‘kml/libs/kml.so’:
     Found no calls to: ‘R_registerRoutines’, ‘R_useDynamicSymbols’
    
    It is good practice to register native routines and to disable symbol
    search.
    
    See ‘Writing portable packages’ in the ‘Writing R Extensions’ manual.
Flavors: r-devel-linux-x86_64-fedora-clang, r-devel-linux-x86_64-fedora-gcc

Version: 2.4.1
Check: whether package can be installed
Result: WARN
    Found the following significant warnings:
     Warning: 'rgl_init' failed, running with rgl.useNULL = TRUE
Flavor: r-release-osx-x86_64