CRAN Package Check Results for Package kml

Last updated on 2014-12-18 21:47:11.

Flavor Version Tinstall Tcheck Ttotal Status Flags
r-devel-linux-x86_64-debian-clang 2.2 1.83 27.70 29.53 NOTE
r-devel-linux-x86_64-debian-gcc 2.2 1.76 25.15 26.92 NOTE
r-devel-linux-x86_64-fedora-clang 2.2 58.29 NOTE
r-devel-linux-x86_64-fedora-gcc 2.2 54.17 NOTE
r-devel-osx-x86_64-clang 2.2 53.46 NOTE
r-devel-windows-ix86+x86_64 2.2 8.00 57.00 65.00 NOTE
r-patched-linux-x86_64 2.2 1.89 26.23 28.12 NOTE
r-patched-solaris-sparc 2.2 308.60 NOTE
r-patched-solaris-x86 2.2 77.80 NOTE
r-release-linux-ix86 2.2 2.28 34.53 36.82 NOTE
r-release-linux-x86_64 2.2 1.73 26.54 28.26 NOTE
r-release-osx-x86_64-mavericks 2.2 OK
r-release-osx-x86_64-snowleopard 2.2 OK
r-release-windows-ix86+x86_64 2.2 8.00 59.00 67.00 NOTE
r-oldrel-windows-ix86+x86_64 2.2 8.00 62.00 70.00 OK

Check Details

Version: 2.2
Check: R code for possible problems
Result: NOTE
    .clusterLongData.choice: no visible binding for global variable
     ‘CLUSTER_NAMES’
    .clusterLongData.choice: no visible binding for global variable
     ‘CRITERION_NAMES’
    .clusterLongData.choice: no visible binding for global variable
     ‘CHOICE_STYLE’
    .exportPartition: no visible binding for global variable
     ‘CRITERION_NAMES’
    choiceChangeParam: no visible binding for global variable
     ‘CRITERION_NAMES’
    choiceChangeParam: no visible binding for global variable
     ‘CHOICE_STYLE’
    parALGO: no visible binding for global variable ‘DISTANCE_METHODS’
    parKml: no visible binding for global variable ‘DISTANCE_METHODS’
    [,ClusterLongData-character : .local: no visible binding for global
     variable ‘CRITERION_NAMES’
    [,ClusterLongData-character : .local: no visible binding for global
     variable ‘CLUSTER_NAMES’
    choice,ClusterLongData: no visible binding for global variable
     ‘CLUSTER_NAMES’
    choice,ClusterLongData: no visible binding for global variable
     ‘CRITERION_NAMES’
    choice,ClusterLongData: no visible binding for global variable
     ‘CHOICE_STYLE’
Flavors: r-devel-linux-x86_64-debian-clang, r-devel-linux-x86_64-debian-gcc, r-devel-linux-x86_64-fedora-clang, r-devel-linux-x86_64-fedora-gcc, r-devel-osx-x86_64-clang, r-devel-windows-ix86+x86_64, r-patched-linux-x86_64, r-patched-solaris-sparc, r-patched-solaris-x86, r-release-linux-ix86, r-release-linux-x86_64, r-release-windows-ix86+x86_64