CRAN Package Check Results for Package kml

Last updated on 2015-03-04 00:47:10.

Flavor Version Tinstall Tcheck Ttotal Status Flags
r-devel-linux-x86_64-debian-clang 2.2 1.59 22.79 24.38 NOTE
r-devel-linux-x86_64-debian-gcc 2.2 1.63 24.30 25.93 NOTE
r-devel-linux-x86_64-fedora-clang 2.2 49.12 NOTE
r-devel-linux-x86_64-fedora-gcc 2.2 48.09 NOTE
r-devel-osx-x86_64-clang 2.2 46.83 NOTE
r-devel-windows-ix86+x86_64 2.2 7.00 47.00 54.00 NOTE
r-patched-linux-x86_64 2.2 2.04 26.98 29.02 NOTE
r-patched-solaris-sparc 2.2 339.20 NOTE
r-patched-solaris-x86 2.2 82.20 NOTE
r-release-linux-ix86 2.2 2.30 35.11 37.41 NOTE
r-release-linux-x86_64 2.2 1.97 27.53 29.50 NOTE
r-release-osx-x86_64-mavericks 2.2 NOTE
r-release-osx-x86_64-snowleopard 2.2 OK
r-release-windows-ix86+x86_64 2.2 16.00 57.00 73.00 NOTE
r-oldrel-windows-ix86+x86_64 2.2 9.00 62.00 71.00 OK

Check Details

Version: 2.2
Check: R code for possible problems
Result: NOTE
    .clusterLongData.choice: no visible binding for global variable
     ‘CLUSTER_NAMES’
    .clusterLongData.choice: no visible binding for global variable
     ‘CRITERION_NAMES’
    .clusterLongData.choice: no visible binding for global variable
     ‘CHOICE_STYLE’
    .exportPartition: no visible binding for global variable
     ‘CRITERION_NAMES’
    choiceChangeParam: no visible binding for global variable
     ‘CRITERION_NAMES’
    choiceChangeParam: no visible binding for global variable
     ‘CHOICE_STYLE’
    parALGO: no visible binding for global variable ‘DISTANCE_METHODS’
    parKml: no visible binding for global variable ‘DISTANCE_METHODS’
    [,ClusterLongData-character : .local: no visible binding for global
     variable ‘CRITERION_NAMES’
    [,ClusterLongData-character : .local: no visible binding for global
     variable ‘CLUSTER_NAMES’
    choice,ClusterLongData: no visible binding for global variable
     ‘CLUSTER_NAMES’
    choice,ClusterLongData: no visible binding for global variable
     ‘CRITERION_NAMES’
    choice,ClusterLongData: no visible binding for global variable
     ‘CHOICE_STYLE’
Flavors: r-devel-linux-x86_64-debian-clang, r-devel-linux-x86_64-debian-gcc, r-devel-linux-x86_64-fedora-clang, r-devel-linux-x86_64-fedora-gcc, r-devel-osx-x86_64-clang, r-devel-windows-ix86+x86_64, r-patched-linux-x86_64, r-patched-solaris-sparc, r-patched-solaris-x86, r-release-linux-ix86, r-release-linux-x86_64, r-release-osx-x86_64-mavericks, r-release-windows-ix86+x86_64