CRAN Package Check Results for Package kml

Last updated on 2014-10-25 09:52:09.

Flavor Version Tinstall Tcheck Ttotal Status Flags
r-devel-linux-x86_64-debian-clang 2.2 1.77 25.93 27.70 NOTE
r-devel-linux-x86_64-debian-gcc 2.2 2.20 25.52 27.72 NOTE
r-devel-linux-x86_64-fedora-clang 2.2 57.76 NOTE
r-devel-linux-x86_64-fedora-gcc 2.2 53.06 NOTE
r-devel-osx-x86_64-clang 2.2 52.90 NOTE
r-devel-windows-ix86+x86_64 2.2 8.00 53.00 61.00 NOTE
r-patched-linux-x86_64 2.2 1.89 26.43 28.32 NOTE
r-patched-solaris-sparc 2.2 308.60 NOTE
r-patched-solaris-x86 2.2 79.60 NOTE
r-release-linux-ix86 2.2 2.48 35.71 38.20 OK
r-release-linux-x86_64 2.2 1.92 25.85 27.78 OK
r-release-osx-x86_64-mavericks 2.2 OK
r-release-osx-x86_64-snowleopard 2.2 OK
r-release-windows-ix86+x86_64 2.2 8.00 55.00 63.00 OK
r-oldrel-windows-ix86+x86_64 2.2 9.00 61.00 70.00 OK

Check Details

Version: 2.2
Check: R code for possible problems
Result: NOTE
    .clusterLongData.choice: no visible binding for global variable
     ‘CLUSTER_NAMES’
    .clusterLongData.choice: no visible binding for global variable
     ‘CRITERION_NAMES’
    .clusterLongData.choice: no visible binding for global variable
     ‘CHOICE_STYLE’
    .exportPartition: no visible binding for global variable
     ‘CRITERION_NAMES’
    choiceChangeParam: no visible binding for global variable
     ‘CRITERION_NAMES’
    choiceChangeParam: no visible binding for global variable
     ‘CHOICE_STYLE’
    parALGO: no visible binding for global variable ‘DISTANCE_METHODS’
    parKml: no visible binding for global variable ‘DISTANCE_METHODS’
    [,ClusterLongData-character : .local: no visible binding for global
     variable ‘CRITERION_NAMES’
    [,ClusterLongData-character : .local: no visible binding for global
     variable ‘CLUSTER_NAMES’
    choice,ClusterLongData: no visible binding for global variable
     ‘CLUSTER_NAMES’
    choice,ClusterLongData: no visible binding for global variable
     ‘CRITERION_NAMES’
    choice,ClusterLongData: no visible binding for global variable
     ‘CHOICE_STYLE’
Flavors: r-devel-linux-x86_64-debian-clang, r-devel-linux-x86_64-debian-gcc, r-devel-linux-x86_64-fedora-clang, r-devel-linux-x86_64-fedora-gcc, r-devel-osx-x86_64-clang, r-devel-windows-ix86+x86_64, r-patched-linux-x86_64, r-patched-solaris-sparc, r-patched-solaris-x86