CRAN Package Check Results for Package kml

Last updated on 2019-03-20 16:49:06 CET.

Flavor Version Tinstall Tcheck Ttotal Status Flags
r-devel-linux-x86_64-debian-clang 2.4.1 7.84 47.31 55.15 OK
r-devel-linux-x86_64-debian-gcc 2.4.1 5.31 37.02 42.33 OK
r-devel-linux-x86_64-fedora-clang 2.4.1 63.90 NOTE
r-devel-linux-x86_64-fedora-gcc 2.4.1 60.79 NOTE
r-devel-windows-ix86+x86_64 2.4.1 23.00 119.00 142.00 OK
r-patched-linux-x86_64 2.4.1 4.45 44.13 48.58 OK
r-patched-solaris-x86 2.4.1 93.60 OK
r-release-linux-x86_64 2.4.1 5.22 44.44 49.66 OK
r-release-windows-ix86+x86_64 2.4.1 15.00 125.00 140.00 OK
r-release-osx-x86_64 2.4.1 OK
r-oldrel-windows-ix86+x86_64 2.4.1 11.00 114.00 125.00 OK
r-oldrel-osx-x86_64 2.4.1 OK

Check Details

Version: 2.4.1
Check: compiled code
Result: NOTE
    File ‘kml/libs/kml.so’:
     Found no calls to: ‘R_registerRoutines’, ‘R_useDynamicSymbols’
    
    It is good practice to register native routines and to disable symbol
    search.
    
    See ‘Writing portable packages’ in the ‘Writing R Extensions’ manual.
Flavors: r-devel-linux-x86_64-fedora-clang, r-devel-linux-x86_64-fedora-gcc