CRAN Package Check Results for Package kml

Last updated on 2014-04-19 08:50:15.

Flavor Version Tinstall Tcheck Ttotal Status Flags
r-devel-linux-x86_64-debian-clang 2.2 2.07 26.92 28.99 OK
r-devel-linux-x86_64-debian-gcc 2.2 1.86 26.92 28.78 OK
r-devel-linux-x86_64-fedora-clang 2.2 56.75 OK
r-devel-linux-x86_64-fedora-gcc 2.2 54.83 OK
r-devel-macosx-x86_64-clang 2.2 48.48 OK
r-devel-macosx-x86_64-gcc 2.2 NOTE
r-devel-windows-ix86+x86_64 2.2 8.00 60.00 68.00 OK
r-patched-linux-x86_64 2.2 1.99 27.56 29.54 OK
r-patched-solaris-sparc 2.2 285.20 OK
r-patched-solaris-x86 2.2 75.10 OK
r-release-linux-ix86 2.2 4.00 49.00 53.00 OK
r-release-linux-x86_64 2.2 1.95 27.10 29.05 OK
r-release-macosx-x86_64 2.2 OK
r-release-windows-ix86+x86_64 2.2 10.00 56.00 66.00 OK
r-oldrel-windows-ix86+x86_64 2.2 8.00 56.00 64.00 OK

Check Details

Version: 2.2
Check: Rd cross-references
Result: NOTE
    Package unavailable to check Rd xrefs: ‘kml3d’
Flavor: r-devel-macosx-x86_64-gcc