CRAN Package Check Results for Package kml

Last updated on 2016-12-04 12:47:49.

Flavor Version Tinstall Tcheck Ttotal Status Flags
r-devel-linux-x86_64-debian-clang 2.4.1 2.22 27.40 29.61 OK
r-devel-linux-x86_64-debian-gcc 2.4.1 2.12 27.37 29.49 OK
r-devel-linux-x86_64-fedora-clang 2.4.1 58.46 OK --no-stop-on-test-error
r-devel-linux-x86_64-fedora-gcc 2.4.1 55.31 OK
r-devel-macos-x86_64-clang 2.4.1 44.43 OK
r-devel-windows-ix86+x86_64 2.4.1 9.00 97.00 106.00 OK
r-patched-linux-x86_64 2.4.1 1.94 24.42 26.36 OK
r-patched-solaris-sparc 2.4.1 305.30 OK
r-patched-solaris-x86 2.4.1 67.70 OK
r-release-linux-x86_64 2.4.1 1.77 23.77 25.54 OK
r-release-osx-x86_64-mavericks 2.4.1 WARN
r-release-windows-ix86+x86_64 2.4.1 10.00 64.00 74.00 OK
r-oldrel-windows-ix86+x86_64 2.4.1 9.00 69.00 78.00 OK

Check Details

Version: 2.4.1
Check: whether package can be installed
Result: WARN
    Found the following significant warnings:
     Warning: 'rgl_init' failed, running with rgl.useNULL = TRUE
Flavor: r-release-osx-x86_64-mavericks

Version: 2.4.1
Check: dependencies in R code
Result: NOTE
    Invalid MIT-MAGIC-COOKIE-1 key
Flavor: r-release-osx-x86_64-mavericks

Version: 2.4.1
Check: S3 generic/method consistency
Result: WARN
    Invalid MIT-MAGIC-COOKIE-1 key
    See section ‘Generic functions and methods’ in the ‘Writing R
    Extensions’ manual.
Flavor: r-release-osx-x86_64-mavericks

Version: 2.4.1
Check: replacement functions
Result: WARN
    Invalid MIT-MAGIC-COOKIE-1 key
    The argument of a replacement function which corresponds to the right
    hand side must be named ‘value’.
Flavor: r-release-osx-x86_64-mavericks

Version: 2.4.1
Check: foreign function calls
Result: NOTE
    Invalid MIT-MAGIC-COOKIE-1 key
    See chapter ‘System and foreign language interfaces’ in the ‘Writing R
    Extensions’ manual.
Flavor: r-release-osx-x86_64-mavericks

Version: 2.4.1
Check: R code for possible problems
Result: NOTE
    Invalid MIT-MAGIC-COOKIE-1 key
Flavor: r-release-osx-x86_64-mavericks

Version: 2.4.1
Check: for missing documentation entries
Result: WARN
    Invalid MIT-MAGIC-COOKIE-1 key
    All user-level objects in a package should have documentation entries.
    See chapter ‘Writing R documentation files’ in the ‘Writing R
    Extensions’ manual.
Flavor: r-release-osx-x86_64-mavericks

Version: 2.4.1
Check: for code/documentation mismatches
Result: WARN
    Invalid MIT-MAGIC-COOKIE-1 key
    Invalid MIT-MAGIC-COOKIE-1 key
    Invalid MIT-MAGIC-COOKIE-1 key
Flavor: r-release-osx-x86_64-mavericks

Version: 2.4.1
Check: Rd \usage sections
Result: NOTE
    Invalid MIT-MAGIC-COOKIE-1 key
    The \usage entries for S3 methods should use the \method markup and not
    their full name.
    See chapter ‘Writing R documentation files’ in the ‘Writing R
    Extensions’ manual.
Flavor: r-release-osx-x86_64-mavericks