CRAN Package Check Results for Package kml

Last updated on 2015-04-01 21:47:40.

Flavor Version Tinstall Tcheck Ttotal Status Flags
r-devel-linux-x86_64-debian-clang 2.2 1.54 23.74 25.27 NOTE
r-devel-linux-x86_64-debian-gcc 2.2 1.59 22.51 24.10 NOTE
r-devel-linux-x86_64-fedora-clang 2.2 46.60 NOTE
r-devel-linux-x86_64-fedora-gcc 2.2 50.93 NOTE
r-devel-osx-x86_64-clang 2.2 51.96 NOTE
r-prerel-windows-ix86+x86_64 2.2 10.00 44.00 54.00 NOTE
r-prerel-linux-x86_64 2.2 1.51 22.19 23.70 NOTE
r-prerel-solaris-sparc 2.2 273.30 NOTE
r-prerel-solaris-x86 2.2 73.90 NOTE
r-release-linux-x86_64 2.2 1.90 28.88 30.79 NOTE
r-release-osx-x86_64-mavericks 2.2 NOTE
r-release-osx-x86_64-snowleopard 2.2 OK
r-release-windows-ix86+x86_64 2.2 8.00 59.00 67.00 NOTE
r-oldrel-windows-ix86+x86_64 2.2 9.00 61.00 70.00 OK

Check Details

Version: 2.2
Check: R code for possible problems
Result: NOTE
    .clusterLongData.choice: no visible binding for global variable
     ‘CLUSTER_NAMES’
    .clusterLongData.choice: no visible binding for global variable
     ‘CRITERION_NAMES’
    .clusterLongData.choice: no visible binding for global variable
     ‘CHOICE_STYLE’
    .exportPartition: no visible binding for global variable
     ‘CRITERION_NAMES’
    choiceChangeParam: no visible binding for global variable
     ‘CRITERION_NAMES’
    choiceChangeParam: no visible binding for global variable
     ‘CHOICE_STYLE’
    parALGO: no visible binding for global variable ‘DISTANCE_METHODS’
    parKml: no visible binding for global variable ‘DISTANCE_METHODS’
    [,ClusterLongData-character : .local: no visible binding for global
     variable ‘CRITERION_NAMES’
    [,ClusterLongData-character : .local: no visible binding for global
     variable ‘CLUSTER_NAMES’
    choice,ClusterLongData: no visible binding for global variable
     ‘CLUSTER_NAMES’
    choice,ClusterLongData: no visible binding for global variable
     ‘CRITERION_NAMES’
    choice,ClusterLongData: no visible binding for global variable
     ‘CHOICE_STYLE’
Flavors: r-devel-linux-x86_64-debian-clang, r-devel-linux-x86_64-debian-gcc, r-devel-linux-x86_64-fedora-clang, r-devel-linux-x86_64-fedora-gcc, r-devel-osx-x86_64-clang, r-prerel-windows-ix86+x86_64, r-prerel-linux-x86_64, r-prerel-solaris-sparc, r-prerel-solaris-x86, r-release-linux-x86_64, r-release-osx-x86_64-mavericks, r-release-windows-ix86+x86_64