CRAN Package Check Results for Package kml

Last updated on 2014-11-23 03:48:01.

Flavor Version Tinstall Tcheck Ttotal Status Flags
r-devel-linux-x86_64-debian-clang 2.2 2.00 25.85 27.85 NOTE
r-devel-linux-x86_64-debian-gcc 2.2 1.82 24.99 26.81 NOTE
r-devel-linux-x86_64-fedora-clang 2.2 58.62 NOTE
r-devel-linux-x86_64-fedora-gcc 2.2 54.00 NOTE
r-devel-osx-x86_64-clang 2.2 54.89 NOTE
r-devel-windows-ix86+x86_64 2.2 8.00 53.00 61.00 NOTE
r-patched-linux-x86_64 2.2 1.75 26.16 27.91 NOTE
r-patched-solaris-sparc 2.2 308.60 NOTE
r-patched-solaris-x86 2.2 80.40 NOTE
r-release-linux-ix86 2.2 2.34 34.61 36.95 NOTE
r-release-linux-x86_64 2.2 1.73 26.01 27.74 NOTE
r-release-osx-x86_64-mavericks 2.2 OK
r-release-osx-x86_64-snowleopard 2.2 OK
r-release-windows-ix86+x86_64 2.2 12.00 60.00 72.00 NOTE
r-oldrel-windows-ix86+x86_64 2.2 8.00 66.00 74.00 OK

Check Details

Version: 2.2
Check: R code for possible problems
Result: NOTE
    .clusterLongData.choice: no visible binding for global variable
     ‘CLUSTER_NAMES’
    .clusterLongData.choice: no visible binding for global variable
     ‘CRITERION_NAMES’
    .clusterLongData.choice: no visible binding for global variable
     ‘CHOICE_STYLE’
    .exportPartition: no visible binding for global variable
     ‘CRITERION_NAMES’
    choiceChangeParam: no visible binding for global variable
     ‘CRITERION_NAMES’
    choiceChangeParam: no visible binding for global variable
     ‘CHOICE_STYLE’
    parALGO: no visible binding for global variable ‘DISTANCE_METHODS’
    parKml: no visible binding for global variable ‘DISTANCE_METHODS’
    [,ClusterLongData-character : .local: no visible binding for global
     variable ‘CRITERION_NAMES’
    [,ClusterLongData-character : .local: no visible binding for global
     variable ‘CLUSTER_NAMES’
    choice,ClusterLongData: no visible binding for global variable
     ‘CLUSTER_NAMES’
    choice,ClusterLongData: no visible binding for global variable
     ‘CRITERION_NAMES’
    choice,ClusterLongData: no visible binding for global variable
     ‘CHOICE_STYLE’
Flavors: r-devel-linux-x86_64-debian-clang, r-devel-linux-x86_64-debian-gcc, r-devel-linux-x86_64-fedora-clang, r-devel-linux-x86_64-fedora-gcc, r-devel-osx-x86_64-clang, r-devel-windows-ix86+x86_64, r-patched-linux-x86_64, r-patched-solaris-sparc, r-patched-solaris-x86, r-release-linux-ix86, r-release-linux-x86_64, r-release-windows-ix86+x86_64