CRAN Package Check Results for Package kml

Last updated on 2016-02-10 10:47:47.

Flavor Version Tinstall Tcheck Ttotal Status Flags
r-devel-linux-x86_64-debian-gcc 2.4 1.48 22.41 23.89 WARN
r-devel-linux-x86_64-fedora-clang 2.4 43.29 WARN
r-devel-linux-x86_64-fedora-gcc 2.4 41.10 WARN
r-devel-osx-x86_64-clang 2.4 49.57 WARN
r-devel-windows-ix86+x86_64 2.4 14.00 55.00 69.00 OK
r-patched-linux-x86_64 2.4 1.67 24.31 25.98 WARN
r-patched-solaris-sparc 2.4 283.20 WARN
r-patched-solaris-x86 2.4 62.80 WARN
r-release-linux-x86_64 2.4 1.67 24.40 26.07 WARN
r-release-osx-x86_64-mavericks 2.4 OK
r-release-windows-ix86+x86_64 2.4 9.00 54.00 63.00 OK
r-oldrel-windows-ix86+x86_64 2.4 12.00 72.00 84.00 OK

Check Details

Version: 2.4
Check: Rd cross-references
Result: WARN
    Unknown package ‘kml3d’ in Rd xrefs
Flavors: r-devel-linux-x86_64-debian-gcc, r-devel-linux-x86_64-fedora-clang, r-devel-linux-x86_64-fedora-gcc, r-devel-osx-x86_64-clang, r-patched-linux-x86_64, r-patched-solaris-sparc, r-patched-solaris-x86, r-release-linux-x86_64