CRAN Package Check Results for Package kml

Last updated on 2015-05-27 19:47:11.

Flavor Version Tinstall Tcheck Ttotal Status Flags
r-devel-linux-x86_64-debian-clang 2.3 1.50 22.86 24.36 OK
r-devel-linux-x86_64-debian-gcc 2.3 1.59 21.98 23.58 OK
r-devel-linux-x86_64-fedora-clang 2.3 48.07 OK
r-devel-linux-x86_64-fedora-gcc 2.3 46.83 OK
r-devel-osx-x86_64-clang 2.3 46.12 OK
r-devel-windows-ix86+x86_64 2.3 8.00 51.00 59.00 OK
r-patched-linux-x86_64 2.3 1.51 21.95 23.46 OK
r-patched-solaris-sparc 2.3 286.00 OK
r-patched-solaris-x86 2.3 74.40 OK
r-release-linux-x86_64 2.3 1.52 22.26 23.78 OK
r-release-osx-x86_64-mavericks 2.3 OK
r-release-osx-x86_64-snowleopard 2.2 NOTE
r-release-windows-ix86+x86_64 2.3 7.00 50.00 57.00 OK
r-oldrel-windows-ix86+x86_64 2.3 10.00 78.00 88.00 OK

Check Details

Version: 2.2
Check: R code for possible problems
Result: NOTE
    .clusterLongData.choice: no visible binding for global variable
     ‘CLUSTER_NAMES’
    .clusterLongData.choice: no visible binding for global variable
     ‘CRITERION_NAMES’
    .clusterLongData.choice: no visible binding for global variable
     ‘CHOICE_STYLE’
    .exportPartition: no visible binding for global variable
     ‘CRITERION_NAMES’
    choiceChangeParam: no visible binding for global variable
     ‘CRITERION_NAMES’
    choiceChangeParam: no visible binding for global variable
     ‘CHOICE_STYLE’
    parALGO: no visible binding for global variable ‘DISTANCE_METHODS’
    parKml: no visible binding for global variable ‘DISTANCE_METHODS’
    [,ClusterLongData-character : .local: no visible binding for global
     variable ‘CRITERION_NAMES’
    [,ClusterLongData-character : .local: no visible binding for global
     variable ‘CLUSTER_NAMES’
    choice,ClusterLongData: no visible binding for global variable
     ‘CLUSTER_NAMES’
    choice,ClusterLongData: no visible binding for global variable
     ‘CRITERION_NAMES’
    choice,ClusterLongData: no visible binding for global variable
     ‘CHOICE_STYLE’
Flavor: r-release-osx-x86_64-snowleopard