CRAN Package Check Results for Package kml

Last updated on 2017-01-21 05:50:28.

Flavor Version Tinstall Tcheck Ttotal Status Flags
r-devel-linux-x86_64-debian-clang 2.4.1 2.29 27.66 29.95 OK
r-devel-linux-x86_64-debian-gcc 2.4.1 2.18 26.72 28.90 OK
r-devel-linux-x86_64-fedora-clang 2.4.1 54.55 OK --no-stop-on-test-error
r-devel-linux-x86_64-fedora-gcc 2.4.1 58.65 OK --no-stop-on-test-error
r-devel-macos-x86_64-clang 2.4.1 44.11 OK --no-stop-on-test-error
r-devel-windows-ix86+x86_64 2.4.1 15.00 91.00 106.00 OK
r-patched-linux-x86_64 2.4.1 1.88 24.30 26.18 OK
r-patched-solaris-sparc 2.4.1 309.70 OK
r-patched-solaris-x86 2.4.1 68.20 OK
r-release-linux-x86_64 2.4.1 1.96 24.72 26.68 OK
r-release-osx-x86_64-mavericks 2.4.1 WARN
r-release-windows-ix86+x86_64 2.4.1 13.00 143.00 156.00 OK
r-oldrel-windows-ix86+x86_64 2.4.1 14.00 148.00 162.00 OK

Check Details

Version: 2.4.1
Check: whether package can be installed
Result: WARN
    Found the following significant warnings:
     Warning: 'rgl_init' failed, running with rgl.useNULL = TRUE
Flavor: r-release-osx-x86_64-mavericks

Version: 2.4.1
Check: dependencies in R code
Result: NOTE
    Invalid MIT-MAGIC-COOKIE-1 key
Flavor: r-release-osx-x86_64-mavericks

Version: 2.4.1
Check: S3 generic/method consistency
Result: WARN
    Invalid MIT-MAGIC-COOKIE-1 key
    See section ‘Generic functions and methods’ in the ‘Writing R
    Extensions’ manual.
Flavor: r-release-osx-x86_64-mavericks

Version: 2.4.1
Check: replacement functions
Result: WARN
    Invalid MIT-MAGIC-COOKIE-1 key
    The argument of a replacement function which corresponds to the right
    hand side must be named ‘value’.
Flavor: r-release-osx-x86_64-mavericks

Version: 2.4.1
Check: foreign function calls
Result: NOTE
    Invalid MIT-MAGIC-COOKIE-1 key
    See chapter ‘System and foreign language interfaces’ in the ‘Writing R
    Extensions’ manual.
Flavor: r-release-osx-x86_64-mavericks

Version: 2.4.1
Check: R code for possible problems
Result: NOTE
    Invalid MIT-MAGIC-COOKIE-1 key
Flavor: r-release-osx-x86_64-mavericks

Version: 2.4.1
Check: for missing documentation entries
Result: WARN
    Invalid MIT-MAGIC-COOKIE-1 key
    All user-level objects in a package should have documentation entries.
    See chapter ‘Writing R documentation files’ in the ‘Writing R
    Extensions’ manual.
Flavor: r-release-osx-x86_64-mavericks

Version: 2.4.1
Check: for code/documentation mismatches
Result: WARN
    Invalid MIT-MAGIC-COOKIE-1 key
    Invalid MIT-MAGIC-COOKIE-1 key
    Invalid MIT-MAGIC-COOKIE-1 key
Flavor: r-release-osx-x86_64-mavericks

Version: 2.4.1
Check: Rd \usage sections
Result: NOTE
    Invalid MIT-MAGIC-COOKIE-1 key
    The \usage entries for S3 methods should use the \method markup and not
    their full name.
    See chapter ‘Writing R documentation files’ in the ‘Writing R
    Extensions’ manual.
Flavor: r-release-osx-x86_64-mavericks