CRAN Package Check Results for Package kml3d

Last updated on 2015-04-28 19:49:09.

Flavor Version Tinstall Tcheck Ttotal Status Flags
r-devel-linux-x86_64-debian-clang 2.2 1.29 31.71 33.00 NOTE
r-devel-linux-x86_64-debian-gcc 2.2 1.24 30.40 31.64 NOTE
r-devel-linux-x86_64-fedora-clang 2.2 66.29 NOTE
r-devel-linux-x86_64-fedora-gcc 2.2 63.00 NOTE
r-devel-osx-x86_64-clang 2.2 57.13 NOTE
r-devel-windows-ix86+x86_64 2.2 6.00 53.00 59.00 NOTE
r-patched-linux-x86_64 2.2 1.27 31.02 32.30 NOTE
r-patched-solaris-sparc 2.2 357.40 NOTE
r-patched-solaris-x86 2.2 88.50 NOTE
r-release-linux-x86_64 2.2 1.30 33.82 35.12 NOTE
r-release-osx-x86_64-mavericks 2.2 NOTE
r-release-osx-x86_64-snowleopard 2.2 ERROR
r-release-windows-ix86+x86_64 2.2 5.00 53.00 58.00 NOTE
r-oldrel-windows-ix86+x86_64 2.2 7.00 59.00 66.00 NOTE

Check Details

Version: 2.2
Check: R code for possible problems
Result: NOTE
    .exportPartition3d: no visible binding for global variable
     ‘CRITERION_NAMES’
    [,ClusterLongData3d-character : .local: no visible binding for global
     variable ‘CRITERION_NAMES’
    [,ClusterLongData3d-character : .local: no visible binding for global
     variable ‘CLUSTER_NAMES’
Flavors: r-devel-linux-x86_64-debian-clang, r-devel-linux-x86_64-debian-gcc, r-devel-linux-x86_64-fedora-clang, r-devel-linux-x86_64-fedora-gcc, r-devel-osx-x86_64-clang, r-devel-windows-ix86+x86_64, r-patched-linux-x86_64, r-patched-solaris-sparc, r-patched-solaris-x86, r-release-linux-x86_64, r-release-osx-x86_64-mavericks, r-release-osx-x86_64-snowleopard, r-release-windows-ix86+x86_64, r-oldrel-windows-ix86+x86_64

Version: 2.2
Check: examples
Result: ERROR
    Running examples in ‘kml3d-Ex.R’ failed
    The error most likely occurred in:
    
    > ### Name: generateArtificialLongData3d
    > ### Title: ~ Function: generateArtificialLongData3d (or gald3d) ~
    > ### Aliases: gald3d generateArtificialLongData3d
    > ### Keywords: datagen cluster ts
    >
    > ### ** Examples
    >
    > #####################
    > ### Default example
    >
    > ex1 <- generateArtificialLongData3d()
    > plot3d(ex1,parTraj=parTRAJ(type="l"))
    Fri Mar 20 23:57:54 hagal.research.att.com R[51815] <Error>: unknown error code: invalid pixel format
    Fri Mar 20 23:57:54 hagal.research.att.com R[51815] <Error>: kCGErrorFailure: Set a breakpoint @ CGErrorBreakpoint() to catch errors as they are logged.
    X Error of failed request: GLXBadContext
     Major opcode of failed request: 0 ()
     Serial number of failed request: 27
     Current serial number in output stream: 27
Flavor: r-release-osx-x86_64-snowleopard