CRAN Package Check Results for Package kml3d

Last updated on 2014-04-25 05:47:18.

Flavor Version Tinstall Tcheck Ttotal Status Flags
r-devel-linux-x86_64-debian-clang 2.2 1.74 37.13 38.88 OK
r-devel-linux-x86_64-debian-gcc 2.2 1.75 36.40 38.15 OK
r-devel-linux-x86_64-fedora-clang 2.2 77.76 OK
r-devel-linux-x86_64-fedora-gcc 2.2 74.43 OK
r-devel-osx-x86_64-clang 2.2 59.96 OK
r-devel-osx-x86_64-gcc 2.2 OK
r-devel-windows-ix86+x86_64 2.2 6.00 66.00 72.00 OK
r-patched-linux-x86_64 2.2 1.71 37.30 39.01 OK
r-patched-solaris-sparc 2.2 375.40 OK
r-patched-solaris-x86 2.2 92.90 OK
r-release-linux-ix86 2.2 3.00 63.00 66.00 OK
r-release-linux-x86_64 2.2 1.79 36.86 38.64 OK
r-release-osx-x86_64-mavericks 2.2 WARN
r-release-osx-x86_64-snowleopard 2.2 OK
r-release-windows-ix86+x86_64 2.2 5.00 54.00 59.00 OK
r-oldrel-windows-ix86+x86_64 2.2 6.00 56.00 62.00 OK

Check Details

Version: 2.2
Check: PDF version of manual
Result: WARNING
    LaTeX errors when creating PDF version.
    This typically indicates Rd problems.
    LaTeX errors found:
    ! LaTeX Error: File `upquote.sty' not found.
    
    Type X to quit or <RETURN> to proceed,
    or enter new name. (Default extension: sty)
    
    49742ff/Rd2.tex:8: ==> Fatal error occurred, no output PDF file produced!
Flavor: r-release-osx-x86_64-mavericks