CRAN Package Check Results for Package kml3d

Last updated on 2014-09-20 19:47:20.

Flavor Version Tinstall Tcheck Ttotal Status Flags
r-devel-linux-x86_64-debian-clang 2.2 1.53 35.19 36.72 NOTE
r-devel-linux-x86_64-debian-gcc 2.2 1.43 34.16 35.58 NOTE
r-devel-linux-x86_64-fedora-clang 2.2 75.08 NOTE
r-devel-linux-x86_64-fedora-gcc 2.2 70.93 NOTE
r-devel-osx-x86_64-clang 2.2 64.62 NOTE
r-devel-windows-ix86+x86_64 2.2 5.00 57.00 62.00 NOTE
r-patched-linux-x86_64 2.2 1.54 35.88 37.42 OK
r-patched-solaris-sparc 2.2 401.10 OK
r-patched-solaris-x86 2.2 96.30 OK
r-release-linux-ix86 2.2 2.20 48.22 50.42 OK
r-release-linux-x86_64 2.2 1.56 36.00 37.56 OK
r-release-osx-x86_64-mavericks 2.2 OK
r-release-osx-x86_64-snowleopard 2.2 OK
r-release-windows-ix86+x86_64 2.2 6.00 55.00 61.00 OK
r-oldrel-windows-ix86+x86_64 2.2 7.00 59.00 66.00 OK

Check Details

Version: 2.2
Check: R code for possible problems
Result: NOTE
    .exportPartition3d: no visible binding for global variable
     ‘CRITERION_NAMES’
    [,ClusterLongData3d-character : .local: no visible binding for global
     variable ‘CRITERION_NAMES’
    [,ClusterLongData3d-character : .local: no visible binding for global
     variable ‘CLUSTER_NAMES’
Flavors: r-devel-linux-x86_64-debian-clang, r-devel-linux-x86_64-debian-gcc, r-devel-linux-x86_64-fedora-clang, r-devel-linux-x86_64-fedora-gcc, r-devel-osx-x86_64-clang, r-devel-windows-ix86+x86_64