CRAN Package Check Results for Package kml3d

Last updated on 2015-09-03 03:48:29.

Flavor Version Tinstall Tcheck Ttotal Status Flags
r-devel-linux-x86_64-debian-clang 2.4 1.57 24.19 25.76 OK
r-devel-linux-x86_64-debian-gcc 2.4 1.26 23.93 25.19 OK
r-devel-linux-x86_64-fedora-clang 2.4 51.78 OK
r-devel-linux-x86_64-fedora-gcc 2.4 50.04 OK
r-devel-osx-x86_64-clang 2.4 40.07 OK
r-devel-windows-ix86+x86_64 2.4 9.00 43.00 52.00 OK
r-patched-linux-x86_64 2.4 1.29 25.64 26.93 OK
r-patched-solaris-sparc 2.4 282.90 OK
r-patched-solaris-x86 2.4 71.40 OK
r-release-linux-x86_64 2.4 1.32 25.02 26.34 OK
r-release-osx-x86_64-mavericks 2.4 ERROR
r-release-windows-ix86+x86_64 2.4 7.00 41.00 48.00 OK
r-oldrel-windows-ix86+x86_64 2.4 9.00 55.00 64.00 NOTE

Check Details

Version: 2.4
Check: package dependencies
Result: ERROR
    Packages required and available but unsuitable versions:
     ‘longitudinalData’ ‘kml’
    
    See section ‘The DESCRIPTION file’ in the ‘Writing R Extensions’
    manual.
Flavor: r-release-osx-x86_64-mavericks

Version: 2.4
Check: R code for possible problems
Result: NOTE
    exportPartition: no visible global function definition for 'parTRAJ'
    exportPartition: no visible global function definition for 'parMEAN'
Flavor: r-oldrel-windows-ix86+x86_64