CRAN Package Check Results for Package kml3d

Last updated on 2016-12-05 12:51:35.

Flavor Version Tinstall Tcheck Ttotal Status Flags
r-devel-linux-x86_64-debian-clang 2.4.1 1.88 33.10 34.98 ERROR
r-devel-linux-x86_64-debian-gcc 2.4.1 2.02 33.32 35.34 ERROR
r-devel-linux-x86_64-fedora-clang 2.4.1 72.69 ERROR --no-stop-on-test-error
r-devel-linux-x86_64-fedora-gcc 2.4.1 72.45 ERROR --no-stop-on-test-error
r-devel-macos-x86_64-clang 2.4.1 47.50 ERROR
r-devel-windows-ix86+x86_64 2.4.1 6.00 83.00 89.00 ERROR
r-patched-linux-x86_64 2.4.1 1.78 29.20 30.98 OK
r-patched-solaris-sparc 2.4.1 262.40 OK
r-patched-solaris-x86 2.4.1 68.10 OK
r-release-linux-x86_64 2.4.1 1.90 29.82 31.72 OK
r-release-osx-x86_64-mavericks 2.4.1 WARN
r-release-windows-ix86+x86_64 2.4.1 12.00 54.00 66.00 OK
r-oldrel-windows-ix86+x86_64 2.4.1 13.00 54.00 67.00 OK

Check Details

Version: 2.4.1
Check: for unstated dependencies in ‘tests’
Result: WARN
    Warning: parse error in file ‘02_fromLongitudinalData.r’:
    invalid multibyte character in parser at line 1
    'library' or 'require' call not declared from: ‘codetools’
Flavors: r-devel-linux-x86_64-debian-clang, r-devel-linux-x86_64-debian-gcc, r-devel-macos-x86_64-clang

Version: 2.4.1
Check: tests
Result: ERROR
    Running the tests in ‘tests/01_testDistance3d.r’ failed.
    Last 13 lines of output:
     Type 'contributors()' for more information and
     'citation()' on how to cite R or R packages in publications.
    
     Type 'demo()' for some demos, 'help()' for on-line help, or
     'help.start()' for an HTML browser interface to help.
     Type 'q()' to quit R.
    
     > source("../R/distance3d.r")
     Error in file(filename, "r", encoding = encoding) :
     cannot open the connection
     Calls: source -> file
     In addition: Warning message:
     In file(filename, "r", encoding = encoding) :
     cannot open file '../R/distance3d.r': No such file or directory
     Execution halted
Flavors: r-devel-linux-x86_64-debian-clang, r-devel-linux-x86_64-debian-gcc, r-devel-macos-x86_64-clang, r-devel-windows-ix86+x86_64

Version: 2.4.1
Flags: --no-stop-on-test-error
Check: for unstated dependencies in ‘tests’
Result: WARN
    Warning: parse error in file '02_fromLongitudinalData.r':
    invalid multibyte character in parser at line 1
    'library' or 'require' call not declared from: ‘codetools’
Flavors: r-devel-linux-x86_64-fedora-clang, r-devel-linux-x86_64-fedora-gcc

Version: 2.4.1
Flags: --no-stop-on-test-error
Check: tests
Result: ERROR
    Running the tests in ‘tests/01_testDistance3d.r’ failed.
    Last 13 lines of output:
     Type 'contributors()' for more information and
     'citation()' on how to cite R or R packages in publications.
    
     Type 'demo()' for some demos, 'help()' for on-line help, or
     'help.start()' for an HTML browser interface to help.
     Type 'q()' to quit R.
    
     > source("../R/distance3d.r")
     Error in file(filename, "r", encoding = encoding) :
     cannot open the connection
     Calls: source -> file
     In addition: Warning message:
     In file(filename, "r", encoding = encoding) :
     cannot open file '../R/distance3d.r': No such file or directory
     Execution halted
Flavor: r-devel-linux-x86_64-fedora-clang

Version: 2.4.1
Flags: --no-stop-on-test-error
Check: tests
Result: ERROR
     Running ‘01_testDistance3d.r’
     Running ‘02_fromLongitudinalData.r’
     Running ‘03_testClusterLongData3d.r’
     Running ‘04_testKml3d.r’
     Running ‘clean.r’
     Running ‘testClustering.data.r’
     Running ‘testClustering.r’
     Running ‘testFunction.r’
     Running ‘testKml.r’
     Running ‘testListPartition.r’
     Running ‘testLongData.data.r’
     Running ‘testLongData.r’
     Running ‘testParChoice.r’
     Running ‘testParKml.r’
    Running the tests in ‘tests/01_testDistance3d.r’ failed.
    Last 13 lines of output:
     Type 'contributors()' for more information and
     'citation()' on how to cite R or R packages in publications.
    
     Type 'demo()' for some demos, 'help()' for on-line help, or
     'help.start()' for an HTML browser interface to help.
     Type 'q()' to quit R.
    
     > source("../R/distance3d.r")
     Error in file(filename, "r", encoding = encoding) :
     cannot open the connection
     Calls: source -> file
     In addition: Warning message:
     In file(filename, "r", encoding = encoding) :
     cannot open file '../R/distance3d.r': No such file or directory
     Execution halted
    Running the tests in ‘tests/02_fromLongitudinalData.r’ failed.
    Last 13 lines of output:
     R is free software and comes with ABSOLUTELY NO WARRANTY.
     You are welcome to redistribute it under certain conditions.
     Type 'license()' or 'licence()' for distribution details.
    
     R is a collaborative project with many contributors.
     Type 'contributors()' for more information and
     'citation()' on how to cite R or R packages in publications.
    
     Type 'demo()' for some demos, 'help()' for on-line help, or
     'help.start()' for an HTML browser interface to help.
     Type 'q()' to quit R.
    
     > cat("### Jeux de donn<e9>es de longitudinalData ###\n")
     Error: invalid multibyte character in parser at line 1
     Execution halted
    Running the tests in ‘tests/03_testClusterLongData3d.r’ failed.
    Last 13 lines of output:
     Type 'contributors()' for more information and
     'citation()' on how to cite R or R packages in publications.
    
     Type 'demo()' for some demos, 'help()' for on-line help, or
     'help.start()' for an HTML browser interface to help.
     Type 'q()' to quit R.
    
     > source("../R/clusterLongData3d.r")
     Error in file(filename, "r", encoding = encoding) :
     cannot open the connection
     Calls: source -> file
     In addition: Warning message:
     In file(filename, "r", encoding = encoding) :
     cannot open file '../R/clusterLongData3d.r': No such file or directory
     Execution halted
    Running the tests in ‘tests/04_testKml3d.r’ failed.
    Last 13 lines of output:
    
     > cat("############################################################
     + ######################### testKmL3d ########################
     + ############################################################")
     ############################################################
     ######################### testKmL3d ########################
     ############################################################>
     > source("../R/kml3d.r")
     Error in file(filename, "r", encoding = encoding) :
     cannot open the connection
     Calls: source -> file
     In addition: Warning message:
     In file(filename, "r", encoding = encoding) :
     cannot open file '../R/kml3d.r': No such file or directory
     Execution halted
    Running the tests in ‘tests/testClustering.r’ failed.
    Last 13 lines of output:
     Type 'demo()' for some demos, 'help()' for on-line help, or
     'help.start()' for an HTML browser interface to help.
     Type 'q()' to quit R.
    
     > ### clusterization est une partition associ<e9> a une longData, ou une clusterizLongData.
     > ### cet objet ne devrait pouvoir exister que dans un cld
     >
     > source("testClustering.data.r")
     Error in file(filename, "r", encoding = encoding) :
     cannot open the connection
     Calls: source -> withVisible -> eval -> eval -> source -> file
     In addition: Warning message:
     In file(filename, "r", encoding = encoding) :
     cannot open file '../R/clustering.r': No such file or directory
     Execution halted
    Running the tests in ‘tests/testClustering.data.r’ failed.
    Last 13 lines of output:
     Type 'contributors()' for more information and
     'citation()' on how to cite R or R packages in publications.
    
     Type 'demo()' for some demos, 'help()' for on-line help, or
     'help.start()' for an HTML browser interface to help.
     Type 'q()' to quit R.
    
     > source("../R/clustering.r")
     Error in file(filename, "r", encoding = encoding) :
     cannot open the connection
     Calls: source -> file
     In addition: Warning message:
     In file(filename, "r", encoding = encoding) :
     cannot open file '../R/clustering.r': No such file or directory
     Execution halted
    Running the tests in ‘tests/testFunction.r’ failed.
    Last 13 lines of output:
     + res <- try(...)
     + if(class(res)!="try-error"){
     + stop("This line SHOULD give an error, whereas it does not !")
     + }else{}
     + return(invisible)
     + }
     >
     > source("../R/global.r")
     Error in file(filename, "r", encoding = encoding) :
     cannot open the connection
     Calls: source -> file
     In addition: Warning message:
     In file(filename, "r", encoding = encoding) :
     cannot open file '../R/global.r': No such file or directory
     Execution halted
    Running the tests in ‘tests/testKml.r’ failed.
    Last 13 lines of output:
     Type 'contributors()' for more information and
     'citation()' on how to cite R or R packages in publications.
    
     Type 'demo()' for some demos, 'help()' for on-line help, or
     'help.start()' for an HTML browser interface to help.
     Type 'q()' to quit R.
    
     > source("../R/kml.r")
     Error in file(filename, "r", encoding = encoding) :
     cannot open the connection
     Calls: source -> file
     In addition: Warning message:
     In file(filename, "r", encoding = encoding) :
     cannot open file '../R/kml.r': No such file or directory
     Execution halted
    Running the tests in ‘tests/testListPartition.r’ failed.
    Last 13 lines of output:
     Type 'contributors()' for more information and
     'citation()' on how to cite R or R packages in publications.
    
     Type 'demo()' for some demos, 'help()' for on-line help, or
     'help.start()' for an HTML browser interface to help.
     Type 'q()' to quit R.
    
     > source("../R/listPartition.r")
     Error in file(filename, "r", encoding = encoding) :
     cannot open the connection
     Calls: source -> file
     In addition: Warning message:
     In file(filename, "r", encoding = encoding) :
     cannot open file '../R/listPartition.r': No such file or directory
     Execution halted
    Running the tests in ‘tests/testLongData.r’ failed.
    Last 13 lines of output:
     > ### - time est le temps ou les mesures ont <e9>t<e9> faite.
     > ### - varName est les noms des variables.
     > ### - dimTraj est la dimension de la matrice
     > ### - maxNA est le nombre de NA tol<e9>rant avant exclusion de la trajectoire
     > ### - reverse contiennet les parametres permettant de restaurer les valeurs initiales des trajectoires.
     >
     >
     > source("testLongData.data.r")
     Error in file(filename, "r", encoding = encoding) :
     cannot open the connection
     Calls: source -> withVisible -> eval -> eval -> source -> file
     In addition: Warning message:
     In file(filename, "r", encoding = encoding) :
     cannot open file '../R/longData.r': No such file or directory
     Execution halted
    Running the tests in ‘tests/testLongData.data.r’ failed.
    Last 13 lines of output:
     Type 'contributors()' for more information and
     'citation()' on how to cite R or R packages in publications.
    
     Type 'demo()' for some demos, 'help()' for on-line help, or
     'help.start()' for an HTML browser interface to help.
     Type 'q()' to quit R.
    
     > source("../R/longData.r")
     Error in file(filename, "r", encoding = encoding) :
     cannot open the connection
     Calls: source -> file
     In addition: Warning message:
     In file(filename, "r", encoding = encoding) :
     cannot open file '../R/longData.r': No such file or directory
     Execution halted
    Running the tests in ‘tests/testParChoice.r’ failed.
    Last 13 lines of output:
     Type 'contributors()' for more information and
     'citation()' on how to cite R or R packages in publications.
    
     Type 'demo()' for some demos, 'help()' for on-line help, or
     'help.start()' for an HTML browser interface to help.
     Type 'q()' to quit R.
    
     > source("../R/parChoice.r")
     Error in file(filename, "r", encoding = encoding) :
     cannot open the connection
     Calls: source -> file
     In addition: Warning message:
     In file(filename, "r", encoding = encoding) :
     cannot open file '../R/parChoice.r': No such file or directory
     Execution halted
    Running the tests in ‘tests/testParKml.r’ failed.
    Last 13 lines of output:
     Type 'contributors()' for more information and
     'citation()' on how to cite R or R packages in publications.
    
     Type 'demo()' for some demos, 'help()' for on-line help, or
     'help.start()' for an HTML browser interface to help.
     Type 'q()' to quit R.
    
     > source("../R/parKml.r")
     Error in file(filename, "r", encoding = encoding) :
     cannot open the connection
     Calls: source -> file
     In addition: Warning message:
     In file(filename, "r", encoding = encoding) :
     cannot open file '../R/parKml.r': No such file or directory
     Execution halted
Flavor: r-devel-linux-x86_64-fedora-gcc

Version: 2.4.1
Check: for unstated dependencies in ‘tests’
Result: WARN
    'library' or 'require' call not declared from: 'codetools'
Flavor: r-devel-windows-ix86+x86_64

Version: 2.4.1
Check: whether package can be installed
Result: WARN
    Found the following significant warnings:
     Warning: 'rgl_init' failed, running with rgl.useNULL = TRUE
Flavor: r-release-osx-x86_64-mavericks

Version: 2.4.1
Check: dependencies in R code
Result: NOTE
    Invalid MIT-MAGIC-COOKIE-1 key
Flavor: r-release-osx-x86_64-mavericks

Version: 2.4.1
Check: S3 generic/method consistency
Result: WARN
    Invalid MIT-MAGIC-COOKIE-1 key
    See section ‘Generic functions and methods’ in the ‘Writing R
    Extensions’ manual.
Flavor: r-release-osx-x86_64-mavericks

Version: 2.4.1
Check: replacement functions
Result: WARN
    Invalid MIT-MAGIC-COOKIE-1 key
    The argument of a replacement function which corresponds to the right
    hand side must be named ‘value’.
Flavor: r-release-osx-x86_64-mavericks

Version: 2.4.1
Check: foreign function calls
Result: NOTE
    Invalid MIT-MAGIC-COOKIE-1 key
    See chapter ‘System and foreign language interfaces’ in the ‘Writing R
    Extensions’ manual.
Flavor: r-release-osx-x86_64-mavericks

Version: 2.4.1
Check: R code for possible problems
Result: NOTE
    Invalid MIT-MAGIC-COOKIE-1 key
Flavor: r-release-osx-x86_64-mavericks

Version: 2.4.1
Check: for missing documentation entries
Result: WARN
    Invalid MIT-MAGIC-COOKIE-1 key
    All user-level objects in a package should have documentation entries.
    See chapter ‘Writing R documentation files’ in the ‘Writing R
    Extensions’ manual.
Flavor: r-release-osx-x86_64-mavericks

Version: 2.4.1
Check: for code/documentation mismatches
Result: WARN
    Invalid MIT-MAGIC-COOKIE-1 key
    Invalid MIT-MAGIC-COOKIE-1 key
    Invalid MIT-MAGIC-COOKIE-1 key
Flavor: r-release-osx-x86_64-mavericks

Version: 2.4.1
Check: Rd \usage sections
Result: NOTE
    Invalid MIT-MAGIC-COOKIE-1 key
    The \usage entries for S3 methods should use the \method markup and not
    their full name.
    See chapter ‘Writing R documentation files’ in the ‘Writing R
    Extensions’ manual.
Flavor: r-release-osx-x86_64-mavericks