CRAN Package Check Results for Package kml3d

Last updated on 2014-11-29 07:51:12.

Flavor Version Tinstall Tcheck Ttotal Status Flags
r-devel-linux-x86_64-debian-clang 2.2 1.57 36.26 37.83 NOTE
r-devel-linux-x86_64-debian-gcc 2.2 1.47 34.54 36.01 NOTE
r-devel-linux-x86_64-fedora-clang 2.2 78.06 NOTE
r-devel-linux-x86_64-fedora-gcc 2.2 81.64 NOTE
r-devel-osx-x86_64-clang 2.2 66.45 NOTE
r-devel-windows-ix86+x86_64 2.2 5.00 53.00 58.00 NOTE
r-patched-linux-x86_64 2.2 1.54 36.74 38.28 NOTE
r-patched-solaris-sparc 2.2 405.40 NOTE
r-patched-solaris-x86 2.2 97.00 NOTE
r-release-linux-ix86 2.2 1.97 46.95 48.92 NOTE
r-release-linux-x86_64 2.2 1.56 36.16 37.72 NOTE
r-release-osx-x86_64-mavericks 2.2 OK
r-release-osx-x86_64-snowleopard 2.2 OK
r-release-windows-ix86+x86_64 2.2 6.00 59.00 65.00 NOTE
r-oldrel-windows-ix86+x86_64 2.2 6.00 59.00 65.00 OK

Check Details

Version: 2.2
Check: R code for possible problems
Result: NOTE
    .exportPartition3d: no visible binding for global variable
     ‘CRITERION_NAMES’
    [,ClusterLongData3d-character : .local: no visible binding for global
     variable ‘CRITERION_NAMES’
    [,ClusterLongData3d-character : .local: no visible binding for global
     variable ‘CLUSTER_NAMES’
Flavors: r-devel-linux-x86_64-debian-clang, r-devel-linux-x86_64-debian-gcc, r-devel-linux-x86_64-fedora-clang, r-devel-linux-x86_64-fedora-gcc, r-devel-osx-x86_64-clang, r-devel-windows-ix86+x86_64, r-patched-linux-x86_64, r-patched-solaris-sparc, r-patched-solaris-x86, r-release-linux-ix86, r-release-linux-x86_64, r-release-windows-ix86+x86_64