CRAN Package Check Results for Package kml3d

Last updated on 2015-03-05 10:50:02.

Flavor Version Tinstall Tcheck Ttotal Status Flags
r-devel-linux-x86_64-debian-clang 2.2 1.27 32.10 33.37 NOTE
r-devel-linux-x86_64-debian-gcc 2.2 1.24 31.02 32.25 NOTE
r-devel-linux-x86_64-fedora-clang 2.2 67.62 NOTE
r-devel-linux-x86_64-fedora-gcc 2.2 64.42 NOTE
r-devel-osx-x86_64-clang 2.2 58.32 NOTE
r-devel-windows-ix86+x86_64 2.2 5.00 50.00 55.00 NOTE
r-patched-linux-x86_64 2.2 1.80 37.49 39.29 NOTE
r-patched-solaris-sparc 2.2 428.10 NOTE
r-patched-solaris-x86 2.2 101.80 NOTE
r-release-linux-ix86 2.2 2.28 51.72 54.00 NOTE
r-release-linux-x86_64 2.2 1.87 36.31 38.18 NOTE
r-release-osx-x86_64-mavericks 2.2 NOTE
r-release-osx-x86_64-snowleopard 2.2 OK
r-release-windows-ix86+x86_64 2.2 7.00 58.00 65.00 NOTE
r-oldrel-windows-ix86+x86_64 2.2 7.00 85.00 92.00 OK

Check Details

Version: 2.2
Check: R code for possible problems
Result: NOTE
    .exportPartition3d: no visible binding for global variable
     ‘CRITERION_NAMES’
    [,ClusterLongData3d-character : .local: no visible binding for global
     variable ‘CRITERION_NAMES’
    [,ClusterLongData3d-character : .local: no visible binding for global
     variable ‘CLUSTER_NAMES’
Flavors: r-devel-linux-x86_64-debian-clang, r-devel-linux-x86_64-debian-gcc, r-devel-linux-x86_64-fedora-clang, r-devel-linux-x86_64-fedora-gcc, r-devel-osx-x86_64-clang, r-devel-windows-ix86+x86_64, r-patched-linux-x86_64, r-patched-solaris-sparc, r-patched-solaris-x86, r-release-linux-ix86, r-release-linux-x86_64, r-release-osx-x86_64-mavericks, r-release-windows-ix86+x86_64