CRAN Package Check Results for Package kml3d

Last updated on 2015-08-05 08:48:33.

Flavor Version Tinstall Tcheck Ttotal Status Flags
r-devel-linux-x86_64-debian-clang 2.3 1.20 31.92 33.13 NOTE
r-devel-linux-x86_64-debian-gcc 2.3 1.24 31.93 33.17 NOTE
r-devel-linux-x86_64-fedora-clang 2.3 64.80 NOTE
r-devel-linux-x86_64-fedora-gcc 2.3 61.63 NOTE
r-devel-osx-x86_64-clang 2.3 53.36 NOTE
r-devel-windows-ix86+x86_64 2.3 7.00 53.00 60.00 NOTE
r-patched-linux-x86_64 2.3 1.24 32.69 33.93 OK
r-patched-solaris-sparc 2.3 375.30 OK
r-patched-solaris-x86 2.3 90.50 OK
r-release-linux-x86_64 2.3 1.42 32.22 33.63 OK
r-release-osx-x86_64-mavericks 2.3 OK
r-release-windows-ix86+x86_64 2.3 7.00 57.00 64.00 OK
r-oldrel-windows-ix86+x86_64 2.3 11.00 58.00 69.00 OK

Check Details

Version: 2.3
Check: R code for possible problems
Result: NOTE
    .clusterLongData3d.constructor: no visible global function definition
     for ‘na.omit’
    .exportPartition3d: no visible global function definition for
     ‘write.csv2’
    .exportPartition3d: no visible global function definition for ‘dev.off’
    dist3d: no visible global function definition for ‘dist’
    gald3d : <anonymous>: no visible global function definition for ‘rnorm’
    gald3d: no visible global function definition for ‘runif’
    generateArtificialLongData3d : <anonymous>: no visible global function
     definition for ‘rnorm’
    generateArtificialLongData3d: no visible global function definition for
     ‘runif’
    parKml3d : distance: no visible global function definition for ‘dist’
    [,ClusterLongData3d-character: Error while checking: only works for
     closures
    clusterLongData3d,ANY-ANY-ANY-ANY-ANY-ANY: no visible global function
     definition for ‘na.omit’
    exportPartition,ClusterLongData3d-numeric: no visible global function
     definition for ‘write.csv2’
    exportPartition,ClusterLongData3d-numeric: no visible global function
     definition for ‘dev.off’
    Undefined global functions or variables:
     dev.off dist na.omit rnorm runif write.csv2
    Consider adding
     importFrom("grDevices", "dev.off")
     importFrom("stats", "dist", "na.omit", "rnorm", "runif")
     importFrom("utils", "write.csv2")
    to your NAMESPACE.
Flavors: r-devel-linux-x86_64-debian-clang, r-devel-linux-x86_64-debian-gcc, r-devel-linux-x86_64-fedora-clang, r-devel-linux-x86_64-fedora-gcc, r-devel-windows-ix86+x86_64

Version: 2.3
Check: R code for possible problems
Result: NOTE
    [,ClusterLongData3d-character: Error while checking: only works for
     closures
Flavor: r-devel-osx-x86_64-clang