CRAN Package Check Results for Package kml3d

Last updated on 2017-04-26 21:47:19.

Flavor Version Tinstall Tcheck Ttotal Status Flags
r-release-osx-x86_64 2.4.1 ERROR
r-oldrel-osx-x86_64 2.4.1 WARN

Check Details

Version: 2.4.1
Check: for unstated dependencies in ‘tests’
Result: WARN
    Warning: parse error in file '02_fromLongitudinalData.r':
    invalid multibyte character in parser at line 1
    'library' or 'require' call not declared from: ‘codetools’
Flavor: r-release-osx-x86_64

Version: 2.4.1
Check: tests
Result: ERROR
     Running ‘01_testDistance3d.r’ [0s/1s]
    Running the tests in ‘tests/01_testDistance3d.r’ failed.
    Complete output:
     > source("../R/distance3d.r")
     Error in file(filename, "r", encoding = encoding) :
     cannot open the connection
     Calls: source -> file
     In addition: Warning message:
     In file(filename, "r", encoding = encoding) :
     cannot open file '../R/distance3d.r': No such file or directory
     Execution halted
Flavor: r-release-osx-x86_64

Version: 2.4.1
Check: whether package can be installed
Result: WARN
    Found the following significant warnings:
     Warning: 'rgl_init' failed, running with rgl.useNULL = TRUE
Flavor: r-oldrel-osx-x86_64

Version: 2.4.1
Check: dependencies in R code
Result: NOTE
    Invalid MIT-MAGIC-COOKIE-1 key
Flavor: r-oldrel-osx-x86_64

Version: 2.4.1
Check: S3 generic/method consistency
Result: WARN
    Invalid MIT-MAGIC-COOKIE-1 key
    See section ‘Generic functions and methods’ in the ‘Writing R
    Extensions’ manual.
Flavor: r-oldrel-osx-x86_64

Version: 2.4.1
Check: replacement functions
Result: WARN
    Invalid MIT-MAGIC-COOKIE-1 key
    The argument of a replacement function which corresponds to the right
    hand side must be named ‘value’.
Flavor: r-oldrel-osx-x86_64

Version: 2.4.1
Check: foreign function calls
Result: NOTE
    Invalid MIT-MAGIC-COOKIE-1 key
    See chapter ‘System and foreign language interfaces’ in the ‘Writing R
    Extensions’ manual.
Flavor: r-oldrel-osx-x86_64

Version: 2.4.1
Check: R code for possible problems
Result: NOTE
    Invalid MIT-MAGIC-COOKIE-1 key
Flavor: r-oldrel-osx-x86_64

Version: 2.4.1
Check: for missing documentation entries
Result: WARN
    Invalid MIT-MAGIC-COOKIE-1 key
    All user-level objects in a package should have documentation entries.
    See chapter ‘Writing R documentation files’ in the ‘Writing R
    Extensions’ manual.
Flavor: r-oldrel-osx-x86_64

Version: 2.4.1
Check: for code/documentation mismatches
Result: WARN
    Invalid MIT-MAGIC-COOKIE-1 key
    Invalid MIT-MAGIC-COOKIE-1 key
    Invalid MIT-MAGIC-COOKIE-1 key
Flavor: r-oldrel-osx-x86_64

Version: 2.4.1
Check: Rd \usage sections
Result: NOTE
    Invalid MIT-MAGIC-COOKIE-1 key
    The \usage entries for S3 methods should use the \method markup and not
    their full name.
    See chapter ‘Writing R documentation files’ in the ‘Writing R
    Extensions’ manual.
Flavor: r-oldrel-osx-x86_64