CRAN Package Check Results for Package kml3d

Last updated on 2014-10-21 21:46:51.

Flavor Version Tinstall Tcheck Ttotal Status Flags
r-devel-linux-x86_64-debian-clang 2.2 1.49 37.83 39.32 NOTE
r-devel-linux-x86_64-debian-gcc 2.2 1.48 35.64 37.13 NOTE
r-devel-linux-x86_64-fedora-clang 2.2 77.55 NOTE
r-devel-linux-x86_64-fedora-gcc 2.2 73.55 NOTE
r-devel-osx-x86_64-clang 2.2 70.78 NOTE
r-devel-windows-ix86+x86_64 2.2 6.00 52.00 58.00 NOTE
r-patched-linux-x86_64 2.2 1.54 36.40 37.94 NOTE
r-patched-solaris-sparc 2.2 405.40 NOTE
r-patched-solaris-x86 2.2 99.90 NOTE
r-release-linux-ix86 2.2 2.16 47.93 50.09 OK
r-release-linux-x86_64 2.2 1.61 37.64 39.26 OK
r-release-osx-x86_64-mavericks 2.2 OK
r-release-osx-x86_64-snowleopard 2.2 OK
r-release-windows-ix86+x86_64 2.2 5.00 55.00 60.00 OK
r-oldrel-windows-ix86+x86_64 2.2 6.00 59.00 65.00 OK

Check Details

Version: 2.2
Check: R code for possible problems
Result: NOTE
    .exportPartition3d: no visible binding for global variable
     ‘CRITERION_NAMES’
    [,ClusterLongData3d-character : .local: no visible binding for global
     variable ‘CRITERION_NAMES’
    [,ClusterLongData3d-character : .local: no visible binding for global
     variable ‘CLUSTER_NAMES’
Flavors: r-devel-linux-x86_64-debian-clang, r-devel-linux-x86_64-debian-gcc, r-devel-linux-x86_64-fedora-clang, r-devel-linux-x86_64-fedora-gcc, r-devel-osx-x86_64-clang, r-devel-windows-ix86+x86_64, r-patched-linux-x86_64, r-patched-solaris-sparc, r-patched-solaris-x86