CRAN Package Check Results for Package kml3d

Last updated on 2016-07-31 02:47:09.

Flavor Version Tinstall Tcheck Ttotal Status Flags
r-devel-linux-x86_64-debian-clang 2.4.1 1.50 26.34 27.84 OK
r-devel-linux-x86_64-debian-gcc 2.4.1 1.39 25.92 27.32 OK
r-devel-linux-x86_64-fedora-clang 2.4.1 48.05 OK
r-devel-linux-x86_64-fedora-gcc 2.4.1 45.41 OK
r-devel-osx-x86_64-clang 2.4.1 35.06 OK
r-devel-windows-ix86+x86_64 2.4.1 5.00 48.00 53.00 OK
r-patched-linux-x86_64 2.4.1 1.40 26.16 27.56 OK
r-patched-solaris-sparc 2.4.1 262.40 OK
r-patched-solaris-x86 2.4.1 56.70 OK
r-release-linux-x86_64 2.4.1 2.01 30.53 32.54 OK
r-release-osx-x86_64-mavericks 2.4.1 WARN
r-release-windows-ix86+x86_64 2.4.1 9.00 75.00 84.00 OK
r-oldrel-windows-ix86+x86_64 2.4.1 7.00 72.00 79.00 OK

Check Details

Version: 2.4.1
Check: whether package can be installed
Result: WARN
    Found the following significant warnings:
     Warning: 'rgl_init' failed, running with rgl.useNULL = TRUE
Flavor: r-release-osx-x86_64-mavericks

Version: 2.4.1
Check: dependencies in R code
Result: NOTE
    Invalid MIT-MAGIC-COOKIE-1 key
Flavor: r-release-osx-x86_64-mavericks

Version: 2.4.1
Check: S3 generic/method consistency
Result: WARN
    Invalid MIT-MAGIC-COOKIE-1 key
    See section ‘Generic functions and methods’ in the ‘Writing R
    Extensions’ manual.
Flavor: r-release-osx-x86_64-mavericks

Version: 2.4.1
Check: replacement functions
Result: WARN
    Invalid MIT-MAGIC-COOKIE-1 key
    The argument of a replacement function which corresponds to the right
    hand side must be named ‘value’.
Flavor: r-release-osx-x86_64-mavericks

Version: 2.4.1
Check: foreign function calls
Result: NOTE
    Invalid MIT-MAGIC-COOKIE-1 key
    See chapter ‘System and foreign language interfaces’ in the ‘Writing R
    Extensions’ manual.
Flavor: r-release-osx-x86_64-mavericks

Version: 2.4.1
Check: R code for possible problems
Result: NOTE
    Invalid MIT-MAGIC-COOKIE-1 key
Flavor: r-release-osx-x86_64-mavericks

Version: 2.4.1
Check: for missing documentation entries
Result: WARN
    Invalid MIT-MAGIC-COOKIE-1 key
    All user-level objects in a package should have documentation entries.
    See chapter ‘Writing R documentation files’ in the ‘Writing R
    Extensions’ manual.
Flavor: r-release-osx-x86_64-mavericks

Version: 2.4.1
Check: for code/documentation mismatches
Result: WARN
    Invalid MIT-MAGIC-COOKIE-1 key
    Invalid MIT-MAGIC-COOKIE-1 key
    Invalid MIT-MAGIC-COOKIE-1 key
Flavor: r-release-osx-x86_64-mavericks

Version: 2.4.1
Check: Rd \usage sections
Result: NOTE
    Invalid MIT-MAGIC-COOKIE-1 key
    The \usage entries for S3 methods should use the \method markup and not
    their full name.
    See chapter ‘Writing R documentation files’ in the ‘Writing R
    Extensions’ manual.
Flavor: r-release-osx-x86_64-mavericks