CRAN Package Check Results for Package kml3d

Last updated on 2015-01-31 11:51:48.

Flavor Version Tinstall Tcheck Ttotal Status Flags
r-devel-linux-x86_64-debian-clang 2.2 1.33 30.46 31.79 NOTE
r-devel-linux-x86_64-debian-gcc 2.2 1.26 30.24 31.50 NOTE
r-devel-linux-x86_64-fedora-clang 2.2 72.11 NOTE
r-devel-linux-x86_64-fedora-gcc 2.2 66.46 NOTE
r-devel-osx-x86_64-clang 2.2 68.06 NOTE
r-devel-windows-ix86+x86_64 2.2 6.00 47.00 53.00 NOTE
r-patched-linux-x86_64 2.2 1.57 37.16 38.74 NOTE
r-patched-solaris-sparc 2.2 407.40 NOTE
r-patched-solaris-x86 2.2 97.20 NOTE
r-release-linux-ix86 2.2 2.00 47.70 49.70 NOTE
r-release-linux-x86_64 2.2 1.59 36.69 38.28 NOTE
r-release-osx-x86_64-mavericks 2.2 NOTE
r-release-osx-x86_64-snowleopard 2.2 OK
r-release-windows-ix86+x86_64 2.2 5.00 58.00 63.00 NOTE
r-oldrel-windows-ix86+x86_64 2.2 7.00 58.00 65.00 OK

Check Details

Version: 2.2
Check: R code for possible problems
Result: NOTE
    .exportPartition3d: no visible binding for global variable
     ‘CRITERION_NAMES’
    [,ClusterLongData3d-character : .local: no visible binding for global
     variable ‘CRITERION_NAMES’
    [,ClusterLongData3d-character : .local: no visible binding for global
     variable ‘CLUSTER_NAMES’
Flavors: r-devel-linux-x86_64-debian-clang, r-devel-linux-x86_64-debian-gcc, r-devel-linux-x86_64-fedora-clang, r-devel-linux-x86_64-fedora-gcc, r-devel-osx-x86_64-clang, r-devel-windows-ix86+x86_64, r-patched-linux-x86_64, r-patched-solaris-sparc, r-patched-solaris-x86, r-release-linux-ix86, r-release-linux-x86_64, r-release-osx-x86_64-mavericks, r-release-windows-ix86+x86_64