CRAN Package Check Results for Package kml3d

Last updated on 2019-08-18 04:46:15 CEST.

Flavor Version Tinstall Tcheck Ttotal Status Flags
r-devel-linux-x86_64-debian-clang 2.4.2 6.44 49.85 56.29 NOTE
r-devel-linux-x86_64-debian-gcc 2.4.2 5.54 39.21 44.75 NOTE
r-devel-linux-x86_64-fedora-clang 2.4.2 69.31 NOTE
r-devel-linux-x86_64-fedora-gcc 2.4.2 65.94 NOTE
r-devel-windows-ix86+x86_64 2.4.2 25.00 101.00 126.00 OK
r-patched-linux-x86_64 2.4.2 6.30 50.01 56.31 OK
r-patched-solaris-x86 2.4.2 101.50 OK
r-release-linux-x86_64 2.4.2 5.75 50.00 55.75 OK
r-release-windows-ix86+x86_64 2.4.2 15.00 94.00 109.00 OK
r-release-osx-x86_64 2.4.2 WARN
r-oldrel-windows-ix86+x86_64 2.4.2 17.00 88.00 105.00 OK
r-oldrel-osx-x86_64 2.4.2 OK

Check Details

Version: 2.4.2
Check: for non-standard things in the check directory
Result: NOTE
    Found the following files/directories:
     'cld1.Rdata' 'main.tex' 'myCld.Rdata' 'myCld3d.Rdata' 'scene.asy'
Flavors: r-devel-linux-x86_64-debian-clang, r-devel-linux-x86_64-debian-gcc, r-devel-linux-x86_64-fedora-clang, r-devel-linux-x86_64-fedora-gcc

Version: 2.4.2
Check: whether package can be installed
Result: WARN
    Found the following significant warnings:
     Warning: 'rgl_init' failed, running with rgl.useNULL = TRUE
Flavor: r-release-osx-x86_64