CRAN Package Check Results for Package kml3d

Last updated on 2015-07-07 23:47:50.

Flavor Version Tinstall Tcheck Ttotal Status Flags
r-devel-linux-x86_64-debian-clang 2.3 1.32 31.79 33.11 NOTE
r-devel-linux-x86_64-debian-gcc 2.3 1.22 30.26 31.47 NOTE
r-devel-linux-x86_64-fedora-clang 2.3 64.44 NOTE
r-devel-linux-x86_64-fedora-gcc 2.3 61.38 NOTE
r-devel-osx-x86_64-clang 2.3 52.69 NOTE
r-devel-windows-ix86+x86_64 2.3 6.00 52.00 58.00 NOTE
r-patched-linux-x86_64 2.3 1.27 31.78 33.05 OK
r-patched-solaris-sparc 2.3 352.70 OK
r-patched-solaris-x86 2.3 89.20 OK
r-release-linux-x86_64 2.3 1.28 30.85 32.14 OK
r-release-osx-x86_64-mavericks 2.3 OK
r-release-windows-ix86+x86_64 2.3 6.00 51.00 57.00 OK
r-oldrel-windows-ix86+x86_64 2.3 8.00 92.00 100.00 OK

Check Details

Version: 2.3
Check: R code for possible problems
Result: NOTE
    .clusterLongData3d.constructor: no visible global function definition
     for ‘na.omit’
    .exportPartition3d: no visible global function definition for
     ‘write.csv2’
    .exportPartition3d: no visible global function definition for ‘dev.off’
    dist3d: no visible global function definition for ‘dist’
    gald3d : <anonymous>: no visible global function definition for ‘rnorm’
    gald3d: no visible global function definition for ‘runif’
    generateArtificialLongData3d : <anonymous>: no visible global function
     definition for ‘rnorm’
    generateArtificialLongData3d: no visible global function definition for
     ‘runif’
    parKml3d : distance: no visible global function definition for ‘dist’
    [,ClusterLongData3d-character: Error while checking: only works for
     closures
    clusterLongData3d,ANY-ANY-ANY-ANY-ANY-ANY: no visible global function
     definition for ‘na.omit’
    exportPartition,ClusterLongData3d-numeric: no visible global function
     definition for ‘write.csv2’
    exportPartition,ClusterLongData3d-numeric: no visible global function
     definition for ‘dev.off’
    Undefined global functions or variables:
     dev.off dist na.omit rnorm runif write.csv2
Flavors: r-devel-linux-x86_64-debian-clang, r-devel-linux-x86_64-debian-gcc, r-devel-linux-x86_64-fedora-clang, r-devel-linux-x86_64-fedora-gcc, r-devel-windows-ix86+x86_64

Version: 2.3
Check: R code for possible problems
Result: NOTE
    [,ClusterLongData3d-character: Error while checking: only works for
     closures
Flavor: r-devel-osx-x86_64-clang