CRAN Package Check Results for Package kml3d

Last updated on 2014-08-22 07:50:33.

Flavor Version Tinstall Tcheck Ttotal Status Flags
r-devel-linux-x86_64-debian-clang 2.2 1.56 33.76 35.32 OK
r-devel-linux-x86_64-debian-gcc 2.2 1.53 33.76 35.28 OK
r-devel-linux-x86_64-fedora-clang 2.2 77.86 NOTE
r-devel-linux-x86_64-fedora-gcc 2.2 72.93 NOTE
r-devel-osx-x86_64-clang 2.2 61.65 NOTE
r-devel-windows-ix86+x86_64 2.2 5.00 52.00 57.00 OK
r-patched-linux-x86_64 2.2 1.56 34.42 35.97 OK
r-patched-solaris-sparc 2.2 401.10 OK
r-patched-solaris-x86 2.2 95.70 OK
r-release-linux-ix86 2.2 2.19 47.31 49.50 OK
r-release-linux-x86_64 2.2 1.56 35.26 36.82 OK
r-release-osx-x86_64-mavericks 2.2 OK
r-release-osx-x86_64-snowleopard 2.2 OK
r-release-windows-ix86+x86_64 2.2 6.00 54.00 60.00 OK
r-oldrel-windows-ix86+x86_64 2.2 6.00 59.00 65.00 OK

Check Details

Version: 2.2
Check: R code for possible problems
Result: NOTE
    .exportPartition3d: no visible binding for global variable
     ‘CRITERION_NAMES’
    [,ClusterLongData3d-character : .local: no visible binding for global
     variable ‘CRITERION_NAMES’
    [,ClusterLongData3d-character : .local: no visible binding for global
     variable ‘CLUSTER_NAMES’
Flavors: r-devel-linux-x86_64-fedora-clang, r-devel-linux-x86_64-fedora-gcc, r-devel-osx-x86_64-clang