CRAN Package Check Results for Package kml3d

Last updated on 2016-04-30 15:47:01.

Flavor Version Tinstall Tcheck Ttotal Status Flags
r-devel-linux-x86_64-debian-gcc 2.4.1 1.40 25.54 26.95 OK
r-devel-linux-x86_64-fedora-clang 2.4.1 47.30 OK
r-devel-linux-x86_64-fedora-gcc 2.4.1 45.21 OK
r-devel-osx-x86_64-clang 2.4.1 51.91 OK
r-devel-windows-ix86+x86_64 2.4.1 5.00 48.00 53.00 OK
r-patched-linux-x86_64 2.4.1 1.38 25.18 26.55 OK
r-patched-solaris-sparc 2.4.1 256.90 OK
r-patched-solaris-x86 2.4.1 58.70 OK
r-release-linux-x86_64 2.4.1 1.46 26.98 28.44 OK
r-release-osx-x86_64-mavericks 2.4.1 OK
r-release-windows-ix86+x86_64 2.4.1 5.00 47.00 52.00 OK
r-oldrel-windows-ix86+x86_64 2.4.1 10.00 52.00 62.00 NOTE

Check Details

Version: 2.4.1
Check: R code for possible problems
Result: NOTE
    exportPartition: no visible global function definition for 'parTRAJ'
    exportPartition: no visible global function definition for 'parMEAN'
Flavor: r-oldrel-windows-ix86+x86_64