CRAN Package Check Results for Package kml3d

Last updated on 2015-05-29 05:47:06.

Flavor Version Tinstall Tcheck Ttotal Status Flags
r-devel-linux-x86_64-debian-clang 2.3 1.36 31.44 32.80 OK
r-devel-linux-x86_64-debian-gcc 2.3 1.32 30.28 31.60 OK
r-devel-linux-x86_64-fedora-clang 2.3 67.09 OK
r-devel-linux-x86_64-fedora-gcc 2.3 63.63 OK
r-devel-osx-x86_64-clang 2.3 57.01 OK
r-devel-windows-ix86+x86_64 2.3 5.00 48.00 53.00 OK
r-patched-linux-x86_64 2.3 1.31 31.45 32.76 OK
r-patched-solaris-sparc 2.3 352.70 OK
r-patched-solaris-x86 2.3 91.50 OK
r-release-linux-x86_64 2.3 1.34 31.42 32.76 OK
r-release-osx-x86_64-mavericks 2.3 OK
r-release-osx-x86_64-snowleopard 2.2 ERROR
r-release-windows-ix86+x86_64 2.3 5.00 52.00 57.00 OK
r-oldrel-windows-ix86+x86_64 2.3 8.00 63.00 71.00 OK

Check Details

Version: 2.2
Check: R code for possible problems
Result: NOTE
    .exportPartition3d: no visible binding for global variable
     ‘CRITERION_NAMES’
    [,ClusterLongData3d-character : .local: no visible binding for global
     variable ‘CRITERION_NAMES’
    [,ClusterLongData3d-character : .local: no visible binding for global
     variable ‘CLUSTER_NAMES’
Flavor: r-release-osx-x86_64-snowleopard

Version: 2.2
Check: examples
Result: ERROR
    Running examples in ‘kml3d-Ex.R’ failed
    The error most likely occurred in:
    
    > ### Name: generateArtificialLongData3d
    > ### Title: ~ Function: generateArtificialLongData3d (or gald3d) ~
    > ### Aliases: gald3d generateArtificialLongData3d
    > ### Keywords: datagen cluster ts
    >
    > ### ** Examples
    >
    > #####################
    > ### Default example
    >
    > ex1 <- generateArtificialLongData3d()
    > plot3d(ex1,parTraj=parTRAJ(type="l"))
    Fri Mar 20 23:57:54 hagal.research.att.com R[51815] <Error>: unknown error code: invalid pixel format
    Fri Mar 20 23:57:54 hagal.research.att.com R[51815] <Error>: kCGErrorFailure: Set a breakpoint @ CGErrorBreakpoint() to catch errors as they are logged.
    X Error of failed request: GLXBadContext
     Major opcode of failed request: 0 ()
     Serial number of failed request: 27
     Current serial number in output stream: 27
Flavor: r-release-osx-x86_64-snowleopard