CRAN Package Check Results for Package knitLatex

Last updated on 2022-09-30 17:50:31 CEST.

Flavor Version Tinstall Tcheck Ttotal Status Flags
r-devel-linux-x86_64-debian-clang 0.9.0 2.33 28.27 30.60 NOTE
r-devel-linux-x86_64-debian-gcc 0.9.0 1.76 22.57 24.33 NOTE
r-devel-linux-x86_64-fedora-clang 0.9.0 50.20 NOTE
r-devel-linux-x86_64-fedora-gcc 0.9.0 46.27 NOTE
r-devel-windows-x86_64 0.9.0 4.00 62.00 66.00 NOTE
r-patched-linux-x86_64 0.9.0 1.98 28.11 30.09 NOTE
r-release-linux-x86_64 0.9.0 2.17 27.27 29.44 NOTE
r-release-macos-arm64 0.9.0 20.00 NOTE
r-release-macos-x86_64 0.9.0 24.00 NOTE
r-release-windows-x86_64 0.9.0 22.00 64.00 86.00 NOTE
r-oldrel-macos-arm64 0.9.0 21.00 NOTE
r-oldrel-macos-x86_64 0.9.0 30.00 NOTE
r-oldrel-windows-ix86+x86_64 0.9.0 5.00 48.00 53.00 NOTE

Check Details

Version: 0.9.0
Check: LazyData
Result: NOTE
     'LazyData' is specified without a 'data' directory
Flavors: r-devel-linux-x86_64-debian-clang, r-devel-linux-x86_64-debian-gcc, r-devel-linux-x86_64-fedora-clang, r-devel-linux-x86_64-fedora-gcc, r-devel-windows-x86_64, r-patched-linux-x86_64, r-release-linux-x86_64, r-release-macos-arm64, r-release-macos-x86_64, r-release-windows-x86_64, r-oldrel-macos-arm64, r-oldrel-macos-x86_64, r-oldrel-windows-ix86+x86_64