CRAN Package Check Results for Package knitLatex

Last updated on 2022-05-17 08:52:21 CEST.

Flavor Version Tinstall Tcheck Ttotal Status Flags
r-devel-linux-x86_64-debian-clang 0.9.0 1.39 36.27 37.66 NOTE
r-devel-linux-x86_64-debian-gcc 0.9.0 1.80 28.56 30.36 NOTE
r-devel-linux-x86_64-fedora-clang 0.9.0 47.60 NOTE
r-devel-linux-x86_64-fedora-gcc 0.9.0 45.72 NOTE
r-devel-windows-x86_64 0.9.0 25.00 62.00 87.00 NOTE
r-patched-linux-x86_64 0.9.0 1.49 36.58 38.07 NOTE
r-release-linux-x86_64 0.9.0 2.08 36.82 38.90 NOTE
r-release-macos-arm64 0.9.0 20.00 NOTE
r-release-macos-x86_64 0.9.0 24.00 NOTE
r-release-windows-x86_64 0.9.0 41.00 60.00 101.00 NOTE
r-oldrel-macos-arm64 0.9.0 21.00 NOTE
r-oldrel-macos-x86_64 0.9.0 30.00 NOTE
r-oldrel-windows-ix86+x86_64 0.9.0 7.00 42.00 49.00 NOTE

Check Details

Version: 0.9.0
Check: LazyData
Result: NOTE
     'LazyData' is specified without a 'data' directory
Flavors: r-devel-linux-x86_64-debian-clang, r-devel-linux-x86_64-debian-gcc, r-devel-linux-x86_64-fedora-clang, r-devel-linux-x86_64-fedora-gcc, r-devel-windows-x86_64, r-patched-linux-x86_64, r-release-linux-x86_64, r-release-macos-arm64, r-release-macos-x86_64, r-release-windows-x86_64, r-oldrel-macos-arm64, r-oldrel-macos-x86_64, r-oldrel-windows-ix86+x86_64