CRAN Package Check Results for Package knitr

Last updated on 2014-04-24 19:54:00.

Flavor Version Tinstall Tcheck Ttotal Status Flags
r-devel-linux-x86_64-debian-clang 1.5 1.52 34.09 35.62 OK
r-devel-linux-x86_64-debian-gcc 1.5 1.51 33.26 34.77 OK
r-devel-linux-x86_64-fedora-clang 1.5 70.27 OK
r-devel-linux-x86_64-fedora-gcc 1.5 68.85 OK
r-devel-osx-x86_64-clang 1.5 75.45 OK
r-devel-osx-x86_64-gcc 1.5 ERROR
r-devel-windows-ix86+x86_64 1.5 14.00 52.00 66.00 OK
r-patched-linux-x86_64 1.5 1.52 33.66 35.19 OK
r-patched-solaris-sparc 1.5 371.50 OK
r-patched-solaris-x86 1.5 88.80 OK
r-release-linux-ix86 1.5 3.00 62.00 65.00 OK
r-release-linux-x86_64 1.5 1.53 33.95 35.48 OK
r-release-osx-x86_64-mavericks 1.5 WARN
r-release-windows-ix86+x86_64 1.5 16.00 57.00 73.00 OK
r-oldrel-windows-ix86+x86_64 1.5 19.00 52.00 71.00 OK

Check Details

Version: 1.5
Check: package dependencies
Result: ERROR
    Package required but not available: ‘evaluate’
    
    Package suggested but not available for checking: ‘XML’
    
    See the information on DESCRIPTION files in the chapter ‘Creating R
    packages’ of the ‘Writing R Extensions’ manual.
Flavor: r-devel-osx-x86_64-gcc

Version: 1.5
Check: PDF version of manual
Result: WARNING
    LaTeX errors when creating PDF version.
    This typically indicates Rd problems.
    LaTeX errors found:
    ! LaTeX Error: File `upquote.sty' not found.
    
    Type X to quit or <RETURN> to proceed,
    or enter new name. (Default extension: sty)
    
    619441b4/Rd2.tex:8: ==> Fatal error occurred, no output PDF file produced!
Flavor: r-release-osx-x86_64-mavericks