CRAN Package Check Results for Package knitr

Last updated on 2017-04-29 08:48:55.

Flavor Version Tinstall Tcheck Ttotal Status Flags
r-devel-linux-x86_64-debian-clang 1.15.1 3.83 48.97 52.79 OK
r-devel-linux-x86_64-debian-gcc 1.15.1 3.59 47.77 51.36 OK
r-devel-linux-x86_64-fedora-clang 1.15.1 97.38 OK --no-stop-on-test-error
r-devel-linux-x86_64-fedora-gcc 1.15.1 93.52 OK --no-stop-on-test-error
r-devel-windows-ix86+x86_64 1.15.1 61.00 137.00 198.00 OK
r-patched-linux-x86_64 1.15.1 3.46 47.77 51.23 OK
r-patched-solaris-sparc 1.15.1 524.30 OK
r-patched-solaris-x86 1.15.1 106.40 OK
r-release-linux-x86_64 1.15.1 3.60 48.10 51.70 OK
r-release-windows-ix86+x86_64 1.15.1 41.00 155.00 196.00 OK
r-release-osx-x86_64 1.15.1 ERROR
r-oldrel-windows-ix86+x86_64 1.15.1 74.00 132.00 206.00 OK
r-oldrel-osx-x86_64 1.15.1 OK

Check Details

Version: 1.15.1
Check: tests
Result: ERROR
     Running ‘run-all.R’ [8s/13s]
    Running the tests in ‘tests/run-all.R’ failed.
    Last 13 lines of output:
    
     Common reasons for failure include:
     * The string contains a character which is special to LaTeX unless
     escaped properly, such as % or $.
     * The string makes use of LaTeX commands provided by a package and
     the tikzDevice was not told to load the package.
    
     The contents of the LaTeX log of the aborted run have been printed above,
     it may contain additional details as to why the metric calculation failed.
     Calls: test_pkg ... Axis.default -> axis -> <Anonymous> -> getMetricsFromLatex
     In addition: Warning messages:
     1: running command 'kpsewhich framed.sty' had status 1
     2: In test_latex_pkg("framed", system.file("misc", "framed.sty", package = "knitr")) :
     unable to find LaTeX package 'framed'; will use a copy from knitr
     Execution halted
Flavor: r-release-osx-x86_64