CRAN Package Check Results for Package knitr

Last updated on 2015-07-28 09:47:05.

Flavor Version Tinstall Tcheck Ttotal Status Flags
r-devel-linux-x86_64-debian-clang 1.10.5 3.96 32.09 36.05 NOTE
r-devel-linux-x86_64-debian-gcc 1.10.5 2.68 31.52 34.19 NOTE
r-devel-linux-x86_64-fedora-clang 1.10.5 67.87 NOTE
r-devel-linux-x86_64-fedora-gcc 1.10.5 63.91 NOTE
r-devel-osx-x86_64-clang 1.10.5 62.55 OK
r-devel-windows-ix86+x86_64 1.10.5 20.00 58.00 78.00 NOTE
r-patched-linux-x86_64 1.10.5 2.71 31.78 34.50 OK
r-patched-solaris-sparc 1.10.5 390.10 OK
r-patched-solaris-x86 1.10.5 82.30 OK
r-release-linux-x86_64 1.10.5 3.08 32.42 35.51 OK
r-release-osx-x86_64-mavericks 1.10.5 OK
r-release-windows-ix86+x86_64 1.10.5 31.00 56.00 87.00 OK
r-oldrel-windows-ix86+x86_64 1.10.5 16.00 61.00 77.00 OK

Check Details

Version: 1.10.5
Check: R code for possible problems
Result: NOTE
    Sweave2knitr: no visible global function definition for ‘formatUL’
    adjust_opts_knit: no visible global function definition for ‘formatUL’
    adjust_opts_knit: no visible global function definition for ‘setNames’
    block_exec: no visible global function definition for ‘par’
    block_exec: no visible global function definition for ‘dev.cur’
    block_exec: no visible global function definition for ‘dev.off’
    block_exec: no visible binding for global variable ‘head’
    block_exec: no visible binding for global variable ‘tail’
    chunk_device : dev_new: no visible global function definition for
     ‘dev.new’
    chunk_device: no visible global function definition for ‘dev.control’
    chunk_device: no visible global function definition for ‘dev.list’
    clean_cache: no visible global function definition for ‘file_test’
    col2latexrgb: no visible global function definition for ‘col2rgb’
    color_def: no visible global function definition for ‘col2rgb’
    correct_encode: no visible global function definition for
     ‘localeToCharset’
    css.parse.color: no visible global function definition for ‘colors’
    css.parse.color: no visible global function definition for ‘col2rgb’
    current_lines: no visible global function definition for ‘head’
    dep_auto: no visible global function definition for ‘setNames’
    dep_prev: no visible global function definition for ‘setNames’
    eng_Rcpp: no visible global function definition for ‘getFromNamespace’
    eng_stan: no visible global function definition for ‘getFromNamespace’
    engine_output: no visible global function definition for ‘tail’
    filter_evaluate: no visible global function definition for ‘na.omit’
    get_engine: no visible global function definition for ‘packageVersion’
    gsub_msg: no visible global function definition for ‘formatUL’
    has_utility: no visible global function definition for ‘setNames’
    hook_r2swf: no visible global function definition for
     ‘getFromNamespace’
    hook_suppress: no visible global function definition for ‘head’
    hook_suppress: no visible global function definition for ‘tail’
    in_base_dir: no visible global function definition for ‘file_test’
    knit: no visible global function definition for ‘file_test’
    knit: no visible global function definition for ‘capture.output’
    knit: no visible global function definition for ‘getFromNamespace’
    knit_expand: no visible global function definition for ‘packageVersion’
    knit_rd: no visible global function definition for ‘getFromNamespace’
    knit_rd: no visible global function definition for ‘packageVersion’
    load_device: no visible global function definition for
     ‘getFromNamespace’
    msg_wrap: no visible global function definition for ‘setNames’
    new_cache : cache_save: no visible global function definition for
     ‘getFromNamespace’
    new_defaults : get: no visible global function definition for
     ‘setNames’
    normal_print: no visible global function definition for ‘show’
    pandoc_fmt: no visible global function definition for ‘na.omit’
    parse_block: no visible global function definition for ‘setNames’
    pdf_null: no visible global function definition for ‘pdf’
    plot2dev: no visible global function definition for ‘dev.off’
    print.block: no visible global function definition for ‘str’
    process_file: no visible global function definition for
     ‘txtProgressBar’
    process_file: no visible global function definition for
     ‘setTxtProgressBar’
    process_file: no visible global function definition for ‘flush.console’
    read_chunk: no visible global function definition for ‘setNames’
    remind_sweave: no visible global function definition for
     ‘getFromNamespace’
    save_plot : <anonymous>: no visible global function definition for
     ‘bmp’
    save_plot : <anonymous>: no visible global function definition for
     ‘postscript’
    save_plot : <anonymous>: no visible global function definition for
     ‘jpeg’
    save_plot : <anonymous>: no visible global function definition for
     ‘png’
    save_plot : <anonymous>: no visible global function definition for
     ‘tiff’
    save_rgl: no visible global function definition for ‘file_test’
    showtext: no visible global function definition for ‘getFromNamespace’
    split_file: no visible global function definition for ‘head’
    stitch : <anonymous>: no visible global function definition for ‘par’
    tcltk_available: no visible global function definition for
     ‘getFromNamespace’
    tikz_dev: no visible global function definition for ‘getFromNamespace’
    wrap.recordedplot: no visible global function definition for
     ‘file_test’
    write_bib : <anonymous>: no visible global function definition for
     ‘citation’
    write_bib : <anonymous>: no visible global function definition for
     ‘toBibtex’
    yaml_front_matter : has_front_matter: no visible global function
     definition for ‘head’
    Undefined global functions or variables:
     bmp capture.output citation col2rgb colors dev.control dev.cur
     dev.list dev.new dev.off file_test flush.console formatUL
     getFromNamespace head jpeg localeToCharset na.omit packageVersion par
     pdf png postscript setNames setTxtProgressBar show str tail tiff
     toBibtex txtProgressBar
    Consider adding
     importFrom("grDevices", "bmp", "col2rgb", "colors", "dev.control",
     "dev.cur", "dev.list", "dev.new", "dev.off", "jpeg", "pdf",
     "png", "postscript", "tiff")
     importFrom("graphics", "par")
     importFrom("methods", "show")
     importFrom("stats", "na.omit", "setNames")
     importFrom("utils", "capture.output", "citation", "file_test",
     "flush.console", "formatUL", "getFromNamespace", "head",
     "localeToCharset", "packageVersion", "setTxtProgressBar",
     "str", "tail", "toBibtex", "txtProgressBar")
    to your NAMESPACE.
Flavors: r-devel-linux-x86_64-debian-clang, r-devel-linux-x86_64-debian-gcc, r-devel-linux-x86_64-fedora-clang, r-devel-linux-x86_64-fedora-gcc, r-devel-windows-ix86+x86_64