CRAN Package Check Results for Package knitrBootstrap

Last updated on 2015-03-06 09:49:35.

Flavor Version Tinstall Tcheck Ttotal Status Flags
r-devel-linux-x86_64-debian-clang 0.9.0 0.75 22.19 22.94 NOTE
r-devel-linux-x86_64-debian-gcc 0.9.0 0.66 21.70 22.36 NOTE
r-devel-linux-x86_64-fedora-clang 0.9.0 45.87 NOTE
r-devel-linux-x86_64-fedora-gcc 0.9.0 43.98 NOTE
r-devel-osx-x86_64-clang 0.9.0 47.86 NOTE
r-devel-windows-ix86+x86_64 0.9.0 4.00 36.00 40.00 NOTE
r-patched-linux-x86_64 0.9.0 0.87 29.44 30.32 OK
r-patched-solaris-sparc 0.9.0 336.60 OK
r-patched-solaris-x86 0.9.0 77.50 OK
r-release-linux-ix86 0.9.0 1.91 35.33 37.24 OK
r-release-linux-x86_64 0.9.0 0.87 27.26 28.13 OK
r-release-osx-x86_64-mavericks 0.9.0 OK
r-release-osx-x86_64-snowleopard 0.9.0 OK
r-release-windows-ix86+x86_64 0.9.0 5.00 44.00 49.00 OK
r-oldrel-windows-ix86+x86_64 0.9.0 5.00 48.00 53.00 OK

Check Details

Version: 0.9.0
Check: DESCRIPTION meta-information
Result: NOTE
    Malformed Title field: should not end in a period.
Flavors: r-devel-linux-x86_64-debian-clang, r-devel-linux-x86_64-debian-gcc, r-devel-linux-x86_64-fedora-clang, r-devel-linux-x86_64-fedora-gcc, r-devel-osx-x86_64-clang, r-devel-windows-ix86+x86_64