CRAN Package Check Results for Package knitrBootstrap

Last updated on 2014-12-20 21:46:52.

Flavor Version Tinstall Tcheck Ttotal Status Flags
r-devel-linux-x86_64-debian-clang 0.9.0 0.98 24.46 25.44 OK
r-devel-linux-x86_64-debian-gcc 0.9.0 0.82 25.17 26.00 OK
r-devel-linux-x86_64-fedora-clang 0.9.0 54.23 OK
r-devel-linux-x86_64-fedora-gcc 0.9.0 51.17 OK
r-devel-osx-x86_64-clang 0.9.0 51.08 OK
r-devel-windows-ix86+x86_64 0.9.0 4.00 42.00 46.00 OK
r-patched-linux-x86_64 0.9.0 0.88 25.52 26.40 OK
r-patched-solaris-sparc 0.9.0 323.90 OK
r-patched-solaris-x86 0.9.0 71.50 OK
r-release-linux-ix86 0.9.0 1.30 34.03 35.33 OK
r-release-linux-x86_64 0.9.0 0.86 25.40 26.27 OK
r-release-osx-x86_64-mavericks 0.9.0 NOTE
r-release-osx-x86_64-snowleopard 0.9.0 OK
r-release-windows-ix86+x86_64 0.9.0 4.00 46.00 50.00 OK
r-oldrel-windows-ix86+x86_64 0.9.0 5.00 52.00 57.00 OK

Check Details

Version: 0.9.0
Check: package dependencies
Result: NOTE
    Package suggested but not available for checking: ‘maptools’
Flavor: r-release-osx-x86_64-mavericks