CRAN Package Check Results for Package knitrBootstrap

Last updated on 2014-07-26 19:50:23.

Flavor Version Tinstall Tcheck Ttotal Status Flags
r-devel-linux-x86_64-debian-clang 0.9.0 0.92 26.58 27.49 OK
r-devel-linux-x86_64-debian-gcc 0.9.0 1.12 26.36 27.47 OK
r-devel-linux-x86_64-fedora-clang 0.9.0 57.75 OK
r-devel-linux-x86_64-fedora-gcc 0.9.0 54.87 OK
r-devel-osx-x86_64-clang 0.9.0 54.41 OK
r-devel-windows-ix86+x86_64 0.9.0 5.00 49.00 54.00 OK
r-patched-linux-x86_64 0.9.0 0.90 26.57 27.46 OK
r-patched-solaris-sparc 0.9.0 311.10 OK
r-patched-solaris-x86 0.9.0 76.40 OK
r-release-linux-ix86 0.9.0 1.32 37.07 38.39 OK
r-release-linux-x86_64 0.9.0 0.96 27.13 28.09 OK
r-release-osx-x86_64-mavericks 0.9.0 NOTE
r-release-osx-x86_64-snowleopard 0.9.0 OK
r-release-windows-ix86+x86_64 0.9.0 5.00 51.00 56.00 OK
r-oldrel-windows-ix86+x86_64 0.9.0 5.00 55.00 60.00 OK

Check Details

Version: 0.9.0
Check: package dependencies
Result: NOTE
    Package suggested but not available for checking: ‘maptools’
Flavor: r-release-osx-x86_64-mavericks