CRAN Package Check Results for Package knitrBootstrap

Last updated on 2015-05-04 05:47:45.

Flavor Version Tinstall Tcheck Ttotal Status Flags
r-devel-linux-x86_64-debian-clang 0.9.0 0.88 15.91 16.79 NOTE
r-devel-linux-x86_64-debian-gcc 0.9.0 0.63 16.20 16.83 NOTE
r-devel-linux-x86_64-fedora-clang 0.9.0 34.34 NOTE
r-devel-linux-x86_64-fedora-gcc 0.9.0 32.14 NOTE
r-devel-osx-x86_64-clang 0.9.0 36.46 NOTE
r-devel-windows-ix86+x86_64 0.9.0 4.00 28.00 32.00 NOTE
r-patched-linux-x86_64 0.9.0 0.64 16.19 16.84 NOTE
r-patched-solaris-sparc 0.9.0 271.20 NOTE
r-patched-solaris-x86 0.9.0 49.50 NOTE
r-release-linux-x86_64 0.9.0 0.65 16.04 16.68 NOTE
r-release-osx-x86_64-mavericks 0.9.0 NOTE
r-release-osx-x86_64-snowleopard 0.9.0 ERROR
r-release-windows-ix86+x86_64 0.9.0 3.00 26.00 29.00 NOTE
r-oldrel-windows-ix86+x86_64 0.9.0 3.00 41.00 44.00 OK

Check Details

Version: 0.9.0
Check: DESCRIPTION meta-information
Result: NOTE
    Malformed Title field: should not end in a period.
Flavors: r-devel-linux-x86_64-debian-clang, r-devel-linux-x86_64-debian-gcc, r-devel-linux-x86_64-fedora-clang, r-devel-linux-x86_64-fedora-gcc, r-devel-osx-x86_64-clang, r-devel-windows-ix86+x86_64, r-patched-linux-x86_64, r-patched-solaris-sparc, r-patched-solaris-x86, r-release-linux-x86_64, r-release-osx-x86_64-mavericks, r-release-windows-ix86+x86_64

Version: 0.9.0
Check: package dependencies
Result: ERROR
    Package required but not available: ‘knitr’
    
    Packages suggested but not available for checking: ‘ggplot2’ ‘igraph’
    
    VignetteBuilder package required for checking but not installed: ‘knitr’
    
    See section ‘The DESCRIPTION file’ in the ‘Writing R Extensions’
    manual.
Flavor: r-release-osx-x86_64-snowleopard