CRAN Package Check Results for Package knitrBootstrap

Last updated on 2015-07-30 17:47:15.

Flavor Version Tinstall Tcheck Ttotal Status Flags
r-devel-linux-x86_64-debian-clang 0.9.0 0.68 16.14 16.82 NOTE
r-devel-linux-x86_64-debian-gcc 0.9.0 0.68 15.89 16.57 NOTE
r-devel-linux-x86_64-fedora-clang 0.9.0 33.17 NOTE
r-devel-linux-x86_64-fedora-gcc 0.9.0 32.19 NOTE
r-devel-osx-x86_64-clang 0.9.0 30.33 NOTE
r-devel-windows-ix86+x86_64 0.9.0 4.00 29.00 33.00 NOTE
r-patched-linux-x86_64 0.9.0 0.66 16.88 17.54 NOTE
r-patched-solaris-sparc 0.9.0 212.80 NOTE
r-patched-solaris-x86 0.9.0 49.10 NOTE
r-release-linux-x86_64 0.9.0 0.84 17.02 17.86 NOTE
r-release-osx-x86_64-mavericks 0.9.0 NOTE
r-release-windows-ix86+x86_64 0.9.0 4.00 30.00 34.00 NOTE
r-oldrel-windows-ix86+x86_64 0.9.0 5.00 38.00 43.00 OK

Check Details

Version: 0.9.0
Check: DESCRIPTION meta-information
Result: NOTE
    Malformed Title field: should not end in a period.
Flavors: r-devel-linux-x86_64-debian-clang, r-devel-linux-x86_64-debian-gcc, r-devel-linux-x86_64-fedora-clang, r-devel-linux-x86_64-fedora-gcc, r-devel-osx-x86_64-clang, r-devel-windows-ix86+x86_64, r-patched-linux-x86_64, r-patched-solaris-sparc, r-patched-solaris-x86, r-release-linux-x86_64, r-release-osx-x86_64-mavericks, r-release-windows-ix86+x86_64

Version: 0.9.0
Check: R code for possible problems
Result: NOTE
    get_style: no visible global function definition for ‘menu’
    Undefined global functions or variables:
     menu
    Consider adding
     importFrom("utils", "menu")
    to your NAMESPACE.
Flavors: r-devel-linux-x86_64-debian-clang, r-devel-linux-x86_64-debian-gcc, r-devel-linux-x86_64-fedora-clang, r-devel-linux-x86_64-fedora-gcc, r-devel-windows-ix86+x86_64