CRAN Package Check Results for Package knitrBootstrap

Last updated on 2014-10-25 17:46:45.

Flavor Version Tinstall Tcheck Ttotal Status Flags
r-devel-linux-x86_64-debian-clang 0.9.0 0.86 24.71 25.57 OK
r-devel-linux-x86_64-debian-gcc 0.9.0 0.88 24.98 25.87 OK
r-devel-linux-x86_64-fedora-clang 0.9.0 54.70 OK
r-devel-linux-x86_64-fedora-gcc 0.9.0 49.59 OK
r-devel-osx-x86_64-clang 0.9.0 51.19 OK
r-devel-windows-ix86+x86_64 0.9.0 4.00 41.00 45.00 OK
r-patched-linux-x86_64 0.9.0 0.88 25.75 26.63 OK
r-patched-solaris-sparc 0.9.0 323.90 OK
r-patched-solaris-x86 0.9.0 71.40 OK
r-release-linux-ix86 0.9.0 1.36 37.07 38.43 OK
r-release-linux-x86_64 0.9.0 1.14 27.75 28.90 OK
r-release-osx-x86_64-mavericks 0.9.0 NOTE
r-release-osx-x86_64-snowleopard 0.9.0 OK
r-release-windows-ix86+x86_64 0.9.0 4.00 43.00 47.00 OK
r-oldrel-windows-ix86+x86_64 0.9.0 4.00 50.00 54.00 OK

Check Details

Version: 0.9.0
Check: package dependencies
Result: NOTE
    Package suggested but not available for checking: ‘maptools’
Flavor: r-release-osx-x86_64-mavericks