CRAN Package Check Results for Package knitrBootstrap

Last updated on 2014-11-27 23:48:41.

Flavor Version Tinstall Tcheck Ttotal Status Flags
r-devel-linux-x86_64-debian-clang 0.9.0 0.85 25.30 26.15 OK
r-devel-linux-x86_64-debian-gcc 0.9.0 0.84 24.24 25.08 OK
r-devel-linux-x86_64-fedora-clang 0.9.0 54.11 OK
r-devel-linux-x86_64-fedora-gcc 0.9.0 59.57 OK
r-devel-osx-x86_64-clang 0.9.0 50.09 OK
r-devel-windows-ix86+x86_64 0.9.0 4.00 43.00 47.00 OK
r-patched-linux-x86_64 0.9.0 0.87 25.46 26.32 OK
r-patched-solaris-sparc 0.9.0 323.90 OK
r-patched-solaris-x86 0.9.0 71.00 OK
r-release-linux-ix86 0.9.0 1.31 35.28 36.59 OK
r-release-linux-x86_64 0.9.0 0.88 25.08 25.96 OK
r-release-osx-x86_64-mavericks 0.9.0 NOTE
r-release-osx-x86_64-snowleopard 0.9.0 OK
r-release-windows-ix86+x86_64 0.9.0 5.00 45.00 50.00 OK
r-oldrel-windows-ix86+x86_64 0.9.0 4.00 46.00 50.00 OK

Check Details

Version: 0.9.0
Check: package dependencies
Result: NOTE
    Package suggested but not available for checking: ‘maptools’
Flavor: r-release-osx-x86_64-mavericks