CRAN Package Check Results for Package knitrBootstrap

Last updated on 2014-08-21 17:46:48.

Flavor Version Tinstall Tcheck Ttotal Status Flags
r-devel-linux-x86_64-debian-clang 0.9.0 0.95 26.52 27.47 OK
r-devel-linux-x86_64-debian-gcc 0.9.0 0.90 25.65 26.54 OK
r-devel-linux-x86_64-fedora-clang 0.9.0 57.98 OK
r-devel-linux-x86_64-fedora-gcc 0.9.0 51.91 OK
r-devel-osx-x86_64-clang 0.9.0 52.58 OK
r-devel-windows-ix86+x86_64 0.9.0 5.00 49.00 54.00 OK
r-patched-linux-x86_64 0.9.0 1.20 27.19 28.39 OK
r-patched-solaris-sparc 0.9.0 323.90 OK
r-patched-solaris-x86 0.9.0 78.50 OK
r-release-linux-ix86 0.9.0 1.33 36.85 38.18 OK
r-release-linux-x86_64 0.9.0 0.96 27.11 28.06 OK
r-release-osx-x86_64-mavericks 0.9.0 NOTE
r-release-osx-x86_64-snowleopard 0.9.0 OK
r-release-windows-ix86+x86_64 0.9.0 5.00 53.00 58.00 OK
r-oldrel-windows-ix86+x86_64 0.9.0 6.00 53.00 59.00 OK

Check Details

Version: 0.9.0
Check: package dependencies
Result: NOTE
    Package suggested but not available for checking: ‘maptools’
Flavor: r-release-osx-x86_64-mavericks