CRAN Package Check Results for Package knitrBootstrap

Last updated on 2015-04-01 08:50:07.

Flavor Version Tinstall Tcheck Ttotal Status Flags
r-devel-linux-x86_64-debian-clang 0.9.0 0.68 22.00 22.68 NOTE
r-devel-linux-x86_64-debian-gcc 0.9.0 0.66 21.97 22.63 NOTE
r-devel-linux-x86_64-fedora-clang 0.9.0 45.23 NOTE
r-devel-linux-x86_64-fedora-gcc 0.9.0 48.26 NOTE
r-devel-osx-x86_64-clang 0.9.0 50.18 NOTE
r-prerel-windows-ix86+x86_64 0.9.0 4.00 37.00 41.00 NOTE
r-prerel-linux-x86_64 0.9.0 0.67 21.02 21.68 NOTE
r-prerel-solaris-sparc 0.9.0 271.20 NOTE
r-prerel-solaris-x86 0.9.0 62.90 NOTE
r-release-linux-x86_64 0.9.0 1.12 26.99 28.10 OK
r-release-osx-x86_64-mavericks 0.9.0 OK
r-release-osx-x86_64-snowleopard 0.9.0 OK
r-release-windows-ix86+x86_64 0.9.0 5.00 48.00 53.00 OK
r-oldrel-windows-ix86+x86_64 0.9.0 5.00 53.00 58.00 OK

Check Details

Version: 0.9.0
Check: DESCRIPTION meta-information
Result: NOTE
    Malformed Title field: should not end in a period.
Flavors: r-devel-linux-x86_64-debian-clang, r-devel-linux-x86_64-debian-gcc, r-devel-linux-x86_64-fedora-clang, r-devel-linux-x86_64-fedora-gcc, r-devel-osx-x86_64-clang, r-prerel-windows-ix86+x86_64, r-prerel-linux-x86_64, r-prerel-solaris-sparc, r-prerel-solaris-x86