CRAN Package Check Results for Package knitrBootstrap

Last updated on 2014-09-17 08:49:20.

Flavor Version Tinstall Tcheck Ttotal Status Flags
r-devel-linux-x86_64-debian-clang 0.9.0 0.83 25.60 26.42 OK
r-devel-linux-x86_64-debian-gcc 0.9.0 0.83 25.23 26.06 OK
r-devel-linux-x86_64-fedora-clang 0.9.0 54.39 OK
r-devel-linux-x86_64-fedora-gcc 0.9.0 50.37 OK
r-devel-osx-x86_64-clang 0.9.0 50.88 OK
r-devel-windows-ix86+x86_64 0.9.0 5.00 45.00 50.00 OK
r-patched-linux-x86_64 0.9.0 0.91 26.90 27.81 OK
r-patched-solaris-sparc 0.9.0 323.90 OK
r-patched-solaris-x86 0.9.0 77.50 OK
r-release-linux-ix86 0.9.0 1.32 36.94 38.27 OK
r-release-linux-x86_64 0.9.0 1.14 27.88 29.02 OK
r-release-osx-x86_64-mavericks 0.9.0 NOTE
r-release-osx-x86_64-snowleopard 0.9.0 OK
r-release-windows-ix86+x86_64 0.9.0 6.00 53.00 59.00 OK
r-oldrel-windows-ix86+x86_64 0.9.0 6.00 54.00 60.00 OK

Check Details

Version: 0.9.0
Check: package dependencies
Result: NOTE
    Package suggested but not available for checking: ‘maptools’
Flavor: r-release-osx-x86_64-mavericks