CRAN Package Check Results for Package knn.covertree

Last updated on 2024-02-29 21:56:24 CET.

Flavor Version Tinstall Tcheck Ttotal Status Flags
r-devel-linux-x86_64-debian-clang 1.0 42.18 69.81 111.99 NOTE
r-devel-linux-x86_64-debian-gcc 1.0 33.34 53.24 86.58 NOTE
r-devel-linux-x86_64-fedora-clang 1.0 154.61 NOTE
r-devel-linux-x86_64-fedora-gcc 1.0 150.11 NOTE
r-devel-windows-x86_64 1.0 34.00 89.00 123.00 NOTE
r-patched-linux-x86_64 1.0 45.82 70.13 115.95 NOTE
r-release-linux-x86_64 1.0 36.65 70.55 107.20 NOTE
r-release-macos-arm64 1.0 44.00 NOTE
r-release-macos-x86_64 1.0 72.00 NOTE
r-release-windows-x86_64 1.0 43.00 103.00 146.00 NOTE
r-oldrel-macos-arm64 1.0 42.00 OK
r-oldrel-windows-x86_64 1.0 42.00 100.00 142.00 OK

Check Details

Version: 1.0
Check: C++ specification
Result: NOTE Specified C++11: please drop specification unless essential Flavors: r-devel-linux-x86_64-debian-clang, r-devel-linux-x86_64-debian-gcc, r-devel-linux-x86_64-fedora-clang, r-devel-linux-x86_64-fedora-gcc, r-devel-windows-x86_64, r-patched-linux-x86_64, r-release-linux-x86_64, r-release-macos-arm64, r-release-macos-x86_64, r-release-windows-x86_64