CRAN Package Check Results for Package knnGarden

Last updated on 2017-01-18 18:48:15.

Flavor Version Tinstall Tcheck Ttotal Status Flags
r-devel-linux-x86_64-debian-clang 1.0.1 0.63 11.40 12.03 NOTE
r-devel-linux-x86_64-debian-gcc 1.0.1 0.57 11.13 11.70 NOTE
r-devel-linux-x86_64-fedora-clang 1.0.1 20.28 NOTE --no-stop-on-test-error
r-devel-linux-x86_64-fedora-gcc 1.0.1 21.01 NOTE --no-stop-on-test-error
r-devel-macos-x86_64-clang 1.0.1 18.25 NOTE --no-stop-on-test-error
r-devel-windows-ix86+x86_64 1.0.1 4.00 27.00 31.00 NOTE
r-patched-linux-x86_64 1.0.1 0.55 9.69 10.25 NOTE
r-patched-solaris-sparc 1.0.1 109.30 NOTE
r-patched-solaris-x86 1.0.1 24.70 NOTE
r-release-linux-x86_64 1.0.1 0.52 9.88 10.40 NOTE
r-release-osx-x86_64-mavericks 1.0.1 NOTE
r-release-windows-ix86+x86_64 1.0.1 3.00 34.00 37.00 NOTE
r-oldrel-windows-ix86+x86_64 1.0.1 3.00 31.00 34.00 NOTE

Check Details

Version: 1.0.1
Check: DESCRIPTION meta-information
Result: NOTE
    Malformed Description field: should contain one or more complete sentences.
Flavors: r-devel-linux-x86_64-debian-clang, r-devel-linux-x86_64-debian-gcc, r-devel-windows-ix86+x86_64, r-patched-linux-x86_64, r-patched-solaris-sparc, r-patched-solaris-x86, r-release-linux-x86_64, r-release-osx-x86_64-mavericks, r-release-windows-ix86+x86_64, r-oldrel-windows-ix86+x86_64

Version: 1.0.1
Check: dependencies in R code
Result: NOTE
    Package in Depends field not imported from: ‘cluster’
     These packages need to be imported from (in the NAMESPACE file)
     for when this namespace is loaded but not attached.
Flavors: r-devel-linux-x86_64-debian-clang, r-devel-linux-x86_64-debian-gcc, r-devel-windows-ix86+x86_64, r-patched-linux-x86_64, r-release-linux-x86_64, r-release-windows-ix86+x86_64

Version: 1.0.1
Check: R code for possible problems
Result: NOTE
    dataFiller : central.value: no visible global function definition for
     ‘median’
    dataFiller: no visible global function definition for ‘daisy’
    dataFiller: no visible global function definition for ‘complete.cases’
    knnMCN: no visible global function definition for ‘cov’
    knnVCN: no visible global function definition for ‘dist’
    Undefined global functions or variables:
     complete.cases cov daisy dist median
    Consider adding
     importFrom("stats", "complete.cases", "cov", "dist", "median")
    to your NAMESPACE file.
Flavors: r-devel-linux-x86_64-debian-clang, r-devel-linux-x86_64-debian-gcc, r-devel-windows-ix86+x86_64, r-patched-linux-x86_64, r-patched-solaris-sparc, r-patched-solaris-x86, r-release-linux-x86_64, r-release-osx-x86_64-mavericks, r-release-windows-ix86+x86_64

Version: 1.0.1
Check: Rd line widths
Result: NOTE
    Rd file 'knnMCN.Rd':
     \examples lines wider than 100 characters:
     ") ", "you have selected is bigger than the capacity of one class in your training data set",
     stop("\nWarnings:\nsample variance-covariance matrix is singular,\nand larger class sample capacity is required ,\nor you can t ... [TRUNCATED]
     stop("\nWarnings:\nsample variance-covariance matrix is singular,\nand larger class sample capacity is required ,\nor y ... [TRUNCATED]
    
    Rd file 'knnVCN.Rd':
     \examples lines wider than 100 characters:
     ") ", "you have selected is bigger than the capacity of one class in your training data set",
    
    These lines will be truncated in the PDF manual.
Flavors: r-devel-linux-x86_64-debian-clang, r-devel-linux-x86_64-debian-gcc, r-patched-linux-x86_64, r-release-linux-x86_64

Version: 1.0.1
Flags: --no-stop-on-test-error
Check: DESCRIPTION meta-information
Result: NOTE
    Malformed Description field: should contain one or more complete sentences.
Flavors: r-devel-linux-x86_64-fedora-clang, r-devel-linux-x86_64-fedora-gcc, r-devel-macos-x86_64-clang

Version: 1.0.1
Flags: --no-stop-on-test-error
Check: dependencies in R code
Result: NOTE
    Namespace in Imports field not imported from: ‘stats’
     All declared Imports should be used.
    Package in Depends field not imported from: ‘cluster’
     These packages need to be imported from (in the NAMESPACE file)
     for when this namespace is loaded but not attached.
Flavors: r-devel-linux-x86_64-fedora-clang, r-devel-linux-x86_64-fedora-gcc, r-devel-macos-x86_64-clang

Version: 1.0.1
Flags: --no-stop-on-test-error
Check: R code for possible problems
Result: NOTE
    dataFiller : central.value: no visible global function definition for
     ‘median’
    dataFiller: no visible global function definition for ‘daisy’
    dataFiller: no visible global function definition for ‘complete.cases’
    knnMCN: no visible global function definition for ‘cov’
    knnVCN: no visible global function definition for ‘dist’
    Undefined global functions or variables:
     complete.cases cov daisy dist median
    Consider adding
     importFrom("stats", "complete.cases", "cov", "dist", "median")
    to your NAMESPACE file.
Flavors: r-devel-linux-x86_64-fedora-clang, r-devel-linux-x86_64-fedora-gcc, r-devel-macos-x86_64-clang

Version: 1.0.1
Flags: --no-stop-on-test-error
Check: Rd line widths
Result: NOTE
    Rd file 'knnMCN.Rd':
     \examples lines wider than 100 characters:
     ") ", "you have selected is bigger than the capacity of one class in your training data set",
     stop("\nWarnings:\nsample variance-covariance matrix is singular,\nand larger class sample capacity is required ,\nor you can t ... [TRUNCATED]
     stop("\nWarnings:\nsample variance-covariance matrix is singular,\nand larger class sample capacity is required ,\nor y ... [TRUNCATED]
    
    Rd file 'knnVCN.Rd':
     \examples lines wider than 100 characters:
     ") ", "you have selected is bigger than the capacity of one class in your training data set",
    
    These lines will be truncated in the PDF manual.
Flavors: r-devel-linux-x86_64-fedora-clang, r-devel-linux-x86_64-fedora-gcc

Version: 1.0.1
Check: dependencies in R code
Result: NOTE
    Namespace in Imports field not imported from: ‘stats’
     All declared Imports should be used.
    Package in Depends field not imported from: ‘cluster’
     These packages need to be imported from (in the NAMESPACE file)
     for when this namespace is loaded but not attached.
Flavors: r-patched-solaris-sparc, r-patched-solaris-x86, r-release-osx-x86_64-mavericks, r-oldrel-windows-ix86+x86_64

Version: 1.0.1
Check: R code for possible problems
Result: NOTE
    dataFiller: no visible global function definition for 'daisy'
Flavor: r-oldrel-windows-ix86+x86_64