CRAN Package Check Results for Package knnGarden

Last updated on 2014-10-25 01:49:43.

Flavor Version Tinstall Tcheck Ttotal Status Flags
r-devel-linux-x86_64-debian-clang 1.0.1 0.58 10.95 11.53 NOTE
r-devel-linux-x86_64-debian-gcc 1.0.1 0.58 11.12 11.70 NOTE
r-devel-linux-x86_64-fedora-clang 1.0.1 22.61 NOTE
r-devel-linux-x86_64-fedora-gcc 1.0.1 21.05 NOTE
r-devel-osx-x86_64-clang 1.0.1 25.77 NOTE
r-devel-windows-ix86+x86_64 1.0.1 2.00 18.00 20.00 NOTE
r-patched-linux-x86_64 1.0.1 0.65 10.87 11.52 NOTE
r-patched-solaris-sparc 1.0.1 127.60 NOTE
r-patched-solaris-x86 1.0.1 32.70 NOTE
r-release-linux-ix86 1.0.1 0.90 16.66 17.56 NOTE
r-release-linux-x86_64 1.0.1 0.60 11.00 11.59 NOTE
r-release-osx-x86_64-mavericks 1.0.1 NOTE
r-release-osx-x86_64-snowleopard 1.0.1 OK
r-release-windows-ix86+x86_64 1.0.1 2.00 19.00 21.00 NOTE
r-oldrel-windows-ix86+x86_64 1.0.1 3.00 19.00 22.00 NOTE

Check Details

Version: 1.0.1
Check: dependencies in R code
Result: NOTE
    Namespace in Imports field not imported from: ‘stats’
     All declared Imports should be used.
    Package in Depends field not imported from: ‘cluster’
     These packages need to be imported from (in the NAMESPACE file)
     for when this namespace is loaded but not attached.
    See the information on DESCRIPTION files in the chapter ‘Creating R
    packages’ of the ‘Writing R Extensions’ manual.
Flavors: r-devel-linux-x86_64-debian-clang, r-devel-linux-x86_64-debian-gcc, r-devel-linux-x86_64-fedora-clang, r-devel-linux-x86_64-fedora-gcc, r-devel-osx-x86_64-clang, r-devel-windows-ix86+x86_64, r-patched-linux-x86_64, r-patched-solaris-sparc, r-patched-solaris-x86, r-release-linux-ix86, r-release-linux-x86_64, r-release-osx-x86_64-mavericks, r-release-windows-ix86+x86_64, r-oldrel-windows-ix86+x86_64

Version: 1.0.1
Check: R code for possible problems
Result: NOTE
    dataFiller: no visible global function definition for ‘daisy’
Flavors: r-devel-linux-x86_64-debian-clang, r-devel-linux-x86_64-debian-gcc, r-devel-linux-x86_64-fedora-clang, r-devel-linux-x86_64-fedora-gcc, r-devel-osx-x86_64-clang, r-devel-windows-ix86+x86_64, r-patched-linux-x86_64, r-patched-solaris-sparc, r-patched-solaris-x86

Version: 1.0.1
Check: Rd line widths
Result: NOTE
    Rd file 'knnMCN.Rd':
     \examples lines wider than 100 characters:
     ") ", "you have selected is bigger than the capacity of one class in your training data set",
     stop("\nWarnings:\nsample variance-covariance matrix is singular,\nand larger class sample capacity is required ,\nor you can t ... [TRUNCATED]
     stop("\nWarnings:\nsample variance-covariance matrix is singular,\nand larger class sample capacity is required ,\nor y ... [TRUNCATED]
    
    Rd file 'knnVCN.Rd':
     \examples lines wider than 100 characters:
     ") ", "you have selected is bigger than the capacity of one class in your training data set",
    
    These lines will be truncated in the PDF manual.
Flavors: r-devel-linux-x86_64-debian-clang, r-devel-linux-x86_64-debian-gcc, r-devel-linux-x86_64-fedora-clang, r-devel-linux-x86_64-fedora-gcc, r-patched-linux-x86_64, r-release-linux-x86_64