CRAN Package Check Results for Package kntnr

Last updated on 2020-08-11 11:49:18 CEST.

Flavor Version Tinstall Tcheck Ttotal Status Flags
r-devel-linux-x86_64-debian-clang 0.4.4 3.82 39.00 42.82 OK
r-devel-linux-x86_64-debian-gcc 0.4.4 2.92 29.52 32.44 OK
r-devel-linux-x86_64-fedora-clang 0.4.4 59.61 OK
r-devel-linux-x86_64-fedora-gcc 0.4.4 48.86 OK
r-devel-windows-ix86+x86_64 0.4.4 9.00 67.00 76.00 OK
r-patched-linux-x86_64 0.4.4 3.63 38.54 42.17 OK
r-patched-solaris-x86 0.4.4 71.90 OK
r-release-linux-x86_64 0.4.4 0.41 2.28 2.69 ERROR
r-release-macos-x86_64 0.4.4 OK
r-release-windows-ix86+x86_64 0.4.4 14.00 73.00 87.00 OK
r-oldrel-macos-x86_64 0.4.4 OK
r-oldrel-windows-ix86+x86_64 0.4.4 8.00 50.00 58.00 OK

Check Details

Version: 0.4.4
Check: package dependencies
Result: ERROR
    Package required but not available: ‘tidyr’
    
    See section ‘The DESCRIPTION file’ in the ‘Writing R Extensions’
    manual.
Flavor: r-release-linux-x86_64