CRAN Package Check Results for Package koRpus

Last updated on 2015-03-01 19:48:07.

Flavor Version Tinstall Tcheck Ttotal Status Flags
r-devel-linux-x86_64-debian-clang 0.05-5 2.75 44.63 47.38 NOTE
r-devel-linux-x86_64-debian-gcc 0.05-5 2.46 45.27 47.73 NOTE
r-devel-linux-x86_64-fedora-clang 0.05-5 93.11 NOTE
r-devel-linux-x86_64-fedora-gcc 0.05-5 87.83 NOTE
r-devel-osx-x86_64-clang 0.05-5 89.68 NOTE
r-devel-windows-ix86+x86_64 0.05-5 10.00 69.00 79.00 NOTE
r-patched-linux-x86_64 0.05-5 2.83 49.84 52.67 NOTE
r-patched-solaris-sparc 0.05-5 563.10 NOTE
r-patched-solaris-x86 0.05-5 125.20 NOTE
r-release-linux-ix86 0.05-5 3.35 77.73 81.08 NOTE
r-release-linux-x86_64 0.05-5 2.64 46.38 49.02 NOTE
r-release-osx-x86_64-mavericks 0.05-5 NOTE
r-release-osx-x86_64-snowleopard 0.05-5 NOTE
r-release-windows-ix86+x86_64 0.05-5 8.00 70.00 78.00 NOTE
r-oldrel-windows-ix86+x86_64 0.05-5 9.00 78.00 87.00 NOTE

Check Details

Version: 0.05-5
Check: package dependencies
Result: NOTE
    Package which this enhances but not available for checking: ‘rkward’
Flavors: r-devel-linux-x86_64-debian-clang, r-devel-linux-x86_64-debian-gcc, r-devel-linux-x86_64-fedora-clang, r-devel-linux-x86_64-fedora-gcc, r-devel-osx-x86_64-clang, r-devel-windows-ix86+x86_64, r-patched-linux-x86_64, r-patched-solaris-sparc, r-patched-solaris-x86, r-release-linux-ix86, r-release-linux-x86_64, r-release-osx-x86_64-mavericks, r-release-osx-x86_64-snowleopard, r-release-windows-ix86+x86_64, r-oldrel-windows-ix86+x86_64

Version: 0.05-5
Check: data for non-ASCII characters
Result: NOTE
     Note: found 22852 marked UTF-8 strings
Flavors: r-devel-linux-x86_64-debian-clang, r-devel-linux-x86_64-debian-gcc, r-devel-linux-x86_64-fedora-clang, r-devel-linux-x86_64-fedora-gcc, r-devel-osx-x86_64-clang, r-devel-windows-ix86+x86_64, r-patched-linux-x86_64, r-patched-solaris-sparc, r-patched-solaris-x86, r-release-linux-ix86, r-release-linux-x86_64, r-release-osx-x86_64-mavericks, r-release-osx-x86_64-snowleopard, r-release-windows-ix86+x86_64, r-oldrel-windows-ix86+x86_64