CRAN Package Check Results for Package koRpus

Last updated on 2018-02-17 21:49:25 CET.

Flavor Version Tinstall Tcheck Ttotal Status Flags
r-devel-linux-x86_64-debian-clang 0.10-2 28.28 99.12 127.40 NOTE
r-devel-linux-x86_64-debian-gcc 0.10-2 23.94 77.00 100.94 NOTE
r-devel-linux-x86_64-fedora-clang 0.10-2 156.66 NOTE
r-devel-linux-x86_64-fedora-gcc 0.10-2 148.61 NOTE
r-devel-windows-ix86+x86_64 0.10-2 38.00 105.00 143.00 NOTE
r-patched-linux-x86_64 0.10-2 13.24 109.41 122.65 NOTE
r-patched-solaris-x86 0.10-2 203.60 NOTE
r-release-linux-x86_64 0.10-2 14.27 107.33 121.60 NOTE
r-release-windows-ix86+x86_64 0.10-2 28.00 143.00 171.00 NOTE
r-release-osx-x86_64 0.10-2 WARN
r-oldrel-windows-ix86+x86_64 0.10-2 22.00 135.00 157.00 NOTE
r-oldrel-osx-x86_64 0.10-2 NOTE

Check Details

Version: 0.10-2
Check: package dependencies
Result: NOTE
    Package which this enhances but not available for checking: ‘rkward’
Flavors: r-devel-linux-x86_64-debian-clang, r-devel-linux-x86_64-debian-gcc, r-devel-linux-x86_64-fedora-clang, r-devel-linux-x86_64-fedora-gcc, r-devel-windows-ix86+x86_64, r-patched-linux-x86_64, r-patched-solaris-x86, r-release-linux-x86_64, r-release-windows-ix86+x86_64, r-release-osx-x86_64, r-oldrel-windows-ix86+x86_64, r-oldrel-osx-x86_64

Version: 0.10-2
Check: installed package size
Result: NOTE
     installed size is 9.1Mb
     sub-directories of 1Mb or more:
     R 7.6Mb
Flavors: r-devel-linux-x86_64-fedora-clang, r-devel-linux-x86_64-fedora-gcc, r-devel-windows-ix86+x86_64, r-patched-solaris-x86, r-release-windows-ix86+x86_64, r-release-osx-x86_64, r-oldrel-windows-ix86+x86_64, r-oldrel-osx-x86_64

Version: 0.10-2
Check: data for non-ASCII characters
Result: NOTE
     Note: found 22852 marked UTF-8 strings
Flavors: r-devel-linux-x86_64-fedora-clang, r-devel-linux-x86_64-fedora-gcc, r-patched-solaris-x86, r-release-osx-x86_64, r-oldrel-osx-x86_64

Version: 0.10-2
Check: re-building of vignette outputs
Result: WARN
    Error in re-building vignettes:
     ...
    Error in texi2dvi(file = file, pdf = TRUE, clean = clean, quiet = quiet, :
     Running 'texi2dvi' on 'koRpus_vignette.tex' failed.
    LaTeX errors:
    ! LaTeX Error: File `utf8x.def' not found.
    
    Type X to quit or <RETURN> to proceed,
    or enter new name. (Default extension: def)
    
    ! Emergency stop.
    <read *>
    
    l.158 \endinput
     ^^M
    ! ==> Fatal error occurred, no output PDF file produced!
    Calls: buildVignettes -> texi2pdf -> texi2dvi
    Execution halted
Flavor: r-release-osx-x86_64