CRAN Package Check Results for Package koRpus

Last updated on 2014-08-01 13:47:00.

Flavor Version Tinstall Tcheck Ttotal Status Flags
r-devel-linux-x86_64-debian-clang 0.05-5 2.70 44.90 47.60 NOTE
r-devel-linux-x86_64-debian-gcc 0.05-5 2.66 45.70 48.36 NOTE
r-devel-linux-x86_64-fedora-clang 0.05-5 104.45 NOTE
r-devel-linux-x86_64-fedora-gcc 0.05-5 99.11 NOTE
r-devel-osx-x86_64-clang 0.05-5 88.17 NOTE
r-devel-windows-ix86+x86_64 0.05-5 7.00 67.00 74.00 NOTE
r-patched-linux-x86_64 0.05-5 2.64 47.60 50.24 NOTE
r-patched-solaris-sparc 0.05-5 567.60 NOTE
r-patched-solaris-x86 0.05-5 126.20 NOTE
r-release-linux-ix86 0.05-5 3.40 59.85 63.25 NOTE
r-release-linux-x86_64 0.05-5 2.86 45.12 47.98 NOTE
r-release-osx-x86_64-mavericks 0.05-5 NOTE
r-release-osx-x86_64-snowleopard 0.05-5 NOTE
r-release-windows-ix86+x86_64 0.05-5 7.00 93.00 100.00 NOTE
r-oldrel-windows-ix86+x86_64 0.05-5 10.00 90.00 100.00 NOTE

Check Details

Version: 0.05-5
Check: package dependencies
Result: NOTE
    Package which this enhances but not available for checking: rkward
Flavors: r-devel-linux-x86_64-debian-clang, r-devel-linux-x86_64-debian-gcc, r-devel-linux-x86_64-fedora-clang, r-devel-linux-x86_64-fedora-gcc, r-devel-osx-x86_64-clang, r-devel-windows-ix86+x86_64, r-patched-linux-x86_64, r-patched-solaris-sparc, r-patched-solaris-x86, r-release-linux-ix86, r-release-linux-x86_64, r-release-osx-x86_64-mavericks, r-release-osx-x86_64-snowleopard, r-release-windows-ix86+x86_64, r-oldrel-windows-ix86+x86_64

Version: 0.05-5
Check: data for non-ASCII characters
Result: NOTE
     Note: found 22852 marked UTF-8 strings
Flavors: r-devel-linux-x86_64-debian-clang, r-devel-linux-x86_64-debian-gcc, r-devel-linux-x86_64-fedora-clang, r-devel-linux-x86_64-fedora-gcc, r-devel-osx-x86_64-clang, r-devel-windows-ix86+x86_64, r-patched-linux-x86_64, r-patched-solaris-sparc, r-patched-solaris-x86, r-release-linux-ix86, r-release-linux-x86_64, r-release-osx-x86_64-mavericks, r-release-osx-x86_64-snowleopard, r-release-windows-ix86+x86_64, r-oldrel-windows-ix86+x86_64

Version: 0.05-5
Check: re-building of vignette outputs
Result: NOTE
    Error in re-building vignettes:
     ...
    Error in texi2dvi(file = file, pdf = TRUE, clean = clean, quiet = quiet, :
     Running 'texi2dvi' on 'koRpus_vignette.tex' failed.
    LaTeX errors:
    ! LaTeX Error: File `utf8x.def' not found.
    
    Type X to quit or <RETURN> to proceed,
    or enter new name. (Default extension: def)
    Calls: buildVignettes -> texi2pdf -> texi2dvi
    Execution halted
Flavor: r-release-osx-x86_64-mavericks