CRAN Package Check Results for Package koRpus

Last updated on 2014-10-22 15:54:56.

Flavor Version Tinstall Tcheck Ttotal Status Flags
r-devel-linux-x86_64-debian-clang 0.05-5 2.74 44.39 47.12 NOTE
r-devel-linux-x86_64-debian-gcc 0.05-5 2.57 43.24 45.81 NOTE
r-devel-linux-x86_64-fedora-clang 0.05-5 97.60 NOTE
r-devel-linux-x86_64-fedora-gcc 0.05-5 91.81 NOTE
r-devel-osx-x86_64-clang 0.05-5 91.61 NOTE
r-devel-windows-ix86+x86_64 0.05-5 7.00 63.00 70.00 NOTE
r-patched-linux-x86_64 0.05-5 2.83 45.89 48.72 NOTE
r-patched-solaris-sparc 0.05-5 567.60 NOTE
r-patched-solaris-x86 0.05-5 121.30 NOTE
r-release-linux-ix86 0.05-5 3.67 61.86 65.53 NOTE
r-release-linux-x86_64 0.05-5 2.70 47.48 50.18 NOTE
r-release-osx-x86_64-mavericks 0.05-5 NOTE
r-release-osx-x86_64-snowleopard 0.05-5 NOTE
r-release-windows-ix86+x86_64 0.05-5 7.00 66.00 73.00 NOTE
r-oldrel-windows-ix86+x86_64 0.05-5 7.00 70.00 77.00 NOTE

Check Details

Version: 0.05-5
Check: package dependencies
Result: NOTE
    Package which this enhances but not available for checking: ‘rkward’
Flavors: r-devel-linux-x86_64-debian-clang, r-devel-linux-x86_64-debian-gcc, r-devel-linux-x86_64-fedora-clang, r-devel-linux-x86_64-fedora-gcc, r-devel-osx-x86_64-clang, r-devel-windows-ix86+x86_64, r-patched-linux-x86_64, r-patched-solaris-sparc, r-patched-solaris-x86, r-release-linux-ix86, r-release-linux-x86_64, r-release-osx-x86_64-mavericks, r-release-osx-x86_64-snowleopard, r-release-windows-ix86+x86_64, r-oldrel-windows-ix86+x86_64

Version: 0.05-5
Check: data for non-ASCII characters
Result: NOTE
     Note: found 22852 marked UTF-8 strings
Flavors: r-devel-linux-x86_64-debian-clang, r-devel-linux-x86_64-debian-gcc, r-devel-linux-x86_64-fedora-clang, r-devel-linux-x86_64-fedora-gcc, r-devel-osx-x86_64-clang, r-devel-windows-ix86+x86_64, r-patched-linux-x86_64, r-patched-solaris-sparc, r-patched-solaris-x86, r-release-linux-ix86, r-release-linux-x86_64, r-release-osx-x86_64-mavericks, r-release-osx-x86_64-snowleopard, r-release-windows-ix86+x86_64, r-oldrel-windows-ix86+x86_64

Version: 0.05-5
Check: re-building of vignette outputs
Result: NOTE
    Error in re-building vignettes:
     ...
    Error in texi2dvi(file = file, pdf = TRUE, clean = clean, quiet = quiet, :
     Running 'texi2dvi' on 'koRpus_vignette.tex' failed.
    LaTeX errors:
    ! LaTeX Error: File `utf8x.def' not found.
    
    Type X to quit or <RETURN> to proceed,
    or enter new name. (Default extension: def)
    Calls: buildVignettes -> texi2pdf -> texi2dvi
    Execution halted
Flavor: r-release-osx-x86_64-mavericks