CRAN Package Check Results for Package koRpus

Last updated on 2016-02-10 11:55:17.

Flavor Version Tinstall Tcheck Ttotal Status Flags
r-devel-linux-x86_64-debian-gcc 0.05-6 2.64 45.33 47.98 NOTE
r-devel-linux-x86_64-fedora-clang 0.05-6 92.22 NOTE
r-devel-linux-x86_64-fedora-gcc 0.05-6 83.80 NOTE
r-devel-osx-x86_64-clang 0.05-6 106.17 NOTE
r-devel-windows-ix86+x86_64 0.05-6 14.00 97.00 111.00 NOTE
r-patched-linux-x86_64 0.05-6 2.67 46.79 49.45 NOTE
r-patched-solaris-sparc 0.05-6 551.90 NOTE
r-patched-solaris-x86 0.05-6 110.00 NOTE
r-release-linux-x86_64 0.05-6 2.63 45.29 47.92 NOTE
r-release-osx-x86_64-mavericks 0.05-6 NOTE
r-release-windows-ix86+x86_64 0.05-6 15.00 97.00 112.00 NOTE
r-oldrel-windows-ix86+x86_64 0.05-6 14.00 91.00 105.00 NOTE

Check Details

Version: 0.05-6
Check: package dependencies
Result: NOTE
    Package which this enhances but not available for checking: ‘rkward’
Flavors: r-devel-linux-x86_64-debian-gcc, r-devel-linux-x86_64-fedora-clang, r-devel-linux-x86_64-fedora-gcc, r-devel-osx-x86_64-clang, r-devel-windows-ix86+x86_64, r-patched-linux-x86_64, r-patched-solaris-sparc, r-patched-solaris-x86, r-release-linux-x86_64, r-release-osx-x86_64-mavericks, r-release-windows-ix86+x86_64, r-oldrel-windows-ix86+x86_64

Version: 0.05-6
Check: R code for possible problems
Result: NOTE
    plot,kRp.tagged-missing: no visible global function definition for
     ‘par’
    plot,kRp.tagged-missing: no visible global function definition for
     ‘barplot’
    plot,kRp.tagged-missing: no visible global function definition for
     ‘axis’
    plot,kRp.tagged-missing: no visible global function definition for
     ‘text’
    plot,kRp.tagged-missing: no visible global function definition for
     ‘mtext’
    summary,kRp.tagged: no visible binding for global variable ‘Row.names’
    Undefined global functions or variables:
     Row.names axis barplot mtext par text
    Consider adding
     importFrom("graphics", "axis", "barplot", "mtext", "par", "text")
    to your NAMESPACE file.
Flavors: r-devel-linux-x86_64-debian-gcc, r-devel-linux-x86_64-fedora-clang, r-devel-linux-x86_64-fedora-gcc, r-devel-osx-x86_64-clang, r-devel-windows-ix86+x86_64

Version: 0.05-6
Check: data for non-ASCII characters
Result: NOTE
     Note: found 22852 marked UTF-8 strings
Flavors: r-devel-linux-x86_64-fedora-clang, r-devel-linux-x86_64-fedora-gcc, r-devel-osx-x86_64-clang, r-patched-linux-x86_64, r-patched-solaris-sparc, r-patched-solaris-x86, r-release-linux-x86_64, r-release-osx-x86_64-mavericks, r-release-windows-ix86+x86_64, r-oldrel-windows-ix86+x86_64

Version: 0.05-6
Check: R code for possible problems
Result: NOTE
    summary,kRp.tagged : .local: no visible binding for global variable
     ‘Row.names’
Flavors: r-patched-linux-x86_64, r-patched-solaris-sparc, r-patched-solaris-x86, r-release-linux-x86_64, r-release-windows-ix86+x86_64, r-oldrel-windows-ix86+x86_64