CRAN Package Check Results for Package koRpus

Last updated on 2016-09-26 20:49:37.

Flavor Version Tinstall Tcheck Ttotal Status Flags
r-devel-linux-x86_64-debian-clang 0.06-5 2.64 48.08 50.72 NOTE
r-devel-linux-x86_64-debian-gcc 0.06-5 2.46 48.29 50.74 NOTE
r-devel-linux-x86_64-fedora-clang 0.06-5 95.15 NOTE
r-devel-linux-x86_64-fedora-gcc 0.06-5 86.32 NOTE
r-devel-macos-x86_64-clang 0.06-5 78.21 NOTE
r-devel-windows-ix86+x86_64 0.06-5 11.00 120.00 131.00 NOTE
r-patched-linux-x86_64 0.06-5 2.40 47.82 50.22 NOTE
r-patched-solaris-sparc 0.06-5 575.40 NOTE
r-patched-solaris-x86 0.06-5 108.20 NOTE
r-release-linux-x86_64 0.06-5 2.58 47.97 50.56 NOTE
r-release-osx-x86_64-mavericks 0.06-5 NOTE
r-release-windows-ix86+x86_64 0.06-5 11.00 116.00 127.00 NOTE
r-oldrel-windows-ix86+x86_64 0.06-5 20.00 115.00 135.00 NOTE

Check Details

Version: 0.06-5
Check: package dependencies
Result: NOTE
    Package which this enhances but not available for checking: ‘rkward’
Flavors: r-devel-linux-x86_64-debian-clang, r-devel-linux-x86_64-debian-gcc, r-devel-linux-x86_64-fedora-clang, r-devel-linux-x86_64-fedora-gcc, r-devel-macos-x86_64-clang, r-devel-windows-ix86+x86_64, r-patched-linux-x86_64, r-patched-solaris-sparc, r-patched-solaris-x86, r-release-linux-x86_64, r-release-osx-x86_64-mavericks, r-release-windows-ix86+x86_64, r-oldrel-windows-ix86+x86_64

Version: 0.06-5
Check: data for non-ASCII characters
Result: NOTE
     Note: found 22852 marked UTF-8 strings
Flavors: r-devel-linux-x86_64-fedora-clang, r-devel-linux-x86_64-fedora-gcc, r-devel-macos-x86_64-clang, r-patched-solaris-sparc, r-patched-solaris-x86, r-release-osx-x86_64-mavericks, r-oldrel-windows-ix86+x86_64