CRAN Package Check Results for Package koRpus

Last updated on 2017-03-30 20:47:07.

Flavor Version Tinstall Tcheck Ttotal Status Flags
r-devel-linux-x86_64-debian-clang 0.10-1 11.27 66.59 77.86 NOTE
r-devel-linux-x86_64-debian-gcc 0.10-1 10.94 65.13 76.08 NOTE
r-devel-linux-x86_64-fedora-clang 0.10-1 166.74 NOTE --no-stop-on-test-error
r-devel-linux-x86_64-fedora-gcc 0.10-1 138.32 NOTE --no-stop-on-test-error
r-devel-macos-x86_64-clang 0.10-1 111.32 NOTE --no-stop-on-test-error
r-devel-windows-ix86+x86_64 0.10-1 26.00 120.00 146.00 NOTE
r-patched-linux-x86_64 0.10-1 11.08 65.27 76.35 NOTE
r-patched-solaris-sparc 0.10-1 892.50 NOTE
r-release-linux-x86_64 0.10-1 10.36 62.03 72.39 NOTE
r-release-osx-x86_64-mavericks 0.10-1 NOTE
r-release-windows-ix86+x86_64 0.10-1 38.00 104.00 142.00 WARN
r-oldrel-windows-ix86+x86_64 0.10-1 30.00 137.00 167.00 NOTE

Check Details

Version: 0.10-1
Check: package dependencies
Result: NOTE
    Package which this enhances but not available for checking: ‘rkward’
Flavors: r-devel-linux-x86_64-debian-clang, r-devel-linux-x86_64-debian-gcc, r-devel-windows-ix86+x86_64, r-patched-linux-x86_64, r-patched-solaris-sparc, r-release-linux-x86_64, r-release-osx-x86_64-mavericks, r-release-windows-ix86+x86_64, r-oldrel-windows-ix86+x86_64

Version: 0.10-1
Flags: --no-stop-on-test-error
Check: package dependencies
Result: NOTE
    Package which this enhances but not available for checking: ‘rkward’
Flavors: r-devel-linux-x86_64-fedora-clang, r-devel-linux-x86_64-fedora-gcc, r-devel-macos-x86_64-clang

Version: 0.10-1
Flags: --no-stop-on-test-error
Check: installed package size
Result: NOTE
     installed size is 8.8Mb
     sub-directories of 1Mb or more:
     R 7.2Mb
Flavors: r-devel-linux-x86_64-fedora-clang, r-devel-linux-x86_64-fedora-gcc, r-devel-macos-x86_64-clang

Version: 0.10-1
Flags: --no-stop-on-test-error
Check: data for non-ASCII characters
Result: NOTE
     Note: found 22852 marked UTF-8 strings
Flavors: r-devel-linux-x86_64-fedora-clang, r-devel-linux-x86_64-fedora-gcc, r-devel-macos-x86_64-clang

Version: 0.10-1
Check: installed package size
Result: NOTE
     installed size is 8.7Mb
     sub-directories of 1Mb or more:
     R 7.2Mb
Flavors: r-devel-windows-ix86+x86_64, r-patched-solaris-sparc, r-release-osx-x86_64-mavericks, r-release-windows-ix86+x86_64, r-oldrel-windows-ix86+x86_64

Version: 0.10-1
Check: data for non-ASCII characters
Result: NOTE
     Note: found 22852 marked UTF-8 strings
Flavors: r-patched-solaris-sparc, r-release-osx-x86_64-mavericks, r-oldrel-windows-ix86+x86_64

Version: 0.10-1
Check: re-building of vignette outputs
Result: WARN
    Error in re-building vignettes:
     ...
    Warning: running command '"D:\compiler\texmf\miktex\bin\texify.exe" --quiet --pdf "koRpus_vignette.tex" --max-iterations=20 -I "D:/RCompile/recent/R-3.3.3/share/texmf/tex/latex" -I "D:/RCompile/recent/R-3.3.3/share/texmf/bibtex/bst"' had status 1
    Error in find_vignette_product(name, by = "texi2pdf", engine = engine) :
     Failed to locate the 'texi2pdf' output file (by engine 'utils::Sweave') for vignette with name 'koRpus_vignette'. The following files exist in directory '.': 'koRpus_lit.bib', 'koRpus_vignette.Rnw', 'koRpus_vignette.tex', 'ttr.pdf'
    Calls: buildVignettes -> find_vignette_product
    Execution halted
Flavor: r-release-windows-ix86+x86_64