CRAN Package Check Results for Package koRpus

Last updated on 2014-04-20 01:47:58.

Flavor Version Tinstall Tcheck Ttotal Status Flags
r-devel-linux-x86_64-debian-clang 0.05-5 2.84 47.30 50.14 NOTE
r-devel-linux-x86_64-debian-gcc 0.05-5 2.84 47.60 50.45 NOTE
r-devel-linux-x86_64-fedora-clang 0.05-5 104.83 NOTE
r-devel-linux-x86_64-fedora-gcc 0.05-5 98.85 NOTE
r-devel-macosx-x86_64-clang 0.05-5 81.06 NOTE
r-devel-macosx-x86_64-gcc 0.05-5 NOTE
r-devel-windows-ix86+x86_64 0.05-5 6.00 66.00 72.00 NOTE
r-patched-linux-x86_64 0.05-5 2.78 47.52 50.30 NOTE
r-patched-solaris-sparc 0.05-5 517.20 NOTE
r-patched-solaris-x86 0.05-5 121.00 NOTE
r-release-linux-ix86 NOTE
r-release-linux-x86_64 0.05-5 2.76 47.46 50.22 NOTE
r-release-macosx-x86_64 0.05-5 NOTE
r-release-windows-ix86+x86_64 0.05-5 9.00 72.00 81.00 NOTE
r-oldrel-windows-ix86+x86_64 0.05-5 7.00 69.00 76.00 NOTE

Check Details

Version: 0.05-5
Check: package dependencies
Result: NOTE
    Package which this enhances but not available for checking: ‘rkward’
Flavors: r-devel-linux-x86_64-debian-clang, r-devel-linux-x86_64-debian-gcc, r-devel-linux-x86_64-fedora-clang, r-devel-linux-x86_64-fedora-gcc, r-devel-macosx-x86_64-clang, r-devel-windows-ix86+x86_64, r-patched-linux-x86_64, r-patched-solaris-sparc, r-patched-solaris-x86, r-release-linux-ix86, r-release-linux-x86_64, r-release-macosx-x86_64, r-release-windows-ix86+x86_64, r-oldrel-windows-ix86+x86_64

Version: 0.05-5
Check: data for non-ASCII characters
Result: NOTE
     Note: found 22852 marked UTF-8 strings
Flavors: r-devel-linux-x86_64-debian-clang, r-devel-linux-x86_64-debian-gcc, r-devel-linux-x86_64-fedora-clang, r-devel-linux-x86_64-fedora-gcc, r-devel-macosx-x86_64-clang, r-devel-macosx-x86_64-gcc, r-devel-windows-ix86+x86_64, r-patched-linux-x86_64, r-patched-solaris-sparc, r-patched-solaris-x86, r-release-linux-ix86, r-release-linux-x86_64, r-release-macosx-x86_64, r-release-windows-ix86+x86_64, r-oldrel-windows-ix86+x86_64

Version: 0.05-5
Check: package dependencies
Result: NOTE
    Package suggested but not available for checking: ‘tm’
    
    Package which this enhances but not available for checking: ‘rkward’
Flavor: r-devel-macosx-x86_64-gcc