CRAN Package Check Results for Package koRpus

Last updated on 2015-05-23 11:51:24.

Flavor Version Tinstall Tcheck Ttotal Status Flags
r-devel-linux-x86_64-debian-clang 0.05-5 3.82 45.97 49.79 NOTE
r-devel-linux-x86_64-debian-gcc 0.05-5 2.40 44.61 47.01 NOTE
r-devel-linux-x86_64-fedora-clang 0.05-5 91.97 NOTE
r-devel-linux-x86_64-fedora-gcc 0.05-5 82.88 NOTE
r-devel-osx-x86_64-clang 0.05-5 86.46 NOTE
r-devel-windows-ix86+x86_64 0.05-5 7.00 66.00 73.00 NOTE
r-patched-linux-x86_64 0.05-5 2.42 43.93 46.35 NOTE
r-patched-solaris-sparc 0.05-5 546.00 NOTE
r-patched-solaris-x86 0.05-5 112.70 NOTE
r-release-linux-x86_64 0.05-5 2.64 43.91 46.54 NOTE
r-release-osx-x86_64-mavericks 0.05-5 NOTE
r-release-osx-x86_64-snowleopard 0.05-5 NOTE
r-release-windows-ix86+x86_64 0.05-5 9.00 68.00 77.00 NOTE
r-oldrel-windows-ix86+x86_64 0.05-5 8.00 69.00 77.00 NOTE

Check Details

Version: 0.05-5
Check: package dependencies
Result: NOTE
    Package which this enhances but not available for checking: ‘rkward’
Flavors: r-devel-linux-x86_64-debian-clang, r-devel-linux-x86_64-debian-gcc, r-devel-linux-x86_64-fedora-clang, r-devel-linux-x86_64-fedora-gcc, r-devel-osx-x86_64-clang, r-devel-windows-ix86+x86_64, r-patched-linux-x86_64, r-patched-solaris-sparc, r-patched-solaris-x86, r-release-linux-x86_64, r-release-osx-x86_64-mavericks, r-release-windows-ix86+x86_64, r-oldrel-windows-ix86+x86_64

Version: 0.05-5
Check: data for non-ASCII characters
Result: NOTE
     Note: found 22852 marked UTF-8 strings
Flavors: r-devel-linux-x86_64-debian-clang, r-devel-linux-x86_64-debian-gcc, r-devel-linux-x86_64-fedora-clang, r-devel-linux-x86_64-fedora-gcc, r-devel-osx-x86_64-clang, r-devel-windows-ix86+x86_64, r-patched-linux-x86_64, r-patched-solaris-sparc, r-patched-solaris-x86, r-release-linux-x86_64, r-release-osx-x86_64-mavericks, r-release-osx-x86_64-snowleopard, r-release-windows-ix86+x86_64, r-oldrel-windows-ix86+x86_64

Version: 0.05-5
Check: package dependencies
Result: NOTE
    Package suggested but not available for checking: ‘tm’
    
    Package which this enhances but not available for checking: ‘rkward’
Flavor: r-release-osx-x86_64-snowleopard