CRAN Package Check Results for Package koRpus

Last updated on 2017-07-27 14:47:06.

Flavor Version Tinstall Tcheck Ttotal Status Flags
r-devel-linux-x86_64-debian-clang 0.10-2 11.25 79.34 90.59 NOTE
r-devel-linux-x86_64-debian-gcc 0.10-2 10.83 78.84 89.66 NOTE
r-devel-linux-x86_64-fedora-clang 0.10-2 141.58 NOTE
r-devel-linux-x86_64-fedora-gcc 0.10-2 138.41 NOTE
r-devel-windows-ix86+x86_64 0.10-2 34.00 135.00 169.00 NOTE
r-patched-linux-x86_64 0.10-2 11.05 77.25 88.30 NOTE
r-patched-solaris-x86 0.10-2 214.70 NOTE
r-release-linux-x86_64 0.10-2 11.25 80.12 91.37 NOTE
r-release-windows-ix86+x86_64 0.10-2 25.00 137.00 162.00 NOTE
r-release-osx-x86_64 0.10-2 WARN
r-oldrel-windows-ix86+x86_64 0.10-2 23.00 107.00 130.00 NOTE
r-oldrel-osx-x86_64 0.10-2 NOTE

Check Details

Version: 0.10-2
Check: package dependencies
Result: NOTE
    Package which this enhances but not available for checking: ‘rkward’
Flavors: r-devel-linux-x86_64-debian-clang, r-devel-linux-x86_64-debian-gcc, r-devel-linux-x86_64-fedora-clang, r-devel-linux-x86_64-fedora-gcc, r-devel-windows-ix86+x86_64, r-patched-linux-x86_64, r-patched-solaris-x86, r-release-linux-x86_64, r-release-windows-ix86+x86_64, r-release-osx-x86_64, r-oldrel-windows-ix86+x86_64, r-oldrel-osx-x86_64

Version: 0.10-2
Check: installed package size
Result: NOTE
     installed size is 8.8Mb
     sub-directories of 1Mb or more:
     R 7.2Mb
Flavors: r-devel-linux-x86_64-fedora-clang, r-devel-linux-x86_64-fedora-gcc, r-devel-windows-ix86+x86_64, r-patched-solaris-x86, r-release-windows-ix86+x86_64, r-release-osx-x86_64, r-oldrel-windows-ix86+x86_64, r-oldrel-osx-x86_64

Version: 0.10-2
Check: data for non-ASCII characters
Result: NOTE
     Note: found 22852 marked UTF-8 strings
Flavors: r-devel-linux-x86_64-fedora-clang, r-devel-linux-x86_64-fedora-gcc, r-patched-solaris-x86, r-release-osx-x86_64, r-oldrel-osx-x86_64

Version: 0.10-2
Check: re-building of vignette outputs
Result: WARN
    Error in re-building vignettes:
     ...
    Error in texi2dvi(file = file, pdf = TRUE, clean = clean, quiet = quiet, :
     Running 'texi2dvi' on 'koRpus_vignette.tex' failed.
    LaTeX errors:
    ! LaTeX Error: File `utf8x.def' not found.
    
    Type X to quit or <RETURN> to proceed,
    or enter new name. (Default extension: def)
    
    ! Emergency stop.
    <read *>
    
    l.158 \endinput
     ^^M
    ! ==> Fatal error occurred, no output PDF file produced!
    Calls: buildVignettes -> texi2pdf -> texi2dvi
    Execution halted
Flavor: r-release-osx-x86_64