CRAN Package Check Results for Package koRpus

Last updated on 2015-07-03 21:46:35.

Flavor Version Tinstall Tcheck Ttotal Status Flags
r-devel-linux-x86_64-debian-clang 0.05-6 3.35 47.98 51.34 NOTE
r-devel-linux-x86_64-debian-gcc 0.05-6 2.38 44.43 46.80 NOTE
r-devel-linux-x86_64-fedora-clang 0.05-6 93.78 NOTE
r-devel-linux-x86_64-fedora-gcc 0.05-6 81.87 NOTE
r-devel-osx-x86_64-clang 0.05-6 58.85 NOTE
r-devel-windows-ix86+x86_64 0.05-6 9.00 71.00 80.00 NOTE
r-patched-linux-x86_64 0.05-6 2.45 43.11 45.56 NOTE
r-patched-solaris-sparc 0.05-6 500.10 NOTE
r-patched-solaris-x86 0.05-6 95.30 NOTE
r-release-linux-x86_64 0.05-6 2.66 44.14 46.80 NOTE
r-release-osx-x86_64-mavericks 0.05-6 NOTE
r-release-windows-ix86+x86_64 0.05-6 13.00 94.00 107.00 NOTE
r-oldrel-windows-ix86+x86_64 0.05-6 9.00 108.00 117.00 NOTE

Check Details

Version: 0.05-6
Check: package dependencies
Result: NOTE
    Package which this enhances but not available for checking: ‘rkward’
Flavors: r-devel-linux-x86_64-debian-clang, r-devel-linux-x86_64-debian-gcc, r-devel-linux-x86_64-fedora-clang, r-devel-linux-x86_64-fedora-gcc, r-devel-osx-x86_64-clang, r-devel-windows-ix86+x86_64, r-patched-linux-x86_64, r-patched-solaris-sparc, r-patched-solaris-x86, r-release-linux-x86_64, r-release-osx-x86_64-mavericks, r-release-windows-ix86+x86_64, r-oldrel-windows-ix86+x86_64

Version: 0.05-6
Check: data for non-ASCII characters
Result: NOTE
     Note: found 22852 marked UTF-8 strings
Flavors: r-devel-linux-x86_64-debian-clang, r-devel-linux-x86_64-debian-gcc, r-devel-linux-x86_64-fedora-clang, r-devel-linux-x86_64-fedora-gcc, r-devel-osx-x86_64-clang, r-devel-windows-ix86+x86_64, r-patched-linux-x86_64, r-patched-solaris-sparc, r-patched-solaris-x86, r-release-linux-x86_64, r-release-osx-x86_64-mavericks, r-release-windows-ix86+x86_64, r-oldrel-windows-ix86+x86_64

Version: 0.05-6
Check: R code for possible problems
Result: NOTE
    plot,kRp.tagged-missing: no visible global function definition for
     ‘par’
    plot,kRp.tagged-missing: no visible global function definition for
     ‘barplot’
    plot,kRp.tagged-missing: no visible global function definition for
     ‘axis’
    plot,kRp.tagged-missing: no visible global function definition for
     ‘text’
    plot,kRp.tagged-missing: no visible global function definition for
     ‘mtext’
    summary,kRp.tagged: no visible binding for global variable ‘Row.names’
    Undefined global functions or variables:
     Row.names axis barplot mtext par text
Flavors: r-devel-linux-x86_64-fedora-clang, r-devel-linux-x86_64-fedora-gcc