CRAN Package Check Results for Package koRpus

Last updated on 2016-05-27 09:50:17.

Flavor Version Tinstall Tcheck Ttotal Status Flags
r-devel-linux-x86_64-debian-gcc 0.06-4 2.47 47.23 49.70 NOTE
r-devel-linux-x86_64-fedora-clang 0.06-4 99.76 NOTE
r-devel-linux-x86_64-fedora-gcc 0.06-4 85.62 NOTE
r-devel-osx-x86_64-clang 0.06-4 110.81 NOTE
r-devel-windows-ix86+x86_64 0.06-4 9.00 91.00 100.00 NOTE
r-patched-linux-x86_64 0.06-4 2.60 46.69 49.29 NOTE
r-patched-solaris-sparc 0.06-4 568.30 NOTE
r-patched-solaris-x86 0.06-4 111.70 NOTE
r-release-linux-x86_64 0.06-4 2.41 46.99 49.40 NOTE
r-release-osx-x86_64-mavericks 0.06-4 NOTE
r-release-windows-ix86+x86_64 0.06-4 10.00 83.00 93.00 NOTE
r-oldrel-windows-ix86+x86_64 0.06-4 9.00 93.00 102.00 NOTE

Check Details

Version: 0.06-4
Check: package dependencies
Result: NOTE
    Package which this enhances but not available for checking: ‘rkward’
Flavors: r-devel-linux-x86_64-debian-gcc, r-devel-linux-x86_64-fedora-clang, r-devel-linux-x86_64-fedora-gcc, r-devel-osx-x86_64-clang, r-devel-windows-ix86+x86_64, r-patched-linux-x86_64, r-patched-solaris-sparc, r-patched-solaris-x86, r-release-linux-x86_64, r-release-osx-x86_64-mavericks, r-release-windows-ix86+x86_64, r-oldrel-windows-ix86+x86_64

Version: 0.06-4
Check: data for non-ASCII characters
Result: NOTE
     Note: found 22852 marked UTF-8 strings
Flavors: r-devel-linux-x86_64-fedora-clang, r-devel-linux-x86_64-fedora-gcc, r-devel-osx-x86_64-clang, r-patched-solaris-sparc, r-patched-solaris-x86, r-release-osx-x86_64-mavericks, r-oldrel-windows-ix86+x86_64