CRAN Package Check Results for Package koRpus

Last updated on 2015-01-30 01:48:06.

Flavor Version Tinstall Tcheck Ttotal Status Flags
r-devel-linux-x86_64-debian-clang 0.05-5 2.57 46.44 49.02 NOTE
r-devel-linux-x86_64-debian-gcc 0.05-5 2.51 43.10 45.61 NOTE
r-devel-linux-x86_64-fedora-clang 0.05-5 101.17 NOTE
r-devel-linux-x86_64-fedora-gcc 0.05-5 92.19 NOTE
r-devel-osx-x86_64-clang 0.05-5 92.52 NOTE
r-devel-windows-ix86+x86_64 0.05-5 11.00 71.00 82.00 NOTE
r-patched-linux-x86_64 0.05-5 2.86 46.37 49.23 NOTE
r-patched-solaris-sparc 0.05-5 563.10 NOTE
r-patched-solaris-x86 0.05-5 121.00 NOTE
r-release-linux-ix86 0.05-5 3.40 55.63 59.03 NOTE
r-release-linux-x86_64 0.05-5 2.85 46.22 49.07 NOTE
r-release-osx-x86_64-mavericks 0.05-5 NOTE
r-release-osx-x86_64-snowleopard 0.05-5 NOTE
r-release-windows-ix86+x86_64 0.05-5 7.00 75.00 82.00 NOTE
r-oldrel-windows-ix86+x86_64 0.05-5 8.00 68.00 76.00 NOTE

Check Details

Version: 0.05-5
Check: package dependencies
Result: NOTE
    Package which this enhances but not available for checking: ‘rkward’
Flavors: r-devel-linux-x86_64-debian-clang, r-devel-linux-x86_64-debian-gcc, r-devel-linux-x86_64-fedora-clang, r-devel-linux-x86_64-fedora-gcc, r-devel-osx-x86_64-clang, r-devel-windows-ix86+x86_64, r-patched-linux-x86_64, r-patched-solaris-sparc, r-patched-solaris-x86, r-release-linux-ix86, r-release-linux-x86_64, r-release-osx-x86_64-mavericks, r-release-osx-x86_64-snowleopard, r-release-windows-ix86+x86_64, r-oldrel-windows-ix86+x86_64

Version: 0.05-5
Check: data for non-ASCII characters
Result: NOTE
     Note: found 22852 marked UTF-8 strings
Flavors: r-devel-linux-x86_64-debian-clang, r-devel-linux-x86_64-debian-gcc, r-devel-linux-x86_64-fedora-clang, r-devel-linux-x86_64-fedora-gcc, r-devel-osx-x86_64-clang, r-devel-windows-ix86+x86_64, r-patched-linux-x86_64, r-patched-solaris-sparc, r-patched-solaris-x86, r-release-linux-ix86, r-release-linux-x86_64, r-release-osx-x86_64-mavericks, r-release-osx-x86_64-snowleopard, r-release-windows-ix86+x86_64, r-oldrel-windows-ix86+x86_64