CRAN Package Check Results for Package koRpus

Last updated on 2016-07-25 20:47:49.

Flavor Version Tinstall Tcheck Ttotal Status Flags
r-devel-linux-x86_64-debian-clang 0.06-5 3.02 57.74 60.75 NOTE
r-devel-linux-x86_64-debian-gcc 0.06-5 2.81 55.04 57.85 NOTE
r-devel-linux-x86_64-fedora-clang 0.06-5 93.65 NOTE
r-devel-linux-x86_64-fedora-gcc 0.06-5 87.19 NOTE
r-devel-osx-x86_64-clang 0.06-5 80.26 NOTE
r-devel-windows-ix86+x86_64 0.06-5 10.00 85.00 95.00 NOTE
r-patched-linux-x86_64 0.06-5 2.84 54.34 57.18 NOTE
r-patched-solaris-sparc 0.06-5 575.40 NOTE
r-patched-solaris-x86 0.06-5 106.80 NOTE
r-release-linux-x86_64 0.06-5 2.90 55.22 58.12 NOTE
r-release-osx-x86_64-mavericks 0.06-5 NOTE
r-release-windows-ix86+x86_64 0.06-5 10.00 124.00 134.00 NOTE
r-oldrel-windows-ix86+x86_64 0.06-5 14.00 126.00 140.00 NOTE

Check Details

Version: 0.06-5
Check: package dependencies
Result: NOTE
    Package which this enhances but not available for checking: ‘rkward’
Flavors: r-devel-linux-x86_64-debian-clang, r-devel-linux-x86_64-debian-gcc, r-devel-linux-x86_64-fedora-clang, r-devel-linux-x86_64-fedora-gcc, r-devel-osx-x86_64-clang, r-devel-windows-ix86+x86_64, r-patched-linux-x86_64, r-patched-solaris-sparc, r-patched-solaris-x86, r-release-linux-x86_64, r-release-osx-x86_64-mavericks, r-release-windows-ix86+x86_64, r-oldrel-windows-ix86+x86_64

Version: 0.06-5
Check: data for non-ASCII characters
Result: NOTE
     Note: found 22852 marked UTF-8 strings
Flavors: r-devel-linux-x86_64-fedora-clang, r-devel-linux-x86_64-fedora-gcc, r-devel-osx-x86_64-clang, r-patched-solaris-sparc, r-patched-solaris-x86, r-release-osx-x86_64-mavericks, r-oldrel-windows-ix86+x86_64