CRAN Package Check Results for Package koRpus

Last updated on 2016-12-04 22:47:16.

Flavor Version Tinstall Tcheck Ttotal Status Flags
r-devel-linux-x86_64-debian-clang 0.06-5 2.69 52.42 55.11 NOTE
r-devel-linux-x86_64-debian-gcc 0.06-5 2.68 52.79 55.46 NOTE
r-devel-linux-x86_64-fedora-clang 0.06-5 103.36 NOTE --no-stop-on-test-error
r-devel-linux-x86_64-fedora-gcc 0.06-5 99.49 NOTE --no-stop-on-test-error
r-devel-macos-x86_64-clang 0.06-5 84.60 NOTE
r-devel-windows-ix86+x86_64 0.06-5 8.00 88.00 96.00 NOTE
r-patched-linux-x86_64 0.06-5 2.72 49.72 52.44 NOTE
r-patched-solaris-sparc 0.06-5 575.40 NOTE
r-patched-solaris-x86 0.06-5 107.70 NOTE
r-release-linux-x86_64 0.06-5 2.51 47.68 50.19 NOTE
r-release-osx-x86_64-mavericks 0.06-5 NOTE
r-release-windows-ix86+x86_64 0.06-5 11.00 119.00 130.00 NOTE
r-oldrel-windows-ix86+x86_64 0.06-5 8.00 92.00 100.00 NOTE

Check Details

Version: 0.06-5
Check: package dependencies
Result: NOTE
    Package which this enhances but not available for checking: ‘rkward’
Flavors: r-devel-linux-x86_64-debian-clang, r-devel-linux-x86_64-debian-gcc, r-devel-macos-x86_64-clang, r-devel-windows-ix86+x86_64, r-patched-linux-x86_64, r-patched-solaris-sparc, r-patched-solaris-x86, r-release-linux-x86_64, r-release-osx-x86_64-mavericks, r-release-windows-ix86+x86_64, r-oldrel-windows-ix86+x86_64

Version: 0.06-5
Flags: --no-stop-on-test-error
Check: package dependencies
Result: NOTE
    Package which this enhances but not available for checking: ‘rkward’
Flavors: r-devel-linux-x86_64-fedora-clang, r-devel-linux-x86_64-fedora-gcc

Version: 0.06-5
Flags: --no-stop-on-test-error
Check: data for non-ASCII characters
Result: NOTE
     Note: found 22852 marked UTF-8 strings
Flavors: r-devel-linux-x86_64-fedora-clang, r-devel-linux-x86_64-fedora-gcc

Version: 0.06-5
Check: data for non-ASCII characters
Result: NOTE
     Note: found 22852 marked UTF-8 strings
Flavors: r-devel-macos-x86_64-clang, r-patched-solaris-sparc, r-patched-solaris-x86, r-release-osx-x86_64-mavericks, r-oldrel-windows-ix86+x86_64