CRAN Package Check Results for Package koRpus

Last updated on 2017-11-24 18:50:28 CET.

Flavor Version Tinstall Tcheck Ttotal Status Flags
r-devel-linux-x86_64-debian-clang 0.10-2 13.80 147.52 161.32 NOTE
r-devel-linux-x86_64-debian-gcc 0.10-2 12.53 132.17 144.69 NOTE
r-devel-linux-x86_64-fedora-clang 0.10-2 135.33 NOTE
r-devel-linux-x86_64-fedora-gcc 0.10-2 135.20 NOTE
r-devel-windows-ix86+x86_64 0.10-2 21.00 146.00 167.00 NOTE
r-patched-linux-x86_64 0.10-2 14.06 157.81 171.87 NOTE
r-patched-solaris-x86 0.10-2 203.30 NOTE
r-release-linux-x86_64 0.10-2 14.14 148.08 162.22 NOTE
r-release-windows-ix86+x86_64 0.10-2 25.00 104.00 129.00 NOTE
r-release-osx-x86_64 0.10-2 WARN
r-oldrel-windows-ix86+x86_64 0.10-2 21.00 109.00 130.00 NOTE
r-oldrel-osx-x86_64 0.10-2 NOTE

Check Details

Version: 0.10-2
Check: package dependencies
Result: NOTE
    Package which this enhances but not available for checking: ‘rkward’
Flavors: r-devel-linux-x86_64-debian-clang, r-devel-linux-x86_64-debian-gcc, r-devel-linux-x86_64-fedora-clang, r-devel-linux-x86_64-fedora-gcc, r-devel-windows-ix86+x86_64, r-patched-linux-x86_64, r-patched-solaris-x86, r-release-linux-x86_64, r-release-windows-ix86+x86_64, r-release-osx-x86_64, r-oldrel-windows-ix86+x86_64, r-oldrel-osx-x86_64

Version: 0.10-2
Check: installed package size
Result: NOTE
     installed size is 8.8Mb
     sub-directories of 1Mb or more:
     R 7.2Mb
Flavors: r-devel-linux-x86_64-fedora-clang, r-devel-linux-x86_64-fedora-gcc, r-devel-windows-ix86+x86_64, r-patched-solaris-x86, r-release-windows-ix86+x86_64, r-release-osx-x86_64, r-oldrel-windows-ix86+x86_64, r-oldrel-osx-x86_64

Version: 0.10-2
Check: data for non-ASCII characters
Result: NOTE
     Note: found 22852 marked UTF-8 strings
Flavors: r-devel-linux-x86_64-fedora-clang, r-devel-linux-x86_64-fedora-gcc, r-patched-solaris-x86, r-release-osx-x86_64, r-oldrel-osx-x86_64

Version: 0.10-2
Check: re-building of vignette outputs
Result: WARN
    Error in re-building vignettes:
     ...
    Error in texi2dvi(file = file, pdf = TRUE, clean = clean, quiet = quiet, :
     Running 'texi2dvi' on 'koRpus_vignette.tex' failed.
    LaTeX errors:
    ! LaTeX Error: File `utf8x.def' not found.
    
    Type X to quit or <RETURN> to proceed,
    or enter new name. (Default extension: def)
    
    ! Emergency stop.
    <read *>
    
    l.158 \endinput
     ^^M
    ! ==> Fatal error occurred, no output PDF file produced!
    Calls: buildVignettes -> texi2pdf -> texi2dvi
    Execution halted
Flavor: r-release-osx-x86_64