CRAN Package Check Results for Package koRpus

Last updated on 2015-04-01 08:50:07.

Flavor Version Tinstall Tcheck Ttotal Status Flags
r-devel-linux-x86_64-debian-clang 0.05-5 2.47 45.64 48.11 NOTE
r-devel-linux-x86_64-debian-gcc 0.05-5 2.48 46.98 49.46 NOTE
r-devel-linux-x86_64-fedora-clang 0.05-5 93.13 NOTE
r-devel-linux-x86_64-fedora-gcc 0.05-5 94.08 NOTE
r-devel-osx-x86_64-clang 0.05-5 96.51 NOTE
r-prerel-windows-ix86+x86_64 0.05-5 12.00 66.00 78.00 NOTE
r-prerel-linux-x86_64 0.05-5 2.44 44.06 46.50 NOTE
r-prerel-solaris-sparc 0.05-5 561.60 NOTE
r-prerel-solaris-x86 0.05-5 113.00 NOTE
r-release-linux-x86_64 0.05-5 2.67 47.88 50.55 NOTE
r-release-osx-x86_64-mavericks 0.05-5 NOTE
r-release-osx-x86_64-snowleopard 0.05-5 NOTE
r-release-windows-ix86+x86_64 0.05-5 8.00 73.00 81.00 NOTE
r-oldrel-windows-ix86+x86_64 0.05-5 8.00 66.00 74.00 NOTE

Check Details

Version: 0.05-5
Check: package dependencies
Result: NOTE
    Package which this enhances but not available for checking: ‘rkward’
Flavors: r-devel-linux-x86_64-debian-clang, r-devel-linux-x86_64-debian-gcc, r-devel-linux-x86_64-fedora-clang, r-devel-linux-x86_64-fedora-gcc, r-devel-osx-x86_64-clang, r-prerel-windows-ix86+x86_64, r-prerel-linux-x86_64, r-prerel-solaris-sparc, r-prerel-solaris-x86, r-release-linux-x86_64, r-release-osx-x86_64-mavericks, r-release-osx-x86_64-snowleopard, r-release-windows-ix86+x86_64, r-oldrel-windows-ix86+x86_64

Version: 0.05-5
Check: data for non-ASCII characters
Result: NOTE
     Note: found 22852 marked UTF-8 strings
Flavors: r-devel-linux-x86_64-debian-clang, r-devel-linux-x86_64-debian-gcc, r-devel-linux-x86_64-fedora-clang, r-devel-linux-x86_64-fedora-gcc, r-devel-osx-x86_64-clang, r-prerel-windows-ix86+x86_64, r-prerel-linux-x86_64, r-prerel-solaris-sparc, r-prerel-solaris-x86, r-release-linux-x86_64, r-release-osx-x86_64-mavericks, r-release-osx-x86_64-snowleopard, r-release-windows-ix86+x86_64, r-oldrel-windows-ix86+x86_64