CRAN Package Check Results for Package koRpus

Last updated on 2017-02-20 13:50:56.

Flavor Version Tinstall Tcheck Ttotal Status Flags
r-devel-linux-x86_64-debian-clang 0.06-5 2.52 50.80 53.32 NOTE
r-devel-linux-x86_64-debian-gcc 0.06-5 2.59 51.78 54.37 NOTE
r-devel-linux-x86_64-fedora-clang 0.06-5 97.97 NOTE --no-stop-on-test-error
r-devel-linux-x86_64-fedora-gcc 0.06-5 94.84 NOTE --no-stop-on-test-error
r-devel-macos-x86_64-clang 0.06-5 83.70 NOTE --no-stop-on-test-error
r-devel-windows-ix86+x86_64 0.06-5 10.00 127.00 137.00 NOTE
r-patched-linux-x86_64 0.06-5 2.43 48.52 50.95 NOTE
r-patched-solaris-sparc 0.06-5 580.10 NOTE
r-patched-solaris-x86 0.06-5 110.30 NOTE
r-release-linux-x86_64 0.06-5 2.49 48.00 50.49 NOTE
r-release-osx-x86_64-mavericks 0.06-5 NOTE
r-release-windows-ix86+x86_64 0.06-5 10.00 90.00 100.00 NOTE
r-oldrel-windows-ix86+x86_64 0.06-5 9.00 84.00 93.00 NOTE

Check Details

Version: 0.06-5
Check: package dependencies
Result: NOTE
    Package which this enhances but not available for checking: ‘rkward’
Flavors: r-devel-linux-x86_64-debian-clang, r-devel-linux-x86_64-debian-gcc, r-devel-windows-ix86+x86_64, r-patched-linux-x86_64, r-patched-solaris-sparc, r-patched-solaris-x86, r-release-linux-x86_64, r-release-osx-x86_64-mavericks, r-release-windows-ix86+x86_64, r-oldrel-windows-ix86+x86_64

Version: 0.06-5
Flags: --no-stop-on-test-error
Check: package dependencies
Result: NOTE
    Package which this enhances but not available for checking: ‘rkward’
Flavors: r-devel-linux-x86_64-fedora-clang, r-devel-linux-x86_64-fedora-gcc, r-devel-macos-x86_64-clang

Version: 0.06-5
Flags: --no-stop-on-test-error
Check: data for non-ASCII characters
Result: NOTE
     Note: found 22852 marked UTF-8 strings
Flavors: r-devel-linux-x86_64-fedora-clang, r-devel-linux-x86_64-fedora-gcc, r-devel-macos-x86_64-clang

Version: 0.06-5
Check: data for non-ASCII characters
Result: NOTE
     Note: found 22852 marked UTF-8 strings
Flavors: r-patched-solaris-sparc, r-patched-solaris-x86, r-release-osx-x86_64-mavericks, r-oldrel-windows-ix86+x86_64