CRAN Package Check Results for Package kobe

Last updated on 2015-05-23 17:48:45.

Flavor Version Tinstall Tcheck Ttotal Status Flags
r-devel-linux-x86_64-debian-clang 1.3.2 1.80 37.56 39.36 OK
r-devel-linux-x86_64-debian-gcc 1.3.2 1.73 37.19 38.92 OK
r-devel-linux-x86_64-fedora-clang 1.3.2 79.07 OK
r-devel-linux-x86_64-fedora-gcc 1.3.2 74.84 OK
r-devel-osx-x86_64-clang 1.3.2 69.61 OK
r-devel-windows-ix86+x86_64 1.3.2 6.00 60.00 66.00 OK
r-patched-linux-x86_64 1.3.2 1.76 38.20 39.96 OK
r-patched-solaris-sparc 1.3.2 456.60 OK
r-patched-solaris-x86 1.3.2 106.90 OK
r-release-linux-x86_64 1.3.2 1.69 37.24 38.93 OK
r-release-osx-x86_64-mavericks 1.3.2 OK
r-release-osx-x86_64-snowleopard 1.3.2 ERROR
r-release-windows-ix86+x86_64 1.3.2 8.00 63.00 71.00 OK
r-oldrel-windows-ix86+x86_64 1.3.2 13.00 93.00 106.00 OK

Check Details

Version: 1.3.2
Check: package dependencies
Result: ERROR
    Package required but not available: ‘ggplot2’
    
    See section ‘The DESCRIPTION file’ in the ‘Writing R Extensions’
    manual.
Flavor: r-release-osx-x86_64-snowleopard