CRAN Package Check Results for Package kobe

Last updated on 2014-11-28 19:51:20.

Flavor Version Tinstall Tcheck Ttotal Status Flags
r-devel-linux-x86_64-debian-clang 1.3.2 2.54 47.64 50.18 OK
r-devel-linux-x86_64-debian-gcc 1.3.2 2.40 47.32 49.72 OK
r-devel-linux-x86_64-fedora-clang 1.3.2 109.23 OK
r-devel-linux-x86_64-fedora-gcc 1.3.2 108.53 OK
r-devel-osx-x86_64-clang 1.3.2 87.86 OK
r-devel-windows-ix86+x86_64 1.3.2 8.00 72.00 80.00 OK
r-patched-linux-x86_64 1.3.2 2.54 48.79 51.33 OK
r-patched-solaris-sparc 1.3.2 507.40 OK
r-patched-solaris-x86 1.3.2 135.20 OK
r-release-linux-ix86 1.3.2 2.71 52.82 55.53 OK
r-release-linux-x86_64 1.3.2 2.57 49.42 51.99 OK
r-release-osx-x86_64-mavericks 1.3.2 NOTE
r-release-osx-x86_64-snowleopard 1.3.2 OK
r-release-windows-ix86+x86_64 1.3.2 11.00 82.00 93.00 OK
r-oldrel-windows-ix86+x86_64 1.3.2 11.00 83.00 94.00 OK

Check Details

Version: 1.3.2
Check: re-building of vignette outputs
Result: NOTE
    Error in re-building vignettes:
     ...
    
    Attaching package: ‘reshape’
    
    The following objects are masked from ‘package:plyr’:
    
     rename, round_any
    
    Warning: Removed 11 rows containing missing values (geom_path).
    Warning: Removed 16 rows containing missing values (geom_path).
    Scale for 'y' is already present. Adding another scale for 'y', which will replace the existing scale.
    Scale for 'x' is already present. Adding another scale for 'x', which will replace the existing scale.
    Warning: Removed 8 rows containing missing values (geom_point).
    Warning: Removed 8 rows containing missing values (geom_point).
    Error in texi2dvi(file = file, pdf = TRUE, clean = clean, quiet = quiet, :
     Running 'texi2dvi' on 'kobe.tex' failed.
    LaTeX errors:
    ! LaTeX Error: File `framed.sty' not found.
    
    Type X to quit or <RETURN> to proceed,
    or enter new name. (Default extension: sty)
    
    st/kobe/vignettes/kobe.tex:24: ==> Fatal error occurred, no output PDF file pr
    oduced!
    Calls: buildVignettes -> texi2pdf -> texi2dvi
    Execution halted
Flavor: r-release-osx-x86_64-mavericks