CRAN Package Check Results for Package kobe

Last updated on 2015-08-04 03:48:08.

Flavor Version Tinstall Tcheck Ttotal Status Flags
r-devel-linux-x86_64-debian-clang 1.3.2 1.77 39.38 41.15 NOTE
r-devel-linux-x86_64-debian-gcc 1.3.2 1.82 37.71 39.53 NOTE
r-devel-linux-x86_64-fedora-clang 1.3.2 80.34 NOTE
r-devel-linux-x86_64-fedora-gcc 1.3.2 76.99 NOTE
r-devel-osx-x86_64-clang 1.3.2 66.00 NOTE
r-devel-windows-ix86+x86_64 1.3.2 11.00 63.00 74.00 NOTE
r-patched-linux-x86_64 1.3.2 1.83 37.97 39.80 NOTE
r-patched-solaris-sparc 1.3.2 471.90 NOTE
r-patched-solaris-x86 1.3.2 111.90 NOTE
r-release-linux-x86_64 1.3.2 1.76 38.35 40.11 NOTE
r-release-osx-x86_64-mavericks 1.3.2 OK
r-release-windows-ix86+x86_64 1.3.2 11.00 66.00 77.00 NOTE
r-oldrel-windows-ix86+x86_64 1.3.2 13.00 104.00 117.00 NOTE

Check Details

Version: 1.3.2
Check: R code for possible problems
Result: NOTE
    getBSP: no visible global function definition for ‘read.csv’
    io2box : <anonymous>: no visible global function definition for
     ‘quantile’
    io2box : <anonymous>: no visible global function definition for
     ‘median’
    ioAspic : <anonymous>: no visible global function definition for
     ‘quantile’
    ioAspic : <anonymous>: no visible global function definition for
     ‘median’
    ioBsp : <anonymous>: no visible global function definition for
     ‘quantile’
    ioBsp : <anonymous>: no visible global function definition for ‘median’
    ioMFCL : <anonymous>: no visible global function definition for
     ‘quantile’
    ioMFCL : <anonymous>: no visible global function definition for
     ‘median’
    ioSS: no visible global function definition for ‘read.csv’
    ioSS : <anonymous>: no visible global function definition for
     ‘quantile’
    ioSS : <anonymous>: no visible global function definition for ‘median’
    ioSS3: no visible global function definition for ‘read.csv’
    ioSS3 : <anonymous>: no visible global function definition for
     ‘quantile’
    ioSS3 : <anonymous>: no visible global function definition for ‘median’
    kobeInterp: no visible global function definition for
     ‘colorRampPalette’
    kobePhaseMar: no visible global function definition for
     ‘colorRampPalette’
    kobePhaseMar: no visible global function definition for ‘grey’
    kobePhaseMar : <anonymous>: no visible global function definition for
     ‘median’
    kobePhaseMar2: no visible global function definition for
     ‘colorRampPalette’
    kobePhaseMar2: no visible global function definition for ‘grey’
    kobePhaseMar2 : <anonymous>: no visible global function definition for
     ‘median’
    kobePhaseMar3: no visible global function definition for
     ‘colorRampPalette’
    kobePhaseMar3: no visible global function definition for ‘grey’
    kobePhaseMar3 : <anonymous>: no visible global function definition for
     ‘median’
    kobeTrksFn: no visible binding for global variable ‘quantile’
    readKobe2box: no visible global function definition for ‘read.table’
    readSam: no visible global function definition for ‘read.table’
    theme_ms: no visible global function definition for ‘modifyList’
    kobe2sm,data.frame: no visible global function definition for
     ‘colorRampPalette’
    kobe2sm,data.frame: no visible global function definition for ‘par’
    kobe2sm,data.frame: no visible global function definition for
     ‘kobe2smFn’
    kobe2sm,data.frame: no visible global function definition for ‘mtext’
    kobe,data.frame-missing : <anonymous>: no visible global function
     definition for ‘kobeFn’
    Undefined global functions or variables:
     colorRampPalette grey kobe2smFn kobeFn median modifyList mtext par
     quantile read.csv read.table
    Consider adding
     importFrom("grDevices", "colorRampPalette", "grey")
     importFrom("graphics", "mtext", "par")
     importFrom("stats", "median", "quantile")
     importFrom("utils", "modifyList", "read.csv", "read.table")
    to your NAMESPACE.
Flavors: r-devel-linux-x86_64-debian-clang, r-devel-linux-x86_64-debian-gcc, r-devel-linux-x86_64-fedora-clang, r-devel-linux-x86_64-fedora-gcc, r-devel-windows-ix86+x86_64

Version: 1.3.2
Check: R code for possible problems
Result: NOTE
    kobe2sm,data.frame: no visible global function definition for
     ‘kobe2smFn’
    kobe,data.frame-missing : <anonymous>: no visible global function
     definition for ‘kobeFn’
    Undefined global functions or variables:
     kobe2smFn kobeFn
Flavor: r-devel-osx-x86_64-clang

Version: 1.3.2
Check: R code for possible problems
Result: NOTE
    kobe2sm,data.frame : .local: no visible global function definition for
     ‘kobe2smFn’
    kobe,data.frame-missing : .local : <anonymous>: no visible global
     function definition for ‘kobeFn’
Flavors: r-patched-linux-x86_64, r-patched-solaris-sparc, r-patched-solaris-x86, r-release-linux-x86_64, r-release-windows-ix86+x86_64, r-oldrel-windows-ix86+x86_64