CRAN Package Check Results for Package kobe

Last updated on 2015-07-02 21:46:46.

Flavor Version Tinstall Tcheck Ttotal Status Flags
r-devel-linux-x86_64-debian-clang 1.3.2 1.86 37.61 39.48 NOTE
r-devel-linux-x86_64-debian-gcc 1.3.2 1.70 37.44 39.13 NOTE
r-devel-linux-x86_64-fedora-clang 1.3.2 78.20 NOTE
r-devel-linux-x86_64-fedora-gcc 1.3.2 74.50 NOTE
r-devel-osx-x86_64-clang 1.3.2 72.14 OK
r-devel-windows-ix86+x86_64 1.3.2 7.00 62.00 69.00 NOTE
r-patched-linux-x86_64 1.3.2 1.70 36.52 38.22 OK
r-patched-solaris-sparc 1.3.2 456.60 OK
r-patched-solaris-x86 1.3.2 108.90 OK
r-release-linux-x86_64 1.3.2 1.88 37.12 39.00 OK
r-release-osx-x86_64-mavericks 1.3.2 OK
r-release-windows-ix86+x86_64 1.3.2 6.00 61.00 67.00 OK
r-oldrel-windows-ix86+x86_64 1.3.2 14.00 90.00 104.00 OK

Check Details

Version: 1.3.2
Check: R code for possible problems
Result: NOTE
    getBSP: no visible global function definition for ‘read.csv’
    io2box : <anonymous>: no visible global function definition for
     ‘quantile’
    io2box : <anonymous>: no visible global function definition for
     ‘median’
    ioAspic : <anonymous>: no visible global function definition for
     ‘quantile’
    ioAspic : <anonymous>: no visible global function definition for
     ‘median’
    ioBsp : <anonymous>: no visible global function definition for
     ‘quantile’
    ioBsp : <anonymous>: no visible global function definition for ‘median’
    ioMFCL : <anonymous>: no visible global function definition for
     ‘quantile’
    ioMFCL : <anonymous>: no visible global function definition for
     ‘median’
    ioSS: no visible global function definition for ‘read.csv’
    ioSS : <anonymous>: no visible global function definition for
     ‘quantile’
    ioSS : <anonymous>: no visible global function definition for ‘median’
    ioSS3: no visible global function definition for ‘read.csv’
    ioSS3 : <anonymous>: no visible global function definition for
     ‘quantile’
    ioSS3 : <anonymous>: no visible global function definition for ‘median’
    kobeInterp: no visible global function definition for
     ‘colorRampPalette’
    kobePhaseMar: no visible global function definition for
     ‘colorRampPalette’
    kobePhaseMar: no visible global function definition for ‘grey’
    kobePhaseMar : <anonymous>: no visible global function definition for
     ‘median’
    kobePhaseMar2: no visible global function definition for
     ‘colorRampPalette’
    kobePhaseMar2: no visible global function definition for ‘grey’
    kobePhaseMar2 : <anonymous>: no visible global function definition for
     ‘median’
    kobePhaseMar3: no visible global function definition for
     ‘colorRampPalette’
    kobePhaseMar3: no visible global function definition for ‘grey’
    kobePhaseMar3 : <anonymous>: no visible global function definition for
     ‘median’
    kobeTrksFn: no visible binding for global variable ‘quantile’
    readKobe2box: no visible global function definition for ‘read.table’
    readSam: no visible global function definition for ‘read.table’
    theme_ms: no visible global function definition for ‘modifyList’
    Undefined global functions or variables:
     colorRampPalette grey median modifyList quantile read.csv read.table
Flavors: r-devel-linux-x86_64-debian-clang, r-devel-linux-x86_64-fedora-clang, r-devel-linux-x86_64-fedora-gcc

Version: 1.3.2
Check: R code for possible problems
Result: NOTE
    getBSP: no visible global function definition for ‘read.csv’
    io2box : <anonymous>: no visible global function definition for
     ‘quantile’
    io2box : <anonymous>: no visible global function definition for
     ‘median’
    ioAspic : <anonymous>: no visible global function definition for
     ‘quantile’
    ioAspic : <anonymous>: no visible global function definition for
     ‘median’
    ioBsp : <anonymous>: no visible global function definition for
     ‘quantile’
    ioBsp : <anonymous>: no visible global function definition for ‘median’
    ioMFCL : <anonymous>: no visible global function definition for
     ‘quantile’
    ioMFCL : <anonymous>: no visible global function definition for
     ‘median’
    ioSS: no visible global function definition for ‘read.csv’
    ioSS : <anonymous>: no visible global function definition for
     ‘quantile’
    ioSS : <anonymous>: no visible global function definition for ‘median’
    ioSS3: no visible global function definition for ‘read.csv’
    ioSS3 : <anonymous>: no visible global function definition for
     ‘quantile’
    ioSS3 : <anonymous>: no visible global function definition for ‘median’
    kobeInterp: no visible global function definition for
     ‘colorRampPalette’
    kobePhaseMar: no visible global function definition for
     ‘colorRampPalette’
    kobePhaseMar: no visible global function definition for ‘grey’
    kobePhaseMar : <anonymous>: no visible global function definition for
     ‘median’
    kobePhaseMar2: no visible global function definition for
     ‘colorRampPalette’
    kobePhaseMar2: no visible global function definition for ‘grey’
    kobePhaseMar2 : <anonymous>: no visible global function definition for
     ‘median’
    kobePhaseMar3: no visible global function definition for
     ‘colorRampPalette’
    kobePhaseMar3: no visible global function definition for ‘grey’
    kobePhaseMar3 : <anonymous>: no visible global function definition for
     ‘median’
    kobeTrksFn: no visible binding for global variable ‘quantile’
    readKobe2box: no visible global function definition for ‘read.table’
    readSam: no visible global function definition for ‘read.table’
    theme_ms: no visible global function definition for ‘modifyList’
Flavors: r-devel-linux-x86_64-debian-gcc, r-devel-windows-ix86+x86_64