CRAN Package Check Results for Package kobe

Last updated on 2015-04-21 06:47:28.

Flavor Version Tinstall Tcheck Ttotal Status Flags
r-devel-linux-x86_64-debian-clang 1.3.2 1.78 40.49 42.27 OK
r-devel-linux-x86_64-debian-gcc 1.3.2 1.69 37.83 39.52 OK
r-devel-linux-x86_64-fedora-clang 1.3.2 80.09 OK
r-devel-linux-x86_64-fedora-gcc 1.3.2 75.61 OK
r-devel-osx-x86_64-clang 1.3.2 69.23 OK
r-devel-windows-ix86+x86_64 1.3.2 8.00 61.00 69.00 OK
r-patched-linux-x86_64 1.3.2 1.72 37.92 39.64 OK
r-patched-solaris-sparc 1.3.2 501.40 OK
r-patched-solaris-x86 1.3.2 105.10 OK
r-release-linux-x86_64 1.3.2 1.70 37.17 38.87 OK
r-release-osx-x86_64-mavericks 1.3.2 OK
r-release-osx-x86_64-snowleopard 1.3.2 ERROR
r-release-windows-ix86+x86_64 1.3.2 4.00 53.00 57.00 OK
r-oldrel-windows-ix86+x86_64 1.3.2 9.00 76.00 85.00 OK

Check Details

Version: 1.3.2
Check: package dependencies
Result: ERROR
    Package required but not available: ‘ggplot2’
    
    See section ‘The DESCRIPTION file’ in the ‘Writing R Extensions’
    manual.
Flavor: r-release-osx-x86_64-snowleopard