CRAN Package Check Results for Package kobe

Last updated on 2016-12-02 23:48:07.

Flavor Version Tinstall Tcheck Ttotal Status Flags
r-devel-linux-x86_64-debian-clang 1.3.2 1.76 38.00 39.75 NOTE
r-devel-linux-x86_64-debian-gcc 1.3.2 2.33 37.01 39.34 NOTE
r-devel-linux-x86_64-fedora-clang 1.3.2 75.52 NOTE
r-devel-linux-x86_64-fedora-gcc 1.3.2 74.30 NOTE
r-devel-macos-x86_64-clang 1.3.2 58.32 NOTE
r-devel-windows-ix86+x86_64 1.3.2 6.00 71.00 77.00 NOTE
r-patched-linux-x86_64 1.3.2 2.02 31.63 33.64 NOTE
r-patched-solaris-sparc 1.3.2 376.70 NOTE
r-patched-solaris-x86 1.3.2 78.40 NOTE
r-release-linux-x86_64 1.3.2 1.85 31.20 33.05 NOTE
r-release-osx-x86_64-mavericks 1.3.2 NOTE
r-release-windows-ix86+x86_64 1.3.2 7.00 98.00 105.00 NOTE
r-oldrel-windows-ix86+x86_64 1.3.2 9.00 105.00 114.00 NOTE

Check Details

Version: 1.3.2
Check: R code for possible problems
Result: NOTE
    getBSP: no visible global function definition for ‘read.csv’
    io2box : <anonymous>: no visible global function definition for
     ‘quantile’
    io2box : <anonymous>: no visible global function definition for
     ‘median’
    ioAspic : <anonymous>: no visible global function definition for
     ‘quantile’
    ioAspic : <anonymous>: no visible global function definition for
     ‘median’
    ioBsp : <anonymous>: no visible global function definition for
     ‘quantile’
    ioBsp : <anonymous>: no visible global function definition for ‘median’
    ioMFCL : <anonymous>: no visible global function definition for
     ‘quantile’
    ioMFCL : <anonymous>: no visible global function definition for
     ‘median’
    ioSS: no visible global function definition for ‘read.csv’
    ioSS : <anonymous>: no visible global function definition for
     ‘quantile’
    ioSS : <anonymous>: no visible global function definition for ‘median’
    ioSS3: no visible global function definition for ‘read.csv’
    ioSS3 : <anonymous>: no visible global function definition for
     ‘quantile’
    ioSS3 : <anonymous>: no visible global function definition for ‘median’
    kobeInterp: no visible global function definition for
     ‘colorRampPalette’
    kobePhaseMar: no visible global function definition for
     ‘colorRampPalette’
    kobePhaseMar: no visible global function definition for ‘grey’
    kobePhaseMar : <anonymous>: no visible global function definition for
     ‘median’
    kobePhaseMar2: no visible global function definition for
     ‘colorRampPalette’
    kobePhaseMar2: no visible global function definition for ‘grey’
    kobePhaseMar2 : <anonymous>: no visible global function definition for
     ‘median’
    kobePhaseMar3: no visible global function definition for
     ‘colorRampPalette’
    kobePhaseMar3: no visible global function definition for ‘grey’
    kobePhaseMar3 : <anonymous>: no visible global function definition for
     ‘median’
    kobeTrksFn: no visible binding for global variable ‘quantile’
    readKobe2box: no visible global function definition for ‘read.table’
    readSam: no visible global function definition for ‘read.table’
    theme_ms: possible error in theme(axis.text = element_text(size =
     rel(0.8)), axis.ticks = element_line(colour = "black"), legend.key =
     element_rect(colour = "grey80"), panel.background = element_rect(fill
     = "white", colour = NA), panel.border = element_rect(fill = NA,
     colour = "grey50"), panel.grid.major = element_line(colour =
     "grey90", size = 0.2), panel.grid.minor = element_line(colour =
     "grey98", size = 0.5), strip.background = element_rect(fill =
     "grey80", colour = "grey50"), strip.background = element_rect(fill =
     "grey80", : formal argument "strip.background" matched by multiple
     actual arguments
    theme_ms: possible error in colour = "grey50")): formal argument
     "strip.background" matched by multiple actual arguments
    theme_ms: no visible global function definition for ‘modifyList’
    kobe2sm,data.frame: no visible global function definition for
     ‘colorRampPalette’
    kobe2sm,data.frame: no visible global function definition for ‘par’
    kobe2sm,data.frame: no visible global function definition for
     ‘kobe2smFn’
    kobe2sm,data.frame: no visible global function definition for ‘mtext’
    kobe,data.frame-missing : <anonymous>: no visible global function
     definition for ‘kobeFn’
    Undefined global functions or variables:
     colorRampPalette grey kobe2smFn kobeFn median modifyList mtext par
     quantile read.csv read.table
    Consider adding
     importFrom("grDevices", "colorRampPalette", "grey")
     importFrom("graphics", "mtext", "par")
     importFrom("stats", "median", "quantile")
     importFrom("utils", "modifyList", "read.csv", "read.table")
    to your NAMESPACE file.
Flavors: r-devel-linux-x86_64-debian-clang, r-devel-linux-x86_64-debian-gcc, r-devel-linux-x86_64-fedora-clang, r-devel-linux-x86_64-fedora-gcc, r-devel-macos-x86_64-clang, r-devel-windows-ix86+x86_64, r-patched-linux-x86_64, r-patched-solaris-sparc, r-patched-solaris-x86, r-release-linux-x86_64, r-release-windows-ix86+x86_64

Version: 1.3.2
Check: R code for possible problems
Result: NOTE
    getBSP: no visible global function definition for ‘read.csv’
    io2box : <anonymous>: no visible global function definition for
     ‘quantile’
    io2box : <anonymous>: no visible global function definition for
     ‘median’
    ioAspic : <anonymous>: no visible global function definition for
     ‘quantile’
    ioAspic : <anonymous>: no visible global function definition for
     ‘median’
    ioBsp : <anonymous>: no visible global function definition for
     ‘quantile’
    ioBsp : <anonymous>: no visible global function definition for ‘median’
    ioMFCL : <anonymous>: no visible global function definition for
     ‘quantile’
    ioMFCL : <anonymous>: no visible global function definition for
     ‘median’
    ioSS: no visible global function definition for ‘read.csv’
    ioSS : <anonymous>: no visible global function definition for
     ‘quantile’
    ioSS : <anonymous>: no visible global function definition for ‘median’
    ioSS3: no visible global function definition for ‘read.csv’
    ioSS3 : <anonymous>: no visible global function definition for
     ‘quantile’
    ioSS3 : <anonymous>: no visible global function definition for ‘median’
    kobeInterp: no visible global function definition for
     ‘colorRampPalette’
    kobePhaseMar: no visible global function definition for
     ‘colorRampPalette’
    kobePhaseMar: no visible global function definition for ‘grey’
    kobePhaseMar : <anonymous>: no visible global function definition for
     ‘median’
    kobePhaseMar2: no visible global function definition for
     ‘colorRampPalette’
    kobePhaseMar2: no visible global function definition for ‘grey’
    kobePhaseMar2 : <anonymous>: no visible global function definition for
     ‘median’
    kobePhaseMar3: no visible global function definition for
     ‘colorRampPalette’
    kobePhaseMar3: no visible global function definition for ‘grey’
    kobePhaseMar3 : <anonymous>: no visible global function definition for
     ‘median’
    kobeTrksFn: no visible binding for global variable ‘quantile’
    readKobe2box: no visible global function definition for ‘read.table’
    readSam: no visible global function definition for ‘read.table’
    theme_ms: no visible global function definition for ‘modifyList’
    kobe2sm,data.frame: no visible global function definition for
     ‘colorRampPalette’
    kobe2sm,data.frame: no visible global function definition for ‘par’
    kobe2sm,data.frame: no visible global function definition for
     ‘kobe2smFn’
    kobe2sm,data.frame: no visible global function definition for ‘mtext’
    kobe,data.frame-missing : <anonymous>: no visible global function
     definition for ‘kobeFn’
    Undefined global functions or variables:
     colorRampPalette grey kobe2smFn kobeFn median modifyList mtext par
     quantile read.csv read.table
    Consider adding
     importFrom("grDevices", "colorRampPalette", "grey")
     importFrom("graphics", "mtext", "par")
     importFrom("stats", "median", "quantile")
     importFrom("utils", "modifyList", "read.csv", "read.table")
    to your NAMESPACE file.
Flavor: r-release-osx-x86_64-mavericks

Version: 1.3.2
Check: R code for possible problems
Result: NOTE
    theme_ms: possible error in theme(axis.text = element_text(size =
     rel(0.8)), axis.ticks = element_line(colour = "black"), legend.key =
     element_rect(colour = "grey80"), panel.background = element_rect(fill
     = "white", colour = NA), panel.border = element_rect(fill = NA,
     colour = "grey50"), panel.grid.major = element_line(colour =
     "grey90", size = 0.2), panel.grid.minor = element_line(colour =
     "grey98", size = 0.5), strip.background = element_rect(fill =
     "grey80", colour = "grey50"), strip.background = element_rect(fill =
     "grey80", : formal argument "strip.background" matched by multiple
     actual arguments
    theme_ms: possible error in colour = "grey50")): formal argument
     "strip.background" matched by multiple actual arguments
    kobe2sm,data.frame : .local: no visible global function definition for
     'kobe2smFn'
    kobe,data.frame-missing : .local : <anonymous>: no visible global
     function definition for 'kobeFn'
Flavor: r-oldrel-windows-ix86+x86_64