CRAN Package Check Results for Package kobe

Last updated on 2016-08-26 06:47:22.

Flavor Version Tinstall Tcheck Ttotal Status Flags
r-devel-linux-x86_64-debian-clang 1.3.2 1.61 30.23 31.84 NOTE
r-devel-linux-x86_64-debian-gcc 1.3.2 2.40 36.87 39.27 NOTE
r-devel-linux-x86_64-fedora-clang 1.3.2 59.45 NOTE
r-devel-linux-x86_64-fedora-gcc 1.3.2 55.53 NOTE
r-devel-osx-x86_64-clang 1.3.2 48.08 NOTE
r-devel-windows-ix86+x86_64 1.3.2 8.00 64.00 72.00 NOTE
r-patched-linux-x86_64 1.3.2 1.64 29.32 30.95 NOTE
r-patched-solaris-sparc 1.3.2 348.00 NOTE
r-patched-solaris-x86 1.3.2 74.60 NOTE
r-release-linux-x86_64 1.3.2 1.60 29.58 31.18 NOTE
r-release-osx-x86_64-mavericks 1.3.2 NOTE
r-release-windows-ix86+x86_64 1.3.2 5.00 63.00 68.00 NOTE
r-oldrel-windows-ix86+x86_64 1.3.2 6.00 72.00 78.00 NOTE

Check Details

Version: 1.3.2
Check: R code for possible problems
Result: NOTE
    getBSP: no visible global function definition for ‘read.csv’
    io2box : <anonymous>: no visible global function definition for
     ‘quantile’
    io2box : <anonymous>: no visible global function definition for
     ‘median’
    ioAspic : <anonymous>: no visible global function definition for
     ‘quantile’
    ioAspic : <anonymous>: no visible global function definition for
     ‘median’
    ioBsp : <anonymous>: no visible global function definition for
     ‘quantile’
    ioBsp : <anonymous>: no visible global function definition for ‘median’
    ioMFCL : <anonymous>: no visible global function definition for
     ‘quantile’
    ioMFCL : <anonymous>: no visible global function definition for
     ‘median’
    ioSS: no visible global function definition for ‘read.csv’
    ioSS : <anonymous>: no visible global function definition for
     ‘quantile’
    ioSS : <anonymous>: no visible global function definition for ‘median’
    ioSS3: no visible global function definition for ‘read.csv’
    ioSS3 : <anonymous>: no visible global function definition for
     ‘quantile’
    ioSS3 : <anonymous>: no visible global function definition for ‘median’
    kobeInterp: no visible global function definition for
     ‘colorRampPalette’
    kobePhaseMar: no visible global function definition for
     ‘colorRampPalette’
    kobePhaseMar: no visible global function definition for ‘grey’
    kobePhaseMar : <anonymous>: no visible global function definition for
     ‘median’
    kobePhaseMar2: no visible global function definition for
     ‘colorRampPalette’
    kobePhaseMar2: no visible global function definition for ‘grey’
    kobePhaseMar2 : <anonymous>: no visible global function definition for
     ‘median’
    kobePhaseMar3: no visible global function definition for
     ‘colorRampPalette’
    kobePhaseMar3: no visible global function definition for ‘grey’
    kobePhaseMar3 : <anonymous>: no visible global function definition for
     ‘median’
    kobeTrksFn: no visible binding for global variable ‘quantile’
    readKobe2box: no visible global function definition for ‘read.table’
    readSam: no visible global function definition for ‘read.table’
    theme_ms: no visible global function definition for ‘modifyList’
    kobe2sm,data.frame: no visible global function definition for
     ‘colorRampPalette’
    kobe2sm,data.frame: no visible global function definition for ‘par’
    kobe2sm,data.frame: no visible global function definition for
     ‘kobe2smFn’
    kobe2sm,data.frame: no visible global function definition for ‘mtext’
    kobe,data.frame-missing : <anonymous>: no visible global function
     definition for ‘kobeFn’
    Undefined global functions or variables:
     colorRampPalette grey kobe2smFn kobeFn median modifyList mtext par
     quantile read.csv read.table
    Consider adding
     importFrom("grDevices", "colorRampPalette", "grey")
     importFrom("graphics", "mtext", "par")
     importFrom("stats", "median", "quantile")
     importFrom("utils", "modifyList", "read.csv", "read.table")
    to your NAMESPACE file.
Flavors: r-devel-linux-x86_64-debian-clang, r-devel-linux-x86_64-debian-gcc, r-devel-linux-x86_64-fedora-clang, r-devel-linux-x86_64-fedora-gcc, r-devel-osx-x86_64-clang, r-devel-windows-ix86+x86_64, r-patched-linux-x86_64, r-patched-solaris-sparc, r-patched-solaris-x86, r-release-linux-x86_64, r-release-osx-x86_64-mavericks, r-release-windows-ix86+x86_64

Version: 1.3.2
Check: R code for possible problems
Result: NOTE
    kobe2sm,data.frame : .local: no visible global function definition for
     'kobe2smFn'
    kobe,data.frame-missing : .local : <anonymous>: no visible global
     function definition for 'kobeFn'
Flavor: r-oldrel-windows-ix86+x86_64