CRAN Package Check Results for Package kobe

Last updated on 2014-04-17 06:46:51.

Flavor Version Tinstall Tcheck Ttotal Status Flags
r-devel-linux-x86_64-debian-clang 1.2.2 3.17 56.08 59.25 NOTE
r-devel-linux-x86_64-debian-gcc 1.2.2 3.16 57.22 60.37 NOTE
r-devel-linux-x86_64-fedora-clang 1.2.2 129.35 NOTE
r-devel-linux-x86_64-fedora-gcc 1.2.2 120.03 NOTE
r-devel-macosx-x86_64-clang 1.2.2 115.40 NOTE
r-devel-macosx-x86_64-gcc 1.2.2 ERROR
r-devel-windows-ix86+x86_64 1.2.2 13.00 90.00 103.00 NOTE
r-patched-linux-x86_64 1.2.2 3.10 56.14 59.24 NOTE
r-patched-solaris-sparc 1.2.2 642.90 NOTE
r-patched-solaris-x86 1.2.2 150.10 NOTE
r-release-linux-ix86 1.2.2 7.00 94.00 101.00 NOTE
r-release-linux-x86_64 1.2.2 3.05 58.09 61.14 NOTE
r-release-macosx-x86_64 1.2.2 NOTE
r-release-windows-ix86+x86_64 1.2.2 13.00 90.00 103.00 NOTE
r-oldrel-windows-ix86+x86_64 1.2.2 14.00 93.00 107.00 NOTE

Check Details

Version: 1.2.2
Check: package dependencies
Result: NOTE
    Depends: includes the non-default packages:
     ‘ggplot2’ ‘reshape’ ‘plyr’ ‘grid’ ‘MASS’ ‘coda’ ‘emdbook’ ‘tables’
     ‘RCurl’ ‘ellipse’
    Adding so many packages to the search path is excessive and importing
    selectively is preferable.
Flavors: r-devel-linux-x86_64-debian-clang, r-devel-linux-x86_64-debian-gcc, r-devel-linux-x86_64-fedora-clang, r-devel-linux-x86_64-fedora-gcc, r-devel-macosx-x86_64-clang, r-devel-windows-ix86+x86_64, r-patched-linux-x86_64, r-patched-solaris-sparc, r-patched-solaris-x86, r-release-linux-ix86, r-release-linux-x86_64, r-release-macosx-x86_64, r-release-windows-ix86+x86_64

Version: 1.2.2
Check: dependencies in R code
Result: NOTE
    'library' or 'require' calls to packages already attached by Depends:
     ‘ellipse’ ‘grid’
     Please remove these calls from your code.
    Packages in Depends field not imported from:
     ‘MASS’ ‘RCurl’ ‘coda’ ‘ellipse’ ‘emdbook’ ‘ggplot2’ ‘methods’ ‘plyr’
     ‘reshape’ ‘tables’
     These packages need to be imported from (in the NAMESPACE file)
     for when this namespace is loaded but not attached.
    See the information on DESCRIPTION files in the chapter ‘Creating R
    packages’ of the ‘Writing R Extensions’ manual.
Flavors: r-devel-linux-x86_64-debian-clang, r-devel-linux-x86_64-debian-gcc, r-devel-linux-x86_64-fedora-clang, r-devel-linux-x86_64-fedora-gcc, r-devel-macosx-x86_64-clang, r-devel-windows-ix86+x86_64, r-patched-linux-x86_64, r-patched-solaris-sparc, r-patched-solaris-x86, r-release-linux-ix86, r-release-linux-x86_64, r-release-windows-ix86+x86_64, r-oldrel-windows-ix86+x86_64

Version: 1.2.2
Check: Rd line widths
Result: NOTE
    Rd file 'kobe2box.Rd':
     \usage lines wider than 90 characters:
     what =c("sims","trks","pts","smry","wrms")[1], prob=c(0.75,0.5,0.25),year=NULL,nwrms=10)
    
    Rd file 'kobeAspic.Rd':
     \usage lines wider than 90 characters:
     what=c("sims","trks","pts","smry","wrms")[1], prob=c(0.75,0.5,0.25),year=NULL,nwrms=10)
    
    Rd file 'kobeMFCL.Rd':
     \usage lines wider than 90 characters:
     what=c("sims","trks","pts","smry","wrms")[1], prob=c(0.75,0.5,0.25),year=NULL,nwrms=10)
    
    Rd file 'kobeSS.Rd':
     \usage lines wider than 90 characters:
     what=c("sims","trks","pts","smry","wrms")[1], prob=c(0.75,0.5,0.25),year=NULL,nwrms=10)
    
    These lines will be truncated in the PDF manual.
Flavors: r-devel-linux-x86_64-fedora-clang, r-devel-linux-x86_64-fedora-gcc

Version: 1.2.2
Check: package dependencies
Result: ERROR
    Packages required but not available: ‘ggplot2’ ‘tables’
    
    Depends: includes the non-default packages:
     ‘ggplot2’ ‘reshape’ ‘plyr’ ‘grid’ ‘MASS’ ‘coda’ ‘emdbook’ ‘tables’
     ‘RCurl’ ‘ellipse’
    Adding so many packages to the search path is excessive and importing
    selectively is preferable.
    
    See the information on DESCRIPTION files in the chapter ‘Creating R
    packages’ of the ‘Writing R Extensions’ manual.
Flavor: r-devel-macosx-x86_64-gcc

Version: 1.2.2
Check: dependencies in R code
Result: NOTE
    'library' or 'require' calls to packages already attached by Depends:
     'ellipse' 'grid'
     Please remove these calls from your code.
    See the information on DESCRIPTION files in the chapter 'Creating R
    packages' of the 'Writing R Extensions' manual.
Flavor: r-release-macosx-x86_64