CRAN Package Check Results for Package kohonen

Last updated on 2017-02-21 20:49:11.

Flavor Version Tinstall Tcheck Ttotal Status Flags
r-devel-linux-x86_64-debian-clang 2.0.19 2.17 20.61 22.78 NOTE
r-devel-linux-x86_64-debian-gcc 2.0.19 1.76 19.70 21.45 NOTE
r-devel-linux-x86_64-fedora-clang 2.0.19 39.52 NOTE --no-stop-on-test-error
r-devel-linux-x86_64-fedora-gcc 2.0.19 37.29 NOTE --no-stop-on-test-error
r-devel-macos-x86_64-clang 2.0.19 30.86 NOTE --no-stop-on-test-error
r-devel-windows-ix86+x86_64 2.0.19 16.00 111.00 127.00 OK
r-patched-linux-x86_64 2.0.19 1.74 17.35 19.09 OK
r-patched-solaris-sparc 2.0.19 252.70 OK
r-patched-solaris-x86 2.0.19 45.80 OK
r-release-linux-x86_64 2.0.19 1.57 16.93 18.49 OK
r-release-osx-x86_64-mavericks 2.0.19 OK
r-release-windows-ix86+x86_64 2.0.19 12.00 58.00 70.00 OK
r-oldrel-windows-ix86+x86_64 2.0.19 20.00 63.00 83.00 OK

Check Details

Version: 2.0.19
Check: compiled code
Result: NOTE
    File ‘kohonen/libs/kohonen.so’:
     Found no calls to: ‘R_registerRoutines’, ‘R_useDynamicSymbols’
    
    It is good practice to register native routines and to disable symbol
    search.
    
    See ‘Writing portable packages’ in the ‘Writing R Extensions’ manual.
Flavors: r-devel-linux-x86_64-debian-clang, r-devel-linux-x86_64-debian-gcc

Version: 2.0.19
Flags: --no-stop-on-test-error
Check: compiled code
Result: NOTE
    File ‘kohonen/libs/kohonen.so’:
     Found no calls to: ‘R_registerRoutines’, ‘R_useDynamicSymbols’
    
    It is good practice to register native routines and to disable symbol
    search.
    
    See ‘Writing portable packages’ in the ‘Writing R Extensions’ manual.
Flavors: r-devel-linux-x86_64-fedora-clang, r-devel-linux-x86_64-fedora-gcc, r-devel-macos-x86_64-clang