CRAN Package Check Results for Package kohonen

Last updated on 2015-07-05 22:47:31.

Flavor Version Tinstall Tcheck Ttotal Status Flags
r-devel-linux-x86_64-debian-clang 2.0.18 1.56 18.04 19.60 NOTE
r-devel-linux-x86_64-debian-gcc 2.0.18 1.58 17.16 18.74 NOTE
r-devel-linux-x86_64-fedora-clang 2.0.18 37.85 NOTE
r-devel-linux-x86_64-fedora-gcc 2.0.18 35.57 NOTE
r-devel-osx-x86_64-clang 2.0.18 31.58 OK
r-devel-windows-ix86+x86_64 2.0.18 13.00 39.00 52.00 NOTE
r-patched-linux-x86_64 2.0.18 1.84 18.33 20.16 OK
r-patched-solaris-sparc 2.0.18 272.50 OK
r-patched-solaris-x86 2.0.18 52.60 OK
r-release-linux-x86_64 2.0.18 1.65 17.94 19.59 OK
r-release-osx-x86_64-mavericks 2.0.18 OK
r-release-windows-ix86+x86_64 2.0.18 15.00 66.00 81.00 OK
r-oldrel-windows-ix86+x86_64 2.0.18 14.00 40.00 54.00 OK

Check Details

Version: 2.0.18
Check: R code for possible problems
Result: NOTE
    add.cluster.boundaries : plot.hex.boundary: no visible global function
     definition for ‘segments’
    add.cluster.boundaries : plot.rect.boundary: no visible global function
     definition for ‘segments’
    bdk: no visible global function definition for ‘quantile’
    identify.kohonen: no visible global function definition for ‘par’
    identify.kohonen: no visible global function definition for ‘identify’
    plot.heatkey: no visible global function definition for ‘rect’
    plot.heatkey: no visible global function definition for ‘text’
    plot.kohUmatrix: no visible binding for global variable ‘heat.colors’
    plot.kohUmatrix: no visible global function definition for ‘dist’
    plot.kohchanges: no visible global function definition for ‘par’
    plot.kohchanges: no visible global function definition for ‘axTicks’
    plot.kohchanges: no visible global function definition for ‘matplot’
    plot.kohchanges: no visible global function definition for ‘abline’
    plot.kohchanges: no visible global function definition for ‘axis’
    plot.kohchanges: no visible global function definition for ‘legend’
    plot.kohcodes: no visible global function definition for ‘par’
    plot.kohcodes: no visible binding for global variable ‘terrain.colors’
    plot.kohcodes: no visible global function definition for ‘plot’
    plot.kohcodes: no visible global function definition for ‘legend’
    plot.kohcodes: no visible global function definition for ‘title’
    plot.kohcodes: no visible global function definition for ‘text’
    plot.kohcodes: no visible global function definition for ‘symbols’
    plot.kohcodes: no visible global function definition for ‘stars’
    plot.kohcodes: no visible global function definition for ‘lines’
    plot.kohcounts: no visible binding for global variable ‘heat.colors’
    plot.kohmapping: no visible global function definition for ‘par’
    plot.kohmapping: no visible global function definition for ‘plot’
    plot.kohmapping: no visible global function definition for ‘title’
    plot.kohmapping: no visible global function definition for ‘text’
    plot.kohmapping: no visible global function definition for ‘symbols’
    plot.kohmapping: no visible global function definition for ‘points’
    plot.kohmapping: no visible global function definition for ‘rnorm’
    plot.kohprop: no visible binding for global variable ‘heat.colors’
    plot.kohprop: no visible global function definition for ‘par’
    plot.kohprop: no visible global function definition for ‘plot’
    plot.kohprop: no visible global function definition for ‘title’
    plot.kohprop: no visible global function definition for ‘text’
    plot.kohprop: no visible global function definition for ‘symbols’
    plot.kohquality: no visible binding for global variable ‘heat.colors’
    predict.kohonen: no visible global function definition for ‘aggregate’
    som: no visible global function definition for ‘quantile’
    supersom: no visible global function definition for ‘quantile’
    supersom: no visible global function definition for ‘rnorm’
    topo.error: no visible global function definition for ‘dist’
    xyf: no visible global function definition for ‘quantile’
    Undefined global functions or variables:
     abline aggregate axTicks axis dist heat.colors identify legend lines
     matplot par plot points quantile rect rnorm segments stars symbols
     terrain.colors text title
Flavors: r-devel-linux-x86_64-debian-clang, r-devel-linux-x86_64-debian-gcc, r-devel-linux-x86_64-fedora-clang, r-devel-linux-x86_64-fedora-gcc, r-devel-windows-ix86+x86_64