CRAN Package Check Results for Package kohonen

Last updated on 2015-02-01 11:47:14.

Flavor Version Tinstall Tcheck Ttotal Status Flags
r-devel-linux-x86_64-debian-clang 2.0.15 1.46 18.54 20.00 NOTE
r-devel-linux-x86_64-debian-gcc 2.0.15 1.77 18.02 19.79 NOTE
r-devel-linux-x86_64-fedora-clang 2.0.15 42.97 NOTE
r-devel-linux-x86_64-fedora-gcc 2.0.15 36.42 NOTE
r-devel-osx-x86_64-clang 2.0.15 42.46 NOTE
r-devel-windows-ix86+x86_64 2.0.15 14.00 34.00 48.00 OK
r-patched-linux-x86_64 2.0.15 1.85 19.61 21.46 OK
r-patched-solaris-sparc 2.0.15 270.70 OK
r-patched-solaris-x86 2.0.15 57.20 OK
r-release-linux-ix86 2.0.15 2.40 29.21 31.61 OK
r-release-linux-x86_64 2.0.15 1.83 19.63 21.46 OK
r-release-osx-x86_64-mavericks 2.0.15 OK
r-release-osx-x86_64-snowleopard 2.0.15 OK
r-release-windows-ix86+x86_64 2.0.15 11.00 41.00 52.00 OK
r-oldrel-windows-ix86+x86_64 2.0.15 11.00 38.00 49.00 OK

Check Details

Version: 2.0.15
Check: S3 generic/method consistency
Result: NOTE
    Found the following apparent S3 methods exported but not registered:
     map.kohonen print.kohonen summary.kohonen identify.kohonen
     plot.heatkey plot.kohUmatrix plot.kohchanges plot.kohcodes
     plot.kohcounts plot.kohmapping plot.kohonen plot.kohprop
     plot.kohquality plot.somgrid predict.kohonen
    See section ‘Registering S3 methods’ in the ‘Writing R Extensions’
    manual.
Flavors: r-devel-linux-x86_64-debian-clang, r-devel-linux-x86_64-debian-gcc, r-devel-linux-x86_64-fedora-clang, r-devel-linux-x86_64-fedora-gcc, r-devel-osx-x86_64-clang