CRAN Package Check Results for Package kohonen

Last updated on 2015-03-01 12:47:39.

Flavor Version Tinstall Tcheck Ttotal Status Flags
r-devel-linux-x86_64-debian-clang 2.0.15 1.43 19.00 20.43 NOTE
r-devel-linux-x86_64-debian-gcc 2.0.15 1.60 18.44 20.04 NOTE
r-devel-linux-x86_64-fedora-clang 2.0.15 39.17 NOTE
r-devel-linux-x86_64-fedora-gcc 2.0.15 37.56 NOTE
r-devel-osx-x86_64-clang 2.0.15 36.11 NOTE
r-devel-windows-ix86+x86_64 2.0.15 16.00 39.00 55.00 NOTE
r-patched-linux-x86_64 2.0.15 1.96 20.46 22.41 OK
r-patched-solaris-sparc 2.0.15 270.70 OK
r-patched-solaris-x86 2.0.15 59.90 OK
r-release-linux-ix86 2.0.15 2.40 32.13 34.54 OK
r-release-linux-x86_64 2.0.15 1.78 20.41 22.19 OK
r-release-osx-x86_64-mavericks 2.0.15 OK
r-release-osx-x86_64-snowleopard 2.0.15 OK
r-release-windows-ix86+x86_64 2.0.15 11.00 42.00 53.00 OK
r-oldrel-windows-ix86+x86_64 2.0.15 12.00 46.00 58.00 OK

Check Details

Version: 2.0.15
Check: DESCRIPTION meta-information
Result: NOTE
    Malformed Description field: should contain one or more complete sentences.
Flavors: r-devel-linux-x86_64-debian-clang, r-devel-linux-x86_64-debian-gcc, r-devel-linux-x86_64-fedora-clang, r-devel-linux-x86_64-fedora-gcc, r-devel-osx-x86_64-clang, r-devel-windows-ix86+x86_64

Version: 2.0.15
Check: S3 generic/method consistency
Result: NOTE
    Found the following apparent S3 methods exported but not registered:
     identify.kohonen map.kohonen plot.heatkey plot.kohUmatrix
     plot.kohchanges plot.kohcodes plot.kohcounts plot.kohmapping
     plot.kohonen plot.kohprop plot.kohquality plot.somgrid
     predict.kohonen print.kohonen summary.kohonen
    See section ‘Registering S3 methods’ in the ‘Writing R Extensions’
    manual.
Flavors: r-devel-linux-x86_64-debian-clang, r-devel-linux-x86_64-debian-gcc, r-devel-linux-x86_64-fedora-clang, r-devel-linux-x86_64-fedora-gcc, r-devel-osx-x86_64-clang