Last updated on 2022-06-29 15:49:56 CEST.
Flavor | Version | Tinstall | Tcheck | Ttotal | Status | Flags |
---|---|---|---|---|---|---|
r-devel-linux-x86_64-debian-clang | 1.0.0 | 3.98 | 33.41 | 37.39 | NOTE | |
r-devel-linux-x86_64-debian-gcc | 1.0.0 | 3.05 | 26.36 | 29.41 | NOTE | |
r-devel-linux-x86_64-fedora-clang | 1.0.0 | 55.30 | NOTE | |||
r-devel-linux-x86_64-fedora-gcc | 1.0.0 | 55.15 | NOTE | |||
r-devel-windows-x86_64 | 1.0.0 | 29.00 | 58.00 | 87.00 | NOTE | |
r-patched-linux-x86_64 | 1.0.0 | 3.94 | 32.70 | 36.64 | NOTE | |
r-release-linux-x86_64 | 1.0.0 | 3.52 | 32.63 | 36.15 | NOTE | |
r-release-macos-arm64 | 1.0.0 | 17.00 | NOTE | |||
r-release-macos-x86_64 | 1.0.0 | 28.00 | NOTE | |||
r-release-windows-x86_64 | 1.0.0 | 28.00 | 59.00 | 87.00 | NOTE | |
r-oldrel-macos-arm64 | 1.0.0 | 21.00 | NOTE | |||
r-oldrel-macos-x86_64 | 1.0.0 | 27.00 | NOTE | |||
r-oldrel-windows-ix86+x86_64 | 1.0.0 | 10.00 | 50.00 | 60.00 | NOTE |
Version: 1.0.0
Check: LazyData
Result: NOTE
'LazyData' is specified without a 'data' directory
Flavors: r-devel-linux-x86_64-debian-clang, r-devel-linux-x86_64-debian-gcc, r-devel-linux-x86_64-fedora-clang, r-devel-linux-x86_64-fedora-gcc, r-devel-windows-x86_64, r-patched-linux-x86_64, r-release-linux-x86_64, r-release-macos-arm64, r-release-macos-x86_64, r-release-windows-x86_64, r-oldrel-macos-arm64, r-oldrel-macos-x86_64, r-oldrel-windows-ix86+x86_64