CRAN Package Check Results for Package kosel

Last updated on 2021-12-06 14:53:55 CET.

Flavor Version Tinstall Tcheck Ttotal Status Flags
r-devel-linux-x86_64-debian-clang 0.0.1 8.00 76.48 84.48 NOTE
r-devel-linux-x86_64-debian-gcc 0.0.1 7.41 58.37 65.78 NOTE
r-devel-linux-x86_64-fedora-clang 0.0.1 101.24 NOTE
r-devel-linux-x86_64-fedora-gcc 0.0.1 89.35 NOTE
r-devel-windows-x86_64-new-UL 0.0.1 14.00 99.00 113.00 NOTE
r-devel-windows-x86_64-new-TK 0.0.1 NOTE
r-devel-windows-x86_64-old 0.0.1 12.00 67.00 79.00 NOTE
r-patched-linux-x86_64 0.0.1 7.31 65.30 72.61 NOTE
r-release-linux-x86_64 0.0.1 7.29 74.74 82.03 NOTE
r-release-macos-arm64 0.0.1 NOTE
r-release-macos-x86_64 0.0.1 NOTE
r-release-windows-ix86+x86_64 0.0.1 18.00 88.00 106.00 NOTE
r-oldrel-macos-x86_64 0.0.1 OK
r-oldrel-windows-ix86+x86_64 0.0.1 17.00 85.00 102.00 OK

Check Details

Version: 0.0.1
Check: LazyData
Result: NOTE
     'LazyData' is specified without a 'data' directory
Flavors: r-devel-linux-x86_64-debian-clang, r-devel-linux-x86_64-debian-gcc, r-devel-linux-x86_64-fedora-clang, r-devel-linux-x86_64-fedora-gcc, r-devel-windows-x86_64-new-UL, r-devel-windows-x86_64-new-TK, r-devel-windows-x86_64-old, r-patched-linux-x86_64, r-release-linux-x86_64, r-release-macos-arm64, r-release-macos-x86_64, r-release-windows-ix86+x86_64