CRAN Package Check Results for Package kriens

Last updated on 2024-03-03 06:09:26 CET.

Flavor Version Tinstall Tcheck Ttotal Status Flags
r-devel-linux-x86_64-debian-clang 0.1 1.94 25.38 27.32 NOTE
r-devel-linux-x86_64-debian-gcc 0.1 1.50 19.54 21.04 NOTE
r-devel-linux-x86_64-fedora-clang 0.1 34.01 NOTE
r-devel-linux-x86_64-fedora-gcc 0.1 34.19 NOTE
r-devel-windows-x86_64 0.1 2.00 49.00 51.00 NOTE
r-patched-linux-x86_64 0.1 1.89 25.11 27.00 NOTE
r-release-linux-x86_64 0.1 1.76 25.02 26.78 NOTE
r-release-macos-arm64 0.1 16.00 NOTE
r-release-macos-x86_64 0.1 21.00 NOTE
r-release-windows-x86_64 0.1 3.00 45.00 48.00 NOTE
r-oldrel-macos-arm64 0.1 17.00 NOTE
r-oldrel-windows-x86_64 0.1 4.00 49.00 53.00 NOTE

Check Details

Version: 0.1
Check: Rd files
Result: NOTE checkRd: (-1) compose.Rd:13: Lost braces in \enumerate; meant \describe ? checkRd: (-1) compose.Rd:14: Lost braces in \enumerate; meant \describe ? Flavors: r-devel-linux-x86_64-debian-clang, r-devel-linux-x86_64-debian-gcc, r-devel-linux-x86_64-fedora-clang, r-devel-linux-x86_64-fedora-gcc

Version: 0.1
Check: LazyData
Result: NOTE 'LazyData' is specified without a 'data' directory Flavors: r-devel-linux-x86_64-debian-clang, r-devel-linux-x86_64-debian-gcc, r-devel-linux-x86_64-fedora-clang, r-devel-linux-x86_64-fedora-gcc, r-devel-windows-x86_64, r-patched-linux-x86_64, r-release-linux-x86_64, r-release-macos-arm64, r-release-macos-x86_64, r-release-windows-x86_64, r-oldrel-macos-arm64, r-oldrel-windows-x86_64