CRAN Package Check Results for Package kriging

Last updated on 2016-12-03 15:47:29.

Flavor Version Tinstall Tcheck Ttotal Status Flags
r-devel-linux-x86_64-debian-clang 1.1 1.18 11.07 12.26 NOTE
r-devel-linux-x86_64-debian-gcc 1.1 1.00 11.14 12.13 NOTE
r-devel-linux-x86_64-fedora-clang 1.1 21.49 NOTE
r-devel-linux-x86_64-fedora-gcc 1.1 20.41 NOTE
r-devel-macos-x86_64-clang 1.1 19.20 NOTE
r-devel-windows-ix86+x86_64 1.1 6.00 40.00 46.00 NOTE
r-patched-linux-x86_64 1.1 0.87 9.89 10.76 NOTE
r-patched-solaris-sparc 1.1 123.70 NOTE
r-patched-solaris-x86 1.1 24.40 NOTE
r-release-linux-x86_64 1.1 0.94 9.75 10.69 NOTE
r-release-osx-x86_64-mavericks 1.1 NOTE
r-release-windows-ix86+x86_64 1.1 9.00 55.00 64.00 NOTE
r-oldrel-windows-ix86+x86_64 1.1 14.00 28.00 42.00 NOTE

Check Details

Version: 1.1
Check: DESCRIPTION meta-information
Result: NOTE
    Malformed Description field: should contain one or more complete sentences.
Flavors: r-devel-linux-x86_64-debian-clang, r-devel-linux-x86_64-debian-gcc, r-devel-linux-x86_64-fedora-clang, r-devel-linux-x86_64-fedora-gcc, r-devel-macos-x86_64-clang, r-devel-windows-ix86+x86_64, r-patched-linux-x86_64, r-patched-solaris-sparc, r-patched-solaris-x86, r-release-linux-x86_64, r-release-osx-x86_64-mavericks, r-release-windows-ix86+x86_64, r-oldrel-windows-ix86+x86_64

Version: 1.1
Check: R code for possible problems
Result: NOTE
    image.kriging: no visible global function definition for ‘heat.colors’
    image.kriging: no visible global function definition for ‘image’
    kriging: no visible global function definition for ‘lm’
    plot.kriging: no visible global function definition for ‘plot’
    plot.kriging: no visible global function definition for ‘curve’
    Undefined global functions or variables:
     curve heat.colors image lm plot
    Consider adding
     importFrom("grDevices", "heat.colors")
     importFrom("graphics", "curve", "image", "plot")
     importFrom("stats", "lm")
    to your NAMESPACE file.
Flavors: r-devel-linux-x86_64-debian-clang, r-devel-linux-x86_64-debian-gcc, r-devel-linux-x86_64-fedora-clang, r-devel-linux-x86_64-fedora-gcc, r-devel-macos-x86_64-clang, r-devel-windows-ix86+x86_64, r-patched-linux-x86_64, r-patched-solaris-sparc, r-patched-solaris-x86, r-release-linux-x86_64, r-release-osx-x86_64-mavericks, r-release-windows-ix86+x86_64