CRAN Package Check Results for Package kriging

Last updated on 2014-11-24 09:48:15.

Flavor Version Tinstall Tcheck Ttotal Status Flags
r-devel-linux-x86_64-debian-clang 1.0.1 0.94 10.40 11.35 NOTE
r-devel-linux-x86_64-debian-gcc 1.0.1 0.93 10.48 11.42 NOTE
r-devel-linux-x86_64-fedora-clang 1.0.1 23.15 NOTE
r-devel-linux-x86_64-fedora-gcc 1.0.1 20.63 NOTE
r-devel-osx-x86_64-clang 1.0.1 24.51 NOTE
r-devel-windows-ix86+x86_64 1.0.1 5.00 24.00 29.00 NOTE
r-patched-linux-x86_64 1.0.1 0.97 10.20 11.17 NOTE
r-patched-solaris-sparc 1.0.1 137.60 NOTE
r-patched-solaris-x86 1.0.1 33.40 NOTE
r-release-linux-ix86 1.0.1 1.35 15.86 17.21 NOTE
r-release-linux-x86_64 1.0.1 0.98 10.09 11.07 NOTE
r-release-osx-x86_64-mavericks 1.0.1 NOTE
r-release-windows-ix86+x86_64 1.0.1 5.00 32.00 37.00 NOTE
r-oldrel-windows-ix86+x86_64 1.0.1 5.00 22.00 27.00 NOTE

Check Details

Version: 1.0.1
Check: Rd files
Result: NOTE
    prepare_Rd: image.kriging.Rd:18-20: Dropping empty section \references
    prepare_Rd: plot.kriging.Rd:17-19: Dropping empty section \references
Flavors: r-devel-linux-x86_64-debian-clang, r-devel-linux-x86_64-debian-gcc, r-devel-linux-x86_64-fedora-clang, r-devel-linux-x86_64-fedora-gcc, r-devel-osx-x86_64-clang, r-devel-windows-ix86+x86_64, r-patched-linux-x86_64, r-patched-solaris-sparc, r-patched-solaris-x86, r-release-linux-ix86, r-release-linux-x86_64, r-release-osx-x86_64-mavericks, r-release-windows-ix86+x86_64, r-oldrel-windows-ix86+x86_64