CRAN Package Check Results for Package kriging

Last updated on 2014-04-16 06:47:56.

Flavor Version Tinstall Tcheck Ttotal Status Flags
r-devel-linux-x86_64-debian-clang 1.0.1 0.84 10.36 11.19 NOTE
r-devel-linux-x86_64-debian-gcc 1.0.1 0.89 10.02 10.91 NOTE
r-devel-linux-x86_64-fedora-clang 1.0.1 21.96 NOTE
r-devel-linux-x86_64-fedora-gcc 1.0.1 19.29 NOTE
r-devel-macosx-x86_64-clang 1.0.1 23.43 NOTE
r-devel-macosx-x86_64-gcc 1.0.1 NOTE
r-devel-windows-ix86+x86_64 1.0.1 5.00 22.00 27.00 NOTE
r-patched-linux-x86_64 1.0.1 0.92 10.12 11.04 NOTE
r-patched-solaris-sparc 1.0.1 138.50 NOTE
r-patched-solaris-x86 1.0.1 32.00 NOTE
r-release-linux-ix86 1.0.1 2.00 22.00 24.00 NOTE
r-release-linux-x86_64 1.0.1 0.88 9.90 10.78 NOTE
r-release-windows-ix86+x86_64 1.0.1 11.00 29.00 40.00 NOTE
r-oldrel-windows-ix86+x86_64 1.0.1 5.00 21.00 26.00 NOTE

Check Details

Version: 1.0.1
Check: Rd files
Result: NOTE
    prepare_Rd: image.kriging.Rd:18-20: Dropping empty section \references
    prepare_Rd: plot.kriging.Rd:17-19: Dropping empty section \references
Flavors: r-devel-linux-x86_64-debian-clang, r-devel-linux-x86_64-debian-gcc, r-devel-linux-x86_64-fedora-clang, r-devel-linux-x86_64-fedora-gcc, r-devel-macosx-x86_64-clang, r-devel-macosx-x86_64-gcc, r-devel-windows-ix86+x86_64, r-patched-linux-x86_64, r-patched-solaris-sparc, r-patched-solaris-x86, r-release-linux-ix86, r-release-linux-x86_64, r-release-windows-ix86+x86_64, r-oldrel-windows-ix86+x86_64