CRAN Package Check Results for Package kriging

Last updated on 2017-05-25 07:48:32.

Flavor Version Tinstall Tcheck Ttotal Status Flags
r-devel-linux-x86_64-debian-clang 1.1 1.22 11.51 12.73 NOTE
r-devel-linux-x86_64-debian-gcc 1.1 1.07 11.68 12.75 NOTE
r-devel-linux-x86_64-fedora-clang 1.1 21.61 NOTE --no-stop-on-test-error
r-devel-linux-x86_64-fedora-gcc 1.1 20.11 NOTE --no-stop-on-test-error
r-devel-windows-ix86+x86_64 1.1 6.00 52.00 58.00 NOTE
r-patched-linux-x86_64 1.1 1.03 11.75 12.78 NOTE
r-patched-solaris-sparc 1.1 146.40 NOTE
r-patched-solaris-x86 1.1 32.80 NOTE
r-release-linux-x86_64 1.1 1.11 11.70 12.81 NOTE
r-release-windows-ix86+x86_64 1.1 6.00 69.00 75.00 NOTE
r-release-osx-x86_64 1.1 NOTE
r-oldrel-windows-ix86+x86_64 1.1 6.00 48.00 54.00 NOTE
r-oldrel-osx-x86_64 1.1 NOTE

Check Details

Version: 1.1
Check: DESCRIPTION meta-information
Result: NOTE
    Malformed Description field: should contain one or more complete sentences.
Flavors: r-devel-linux-x86_64-debian-clang, r-devel-linux-x86_64-debian-gcc, r-devel-windows-ix86+x86_64, r-patched-linux-x86_64, r-patched-solaris-sparc, r-patched-solaris-x86, r-release-linux-x86_64, r-release-windows-ix86+x86_64, r-release-osx-x86_64, r-oldrel-windows-ix86+x86_64, r-oldrel-osx-x86_64

Version: 1.1
Check: R code for possible problems
Result: NOTE
    image.kriging: no visible global function definition for ‘heat.colors’
    image.kriging: no visible global function definition for ‘image’
    kriging: no visible global function definition for ‘lm’
    plot.kriging: no visible global function definition for ‘plot’
    plot.kriging: no visible global function definition for ‘curve’
    Undefined global functions or variables:
     curve heat.colors image lm plot
    Consider adding
     importFrom("grDevices", "heat.colors")
     importFrom("graphics", "curve", "image", "plot")
     importFrom("stats", "lm")
    to your NAMESPACE file.
Flavors: r-devel-linux-x86_64-debian-clang, r-devel-linux-x86_64-debian-gcc, r-devel-windows-ix86+x86_64, r-patched-linux-x86_64, r-patched-solaris-sparc, r-patched-solaris-x86, r-release-linux-x86_64, r-release-windows-ix86+x86_64, r-release-osx-x86_64, r-oldrel-windows-ix86+x86_64, r-oldrel-osx-x86_64

Version: 1.1
Check: compiled code
Result: NOTE
    File ‘kriging/libs/kriging.so’:
     Found no calls to: ‘R_registerRoutines’, ‘R_useDynamicSymbols’
    
    It is good practice to register native routines and to disable symbol
    search.
    
    See ‘Writing portable packages’ in the ‘Writing R Extensions’ manual.
Flavors: r-devel-linux-x86_64-debian-clang, r-devel-linux-x86_64-debian-gcc, r-patched-linux-x86_64, r-release-linux-x86_64

Version: 1.1
Flags: --no-stop-on-test-error
Check: DESCRIPTION meta-information
Result: NOTE
    Malformed Description field: should contain one or more complete sentences.
Flavors: r-devel-linux-x86_64-fedora-clang, r-devel-linux-x86_64-fedora-gcc

Version: 1.1
Flags: --no-stop-on-test-error
Check: R code for possible problems
Result: NOTE
    image.kriging: no visible global function definition for ‘heat.colors’
    image.kriging: no visible global function definition for ‘image’
    kriging: no visible global function definition for ‘lm’
    plot.kriging: no visible global function definition for ‘plot’
    plot.kriging: no visible global function definition for ‘curve’
    Undefined global functions or variables:
     curve heat.colors image lm plot
    Consider adding
     importFrom("grDevices", "heat.colors")
     importFrom("graphics", "curve", "image", "plot")
     importFrom("stats", "lm")
    to your NAMESPACE file.
Flavors: r-devel-linux-x86_64-fedora-clang, r-devel-linux-x86_64-fedora-gcc

Version: 1.1
Flags: --no-stop-on-test-error
Check: compiled code
Result: NOTE
    File ‘kriging/libs/kriging.so’:
     Found no calls to: ‘R_registerRoutines’, ‘R_useDynamicSymbols’
    
    It is good practice to register native routines and to disable symbol
    search.
    
    See ‘Writing portable packages’ in the ‘Writing R Extensions’ manual.
Flavors: r-devel-linux-x86_64-fedora-clang, r-devel-linux-x86_64-fedora-gcc