CRAN Package Check Results for Package kriging

Last updated on 2015-05-30 03:48:41.

Flavor Version Tinstall Tcheck Ttotal Status Flags
r-devel-linux-x86_64-debian-clang 1.1 0.92 9.95 10.86 NOTE
r-devel-linux-x86_64-debian-gcc 1.1 0.87 9.83 10.70 NOTE
r-devel-linux-x86_64-fedora-clang 1.1 21.98 NOTE
r-devel-linux-x86_64-fedora-gcc 1.1 19.38 NOTE
r-devel-osx-x86_64-clang 1.1 25.43 NOTE
r-devel-windows-ix86+x86_64 1.1 6.00 22.00 28.00 NOTE
r-patched-linux-x86_64 1.1 0.89 9.66 10.54 NOTE
r-patched-solaris-sparc 1.1 146.60 NOTE
r-patched-solaris-x86 1.1 31.50 NOTE
r-release-linux-x86_64 1.1 1.02 9.90 10.92 NOTE
r-release-osx-x86_64-mavericks 1.1 NOTE
r-release-osx-x86_64-snowleopard 1.1 NOTE
r-release-windows-ix86+x86_64 1.1 4.00 23.00 27.00 NOTE
r-oldrel-windows-ix86+x86_64 1.1 8.00 24.00 32.00 OK

Check Details

Version: 1.1
Check: DESCRIPTION meta-information
Result: NOTE
    Malformed Description field: should contain one or more complete sentences.
Flavors: r-devel-linux-x86_64-debian-clang, r-devel-linux-x86_64-debian-gcc, r-devel-linux-x86_64-fedora-clang, r-devel-linux-x86_64-fedora-gcc, r-devel-osx-x86_64-clang, r-devel-windows-ix86+x86_64, r-patched-linux-x86_64, r-patched-solaris-sparc, r-patched-solaris-x86, r-release-linux-x86_64, r-release-osx-x86_64-mavericks, r-release-osx-x86_64-snowleopard, r-release-windows-ix86+x86_64