CRAN Package Check Results for Package kriging

Last updated on 2015-08-02 06:47:59.

Flavor Version Tinstall Tcheck Ttotal Status Flags
r-devel-linux-x86_64-debian-clang 1.1 0.86 9.75 10.61 NOTE
r-devel-linux-x86_64-debian-gcc 1.1 0.85 9.56 10.41 NOTE
r-devel-linux-x86_64-fedora-clang 1.1 20.28 NOTE
r-devel-linux-x86_64-fedora-gcc 1.1 18.10 NOTE
r-devel-osx-x86_64-clang 1.1 20.79 NOTE
r-devel-windows-ix86+x86_64 1.1 6.00 23.00 29.00 NOTE
r-patched-linux-x86_64 1.1 0.96 10.14 11.10 NOTE
r-patched-solaris-sparc 1.1 141.10 NOTE
r-patched-solaris-x86 1.1 32.20 NOTE
r-release-linux-x86_64 1.1 0.92 10.01 10.94 NOTE
r-release-osx-x86_64-mavericks 1.1 NOTE
r-release-windows-ix86+x86_64 1.1 7.00 21.00 28.00 NOTE
r-oldrel-windows-ix86+x86_64 1.1 9.00 23.00 32.00 OK

Check Details

Version: 1.1
Check: DESCRIPTION meta-information
Result: NOTE
    Malformed Description field: should contain one or more complete sentences.
Flavors: r-devel-linux-x86_64-debian-clang, r-devel-linux-x86_64-debian-gcc, r-devel-linux-x86_64-fedora-clang, r-devel-linux-x86_64-fedora-gcc, r-devel-osx-x86_64-clang, r-devel-windows-ix86+x86_64, r-patched-linux-x86_64, r-patched-solaris-sparc, r-patched-solaris-x86, r-release-linux-x86_64, r-release-osx-x86_64-mavericks, r-release-windows-ix86+x86_64

Version: 1.1
Check: R code for possible problems
Result: NOTE
    image.kriging: no visible global function definition for ‘heat.colors’
    image.kriging: no visible global function definition for ‘image’
    kriging: no visible global function definition for ‘lm’
    plot.kriging: no visible global function definition for ‘plot’
    plot.kriging: no visible global function definition for ‘curve’
    Undefined global functions or variables:
     curve heat.colors image lm plot
    Consider adding
     importFrom("grDevices", "heat.colors")
     importFrom("graphics", "curve", "image", "plot")
     importFrom("stats", "lm")
    to your NAMESPACE.
Flavors: r-devel-linux-x86_64-debian-clang, r-devel-linux-x86_64-debian-gcc, r-devel-linux-x86_64-fedora-clang, r-devel-linux-x86_64-fedora-gcc, r-devel-windows-ix86+x86_64