CRAN Package Check Results for Package kriging

Last updated on 2014-08-28 03:49:06.

Flavor Version Tinstall Tcheck Ttotal Status Flags
r-devel-linux-x86_64-debian-clang 1.0.1 0.77 9.30 10.07 NOTE
r-devel-linux-x86_64-debian-gcc 1.0.1 0.82 9.44 10.26 NOTE
r-devel-linux-x86_64-fedora-clang 1.0.1 21.02 NOTE
r-devel-linux-x86_64-fedora-gcc 1.0.1 19.39 NOTE
r-devel-osx-x86_64-clang 1.0.1 22.61 NOTE
r-devel-windows-ix86+x86_64 1.0.1 5.00 22.00 27.00 NOTE
r-patched-linux-x86_64 1.0.1 0.85 9.95 10.80 NOTE
r-patched-solaris-sparc 1.0.1 137.60 NOTE
r-patched-solaris-x86 1.0.1 32.30 NOTE
r-release-linux-ix86 1.0.1 1.40 15.87 17.27 NOTE
r-release-linux-x86_64 1.0.1 0.88 9.85 10.73 NOTE
r-release-osx-x86_64-mavericks 1.0.1 NOTE
r-release-windows-ix86+x86_64 1.0.1 7.00 23.00 30.00 NOTE
r-oldrel-windows-ix86+x86_64 1.0.1 6.00 21.00 27.00 NOTE

Check Details

Version: 1.0.1
Check: Rd files
Result: NOTE
    prepare_Rd: image.kriging.Rd:18-20: Dropping empty section \references
    prepare_Rd: plot.kriging.Rd:17-19: Dropping empty section \references
Flavors: r-devel-linux-x86_64-debian-clang, r-devel-linux-x86_64-debian-gcc, r-devel-linux-x86_64-fedora-clang, r-devel-linux-x86_64-fedora-gcc, r-devel-osx-x86_64-clang, r-devel-windows-ix86+x86_64, r-patched-linux-x86_64, r-patched-solaris-sparc, r-patched-solaris-x86, r-release-linux-ix86, r-release-linux-x86_64, r-release-osx-x86_64-mavericks, r-release-windows-ix86+x86_64, r-oldrel-windows-ix86+x86_64