CRAN Package Check Results for Package kriging

Last updated on 2017-03-22 23:53:19.

Flavor Version Tinstall Tcheck Ttotal Status Flags
r-devel-linux-x86_64-debian-clang 1.1 1.20 11.79 12.99 NOTE
r-devel-linux-x86_64-debian-gcc 1.1 1.10 11.69 12.79 NOTE
r-devel-linux-x86_64-fedora-clang 1.1 24.40 NOTE --no-stop-on-test-error
r-devel-linux-x86_64-fedora-gcc 1.1 20.24 NOTE --no-stop-on-test-error
r-devel-macos-x86_64-clang 1.1 17.96 NOTE --no-stop-on-test-error
r-devel-windows-ix86+x86_64 1.1 6.00 32.00 38.00 NOTE
r-patched-linux-x86_64 1.1 0.95 10.16 11.11 NOTE
r-patched-solaris-sparc 1.1 146.40 NOTE
r-patched-solaris-x86 1.1 32.60 NOTE
r-release-linux-x86_64 1.1 0.93 10.16 11.09 NOTE
r-release-osx-x86_64-mavericks 1.1 NOTE
r-release-windows-ix86+x86_64 1.1 15.00 30.00 45.00 NOTE
r-oldrel-windows-ix86+x86_64 1.1 11.00 35.00 46.00 NOTE

Check Details

Version: 1.1
Check: DESCRIPTION meta-information
Result: NOTE
    Malformed Description field: should contain one or more complete sentences.
Flavors: r-devel-linux-x86_64-debian-clang, r-devel-linux-x86_64-debian-gcc, r-devel-windows-ix86+x86_64, r-patched-linux-x86_64, r-patched-solaris-sparc, r-patched-solaris-x86, r-release-linux-x86_64, r-release-osx-x86_64-mavericks, r-release-windows-ix86+x86_64, r-oldrel-windows-ix86+x86_64

Version: 1.1
Check: R code for possible problems
Result: NOTE
    image.kriging: no visible global function definition for ‘heat.colors’
    image.kriging: no visible global function definition for ‘image’
    kriging: no visible global function definition for ‘lm’
    plot.kriging: no visible global function definition for ‘plot’
    plot.kriging: no visible global function definition for ‘curve’
    Undefined global functions or variables:
     curve heat.colors image lm plot
    Consider adding
     importFrom("grDevices", "heat.colors")
     importFrom("graphics", "curve", "image", "plot")
     importFrom("stats", "lm")
    to your NAMESPACE file.
Flavors: r-devel-linux-x86_64-debian-clang, r-devel-linux-x86_64-debian-gcc, r-devel-windows-ix86+x86_64, r-patched-linux-x86_64, r-patched-solaris-sparc, r-patched-solaris-x86, r-release-linux-x86_64, r-release-osx-x86_64-mavericks, r-release-windows-ix86+x86_64

Version: 1.1
Check: compiled code
Result: NOTE
    File ‘kriging/libs/kriging.so’:
     Found no calls to: ‘R_registerRoutines’, ‘R_useDynamicSymbols’
    
    It is good practice to register native routines and to disable symbol
    search.
    
    See ‘Writing portable packages’ in the ‘Writing R Extensions’ manual.
Flavors: r-devel-linux-x86_64-debian-clang, r-devel-linux-x86_64-debian-gcc

Version: 1.1
Flags: --no-stop-on-test-error
Check: DESCRIPTION meta-information
Result: NOTE
    Malformed Description field: should contain one or more complete sentences.
Flavors: r-devel-linux-x86_64-fedora-clang, r-devel-linux-x86_64-fedora-gcc, r-devel-macos-x86_64-clang

Version: 1.1
Flags: --no-stop-on-test-error
Check: R code for possible problems
Result: NOTE
    image.kriging: no visible global function definition for ‘heat.colors’
    image.kriging: no visible global function definition for ‘image’
    kriging: no visible global function definition for ‘lm’
    plot.kriging: no visible global function definition for ‘plot’
    plot.kriging: no visible global function definition for ‘curve’
    Undefined global functions or variables:
     curve heat.colors image lm plot
    Consider adding
     importFrom("grDevices", "heat.colors")
     importFrom("graphics", "curve", "image", "plot")
     importFrom("stats", "lm")
    to your NAMESPACE file.
Flavors: r-devel-linux-x86_64-fedora-clang, r-devel-linux-x86_64-fedora-gcc, r-devel-macos-x86_64-clang

Version: 1.1
Flags: --no-stop-on-test-error
Check: compiled code
Result: NOTE
    File ‘kriging/libs/kriging.so’:
     Found no calls to: ‘R_registerRoutines’, ‘R_useDynamicSymbols’
    
    It is good practice to register native routines and to disable symbol
    search.
    
    See ‘Writing portable packages’ in the ‘Writing R Extensions’ manual.
Flavors: r-devel-linux-x86_64-fedora-clang, r-devel-linux-x86_64-fedora-gcc, r-devel-macos-x86_64-clang