CRAN Package Check Results for Package kriging

Last updated on 2015-04-28 17:46:54.

Flavor Version Tinstall Tcheck Ttotal Status Flags
r-devel-linux-x86_64-debian-clang 1.1 0.88 10.31 11.19 NOTE
r-devel-linux-x86_64-debian-gcc 1.1 0.97 9.75 10.72 NOTE
r-devel-linux-x86_64-fedora-clang 1.1 21.44 NOTE
r-devel-linux-x86_64-fedora-gcc 1.1 19.64 NOTE
r-devel-osx-x86_64-clang 1.1 25.73 NOTE
r-devel-windows-ix86+x86_64 1.1 6.00 22.00 28.00 NOTE
r-patched-linux-x86_64 1.1 0.88 9.74 10.62 NOTE
r-patched-solaris-sparc 1.1 163.20 NOTE
r-patched-solaris-x86 1.1 31.70 NOTE
r-release-linux-x86_64 1.1 0.94 9.80 10.73 NOTE
r-release-osx-x86_64-mavericks 1.1 NOTE
r-release-osx-x86_64-snowleopard 1.1 NOTE
r-release-windows-ix86+x86_64 1.1 4.00 23.00 27.00 NOTE
r-oldrel-windows-ix86+x86_64 1.1 8.00 24.00 32.00 OK

Check Details

Version: 1.1
Check: DESCRIPTION meta-information
Result: NOTE
    Malformed Description field: should contain one or more complete sentences.
Flavors: r-devel-linux-x86_64-debian-clang, r-devel-linux-x86_64-debian-gcc, r-devel-linux-x86_64-fedora-clang, r-devel-linux-x86_64-fedora-gcc, r-devel-osx-x86_64-clang, r-devel-windows-ix86+x86_64, r-patched-linux-x86_64, r-patched-solaris-sparc, r-patched-solaris-x86, r-release-linux-x86_64, r-release-osx-x86_64-mavericks, r-release-osx-x86_64-snowleopard, r-release-windows-ix86+x86_64