CRAN Package Check Results for Package kriging

Last updated on 2015-06-29 23:46:56.

Flavor Version Tinstall Tcheck Ttotal Status Flags
r-devel-linux-x86_64-debian-clang 1.1 0.83 9.60 10.42 NOTE
r-devel-linux-x86_64-debian-gcc 1.1 0.86 9.54 10.40 NOTE
r-devel-linux-x86_64-fedora-clang 1.1 19.82 NOTE
r-devel-linux-x86_64-fedora-gcc 1.1 18.42 NOTE
r-devel-osx-x86_64-clang 1.1 22.22 NOTE
r-devel-windows-ix86+x86_64 1.1 6.00 32.00 38.00 NOTE
r-patched-linux-x86_64 1.1 0.92 9.71 10.62 NOTE
r-patched-solaris-sparc 1.1 146.60 NOTE
r-patched-solaris-x86 1.1 31.40 NOTE
r-release-linux-x86_64 1.1 0.88 9.88 10.76 NOTE
r-release-osx-x86_64-mavericks 1.1 NOTE
r-release-windows-ix86+x86_64 1.1 4.00 23.00 27.00 NOTE
r-oldrel-windows-ix86+x86_64 1.1 8.00 24.00 32.00 OK

Check Details

Version: 1.1
Check: DESCRIPTION meta-information
Result: NOTE
    Malformed Description field: should contain one or more complete sentences.
Flavors: r-devel-linux-x86_64-debian-clang, r-devel-linux-x86_64-debian-gcc, r-devel-linux-x86_64-fedora-clang, r-devel-linux-x86_64-fedora-gcc, r-devel-osx-x86_64-clang, r-devel-windows-ix86+x86_64, r-patched-linux-x86_64, r-patched-solaris-sparc, r-patched-solaris-x86, r-release-linux-x86_64, r-release-osx-x86_64-mavericks, r-release-windows-ix86+x86_64

Version: 1.1
Check: R code for possible problems
Result: NOTE
    image.kriging: no visible global function definition for ‘heat.colors’
    image.kriging: no visible global function definition for ‘image’
    kriging: no visible global function definition for ‘lm’
    plot.kriging: no visible global function definition for ‘plot’
    plot.kriging: no visible global function definition for ‘curve’
Flavors: r-devel-linux-x86_64-debian-clang, r-devel-linux-x86_64-debian-gcc