CRAN Package Check Results for Package kriging

Last updated on 2018-05-22 13:46:35 CEST.

Flavor Version Tinstall Tcheck Ttotal Status Flags
r-devel-linux-x86_64-debian-clang 1.1 1.88 18.88 20.76 NOTE
r-devel-linux-x86_64-debian-gcc 1.1 1.33 15.18 16.51 NOTE
r-devel-linux-x86_64-fedora-clang 1.1 25.05 NOTE
r-devel-linux-x86_64-fedora-gcc 1.1 24.35 NOTE
r-devel-windows-ix86+x86_64 1.1 9.00 38.00 47.00 NOTE
r-patched-linux-x86_64 1.1 1.63 18.06 19.69 NOTE
r-patched-solaris-x86 1.1 38.30 NOTE
r-release-linux-x86_64 1.1 1.75 18.16 19.91 NOTE
r-release-windows-ix86+x86_64 1.1 6.00 45.00 51.00 NOTE
r-release-osx-x86_64 1.1 NOTE
r-oldrel-windows-ix86+x86_64 1.1 6.00 49.00 55.00 NOTE
r-oldrel-osx-x86_64 1.1 NOTE

Check Details

Version: 1.1
Check: DESCRIPTION meta-information
Result: NOTE
    Malformed Description field: should contain one or more complete sentences.
Flavors: r-devel-linux-x86_64-debian-clang, r-devel-linux-x86_64-debian-gcc, r-devel-linux-x86_64-fedora-clang, r-devel-linux-x86_64-fedora-gcc, r-devel-windows-ix86+x86_64, r-patched-linux-x86_64, r-patched-solaris-x86, r-release-linux-x86_64, r-release-windows-ix86+x86_64, r-release-osx-x86_64, r-oldrel-windows-ix86+x86_64, r-oldrel-osx-x86_64

Version: 1.1
Check: R code for possible problems
Result: NOTE
    image.kriging: no visible global function definition for ‘heat.colors’
    image.kriging: no visible global function definition for ‘image’
    kriging: no visible global function definition for ‘lm’
    plot.kriging: no visible global function definition for ‘plot’
    plot.kriging: no visible global function definition for ‘curve’
    Undefined global functions or variables:
     curve heat.colors image lm plot
    Consider adding
     importFrom("grDevices", "heat.colors")
     importFrom("graphics", "curve", "image", "plot")
     importFrom("stats", "lm")
    to your NAMESPACE file.
Flavors: r-devel-linux-x86_64-debian-clang, r-devel-linux-x86_64-debian-gcc, r-devel-linux-x86_64-fedora-clang, r-devel-linux-x86_64-fedora-gcc, r-devel-windows-ix86+x86_64, r-patched-linux-x86_64, r-patched-solaris-x86, r-release-linux-x86_64, r-release-windows-ix86+x86_64, r-release-osx-x86_64, r-oldrel-windows-ix86+x86_64, r-oldrel-osx-x86_64

Version: 1.1
Check: compiled code
Result: NOTE
    File ‘kriging/libs/kriging.so’:
     Found no calls to: ‘R_registerRoutines’, ‘R_useDynamicSymbols’
    
    It is good practice to register native routines and to disable symbol
    search.
    
    See ‘Writing portable packages’ in the ‘Writing R Extensions’ manual.
Flavors: r-devel-linux-x86_64-debian-clang, r-devel-linux-x86_64-debian-gcc, r-devel-linux-x86_64-fedora-clang, r-devel-linux-x86_64-fedora-gcc, r-patched-linux-x86_64, r-release-linux-x86_64