CRAN Package Check Results for Package kriging

Last updated on 2014-10-21 21:46:52.

Flavor Version Tinstall Tcheck Ttotal Status Flags
r-devel-linux-x86_64-debian-clang 1.0.1 0.97 10.09 11.06 NOTE
r-devel-linux-x86_64-debian-gcc 1.0.1 0.92 10.20 11.12 NOTE
r-devel-linux-x86_64-fedora-clang 1.0.1 22.70 NOTE
r-devel-linux-x86_64-fedora-gcc 1.0.1 20.59 NOTE
r-devel-osx-x86_64-clang 1.0.1 24.79 NOTE
r-devel-windows-ix86+x86_64 1.0.1 5.00 21.00 26.00 NOTE
r-patched-linux-x86_64 1.0.1 0.94 10.37 11.31 NOTE
r-patched-solaris-sparc 1.0.1 137.60 NOTE
r-patched-solaris-x86 1.0.1 32.20 NOTE
r-release-linux-ix86 1.0.1 1.36 16.04 17.39 NOTE
r-release-linux-x86_64 1.0.1 0.92 10.18 11.09 NOTE
r-release-osx-x86_64-mavericks 1.0.1 NOTE
r-release-windows-ix86+x86_64 1.0.1 4.00 21.00 25.00 NOTE
r-oldrel-windows-ix86+x86_64 1.0.1 5.00 22.00 27.00 NOTE

Check Details

Version: 1.0.1
Check: Rd files
Result: NOTE
    prepare_Rd: image.kriging.Rd:18-20: Dropping empty section \references
    prepare_Rd: plot.kriging.Rd:17-19: Dropping empty section \references
Flavors: r-devel-linux-x86_64-debian-clang, r-devel-linux-x86_64-debian-gcc, r-devel-linux-x86_64-fedora-clang, r-devel-linux-x86_64-fedora-gcc, r-devel-osx-x86_64-clang, r-devel-windows-ix86+x86_64, r-patched-linux-x86_64, r-patched-solaris-sparc, r-patched-solaris-x86, r-release-linux-ix86, r-release-linux-x86_64, r-release-osx-x86_64-mavericks, r-release-windows-ix86+x86_64, r-oldrel-windows-ix86+x86_64