CRAN Package Check Results for Package kriging

Last updated on 2016-02-07 15:46:46.

Flavor Version Tinstall Tcheck Ttotal Status Flags
r-devel-linux-x86_64-debian-gcc 1.1 0.95 9.01 9.95 NOTE
r-devel-linux-x86_64-fedora-clang 1.1 18.38 NOTE
r-devel-linux-x86_64-fedora-gcc 1.1 16.84 NOTE
r-devel-osx-x86_64-clang 1.1 22.03 NOTE
r-devel-windows-ix86+x86_64 1.1 8.00 25.00 33.00 NOTE
r-patched-linux-x86_64 1.1 0.96 9.59 10.56 NOTE
r-patched-solaris-sparc 1.1 133.20 NOTE
r-patched-solaris-x86 1.1 27.10 NOTE
r-release-linux-x86_64 1.1 0.99 9.63 10.62 NOTE
r-release-osx-x86_64-mavericks 1.1 NOTE
r-release-windows-ix86+x86_64 1.1 5.00 21.00 26.00 NOTE
r-oldrel-windows-ix86+x86_64 1.1 7.00 24.00 31.00 OK

Check Details

Version: 1.1
Check: DESCRIPTION meta-information
Result: NOTE
    Malformed Description field: should contain one or more complete sentences.
Flavors: r-devel-linux-x86_64-debian-gcc, r-devel-linux-x86_64-fedora-clang, r-devel-linux-x86_64-fedora-gcc, r-devel-osx-x86_64-clang, r-devel-windows-ix86+x86_64, r-patched-linux-x86_64, r-patched-solaris-sparc, r-patched-solaris-x86, r-release-linux-x86_64, r-release-osx-x86_64-mavericks, r-release-windows-ix86+x86_64

Version: 1.1
Check: R code for possible problems
Result: NOTE
    image.kriging: no visible global function definition for ‘heat.colors’
    image.kriging: no visible global function definition for ‘image’
    kriging: no visible global function definition for ‘lm’
    plot.kriging: no visible global function definition for ‘plot’
    plot.kriging: no visible global function definition for ‘curve’
    Undefined global functions or variables:
     curve heat.colors image lm plot
    Consider adding
     importFrom("grDevices", "heat.colors")
     importFrom("graphics", "curve", "image", "plot")
     importFrom("stats", "lm")
    to your NAMESPACE file.
Flavors: r-devel-linux-x86_64-debian-gcc, r-devel-linux-x86_64-fedora-clang, r-devel-linux-x86_64-fedora-gcc, r-devel-osx-x86_64-clang, r-devel-windows-ix86+x86_64