CRAN Package Check Results for Package kriging

Last updated on 2015-03-31 03:48:33.

Flavor Version Tinstall Tcheck Ttotal Status Flags
r-devel-linux-x86_64-debian-clang 1.1 0.87 9.91 10.78 NOTE
r-devel-linux-x86_64-debian-gcc 1.1 0.90 10.02 10.92 NOTE
r-devel-linux-x86_64-fedora-clang 1.1 21.70 NOTE
r-devel-linux-x86_64-fedora-gcc 1.1 21.93 NOTE
r-devel-osx-x86_64-clang 1.1 29.12 NOTE
r-prerel-windows-ix86+x86_64 1.1 8.00 22.00 30.00 NOTE
r-prerel-linux-x86_64 1.1 0.88 10.03 10.90 NOTE
r-prerel-solaris-sparc 1.1 163.20 NOTE
r-prerel-solaris-x86 1.1 31.20 NOTE
r-release-linux-x86_64 1.1 0.97 10.87 11.84 OK
r-release-osx-x86_64-mavericks 1.1 OK
r-release-osx-x86_64-snowleopard 1.1 OK
r-release-windows-ix86+x86_64 1.1 8.00 24.00 32.00 OK
r-oldrel-windows-ix86+x86_64 1.1 5.00 26.00 31.00 OK

Check Details

Version: 1.1
Check: DESCRIPTION meta-information
Result: NOTE
    Malformed Description field: should contain one or more complete sentences.
Flavors: r-devel-linux-x86_64-debian-clang, r-devel-linux-x86_64-debian-gcc, r-devel-linux-x86_64-fedora-clang, r-devel-linux-x86_64-fedora-gcc, r-devel-osx-x86_64-clang, r-prerel-windows-ix86+x86_64, r-prerel-linux-x86_64, r-prerel-solaris-sparc, r-prerel-solaris-x86