CRAN Package Check Results for Package krm

Last updated on 2017-11-20 00:54:17.

Flavor Version Tinstall Tcheck Ttotal Status Flags
r-devel-linux-x86_64-debian-clang 2016.7-9 4.64 22.55 27.19 NOTE
r-devel-linux-x86_64-debian-gcc 2016.7-9 5.19 42.98 48.18 NOTE
r-devel-linux-x86_64-fedora-clang 2016.7-9 51.58 NOTE
r-devel-linux-x86_64-fedora-gcc 2016.7-9 50.57 NOTE
r-devel-windows-ix86+x86_64 2016.7-9 34.00 73.00 107.00 OK
r-patched-linux-x86_64 2016.7-9 4.25 23.23 27.48 NOTE
r-patched-solaris-x86 2016.7-9 71.00 OK
r-release-linux-x86_64 2016.7-9 4.46 23.11 27.57 NOTE
r-release-windows-ix86+x86_64 2016.7-9 20.00 91.00 111.00 OK
r-release-osx-x86_64 2016.7-9 OK
r-oldrel-windows-ix86+x86_64 2016.7-9 21.00 89.00 110.00 OK
r-oldrel-osx-x86_64 2016.7-9 OK

Check Details

Version: 2016.7-9
Check: compiled code
Result: NOTE
    File ‘krm/libs/krm.so’:
     Found no calls to: ‘R_registerRoutines’, ‘R_useDynamicSymbols’
    
    It is good practice to register native routines and to disable symbol
    search.
    
    See ‘Writing portable packages’ in the ‘Writing R Extensions’ manual.
Flavors: r-devel-linux-x86_64-debian-clang, r-devel-linux-x86_64-debian-gcc, r-devel-linux-x86_64-fedora-clang, r-devel-linux-x86_64-fedora-gcc, r-patched-linux-x86_64, r-release-linux-x86_64