CRAN Package Check Results for Package krm

Last updated on 2017-09-24 11:48:12.

Flavor Version Tinstall Tcheck Ttotal Status Flags
r-devel-linux-x86_64-debian-clang 2016.7-9 5.79 23.58 29.36 NOTE
r-devel-linux-x86_64-debian-gcc 2016.7-9 4.38 22.69 27.06 NOTE
r-devel-linux-x86_64-fedora-clang 2016.7-9 56.61 NOTE
r-devel-linux-x86_64-fedora-gcc 2016.7-9 48.82 NOTE
r-devel-windows-ix86+x86_64 2016.7-9 31.00 69.00 100.00 OK
r-patched-linux-x86_64 2016.7-9 4.32 23.09 27.40 NOTE
r-patched-solaris-x86 2016.7-9 75.20 OK
r-release-linux-x86_64 2016.7-9 4.24 22.65 26.89 NOTE
r-release-windows-ix86+x86_64 2016.7-9 19.00 73.00 92.00 OK
r-release-osx-x86_64 2016.7-9 OK
r-oldrel-windows-ix86+x86_64 2016.7-9 18.00 68.00 86.00 OK
r-oldrel-osx-x86_64 2016.7-9 OK

Check Details

Version: 2016.7-9
Check: compiled code
Result: NOTE
    File ‘krm/libs/krm.so’:
     Found no calls to: ‘R_registerRoutines’, ‘R_useDynamicSymbols’
    
    It is good practice to register native routines and to disable symbol
    search.
    
    See ‘Writing portable packages’ in the ‘Writing R Extensions’ manual.
Flavors: r-devel-linux-x86_64-debian-clang, r-devel-linux-x86_64-debian-gcc, r-devel-linux-x86_64-fedora-clang, r-devel-linux-x86_64-fedora-gcc, r-patched-linux-x86_64, r-release-linux-x86_64