CRAN Package Check Results for Package krm

Last updated on 2016-09-25 11:47:12.

Flavor Version Tinstall Tcheck Ttotal Status Flags
r-devel-linux-x86_64-debian-clang 2016.7-9 4.62 23.78 28.40 OK
r-devel-linux-x86_64-debian-gcc 2016.7-9 4.38 23.72 28.10 OK
r-devel-linux-x86_64-fedora-clang 2016.7-9 52.45 OK
r-devel-linux-x86_64-fedora-gcc 2016.7-9 45.93 OK
r-devel-macos-x86_64-clang 2016.7-9 37.61 OK
r-devel-windows-ix86+x86_64 2016.7-9 30.00 77.00 107.00 OK
r-patched-linux-x86_64 2016.7-9 3.80 23.72 27.53 OK
r-patched-solaris-sparc 2016.7-9 283.10 OK
r-patched-solaris-x86 2016.7-9 59.20 OK
r-release-linux-x86_64 2016.7-9 3.71 23.86 27.57 OK
r-release-osx-x86_64-mavericks 2016.7-9 OK
r-release-windows-ix86+x86_64 2016.7-9 19.00 64.00 83.00 OK
r-oldrel-windows-ix86+x86_64 2016.7-9 29.00 79.00 108.00 NOTE

Check Details

Version: 2016.7-9
Check: R code for possible problems
Result: NOTE
    readSelexFile: no visible global function definition for 'startsWith'
Flavor: r-oldrel-windows-ix86+x86_64