CRAN Package Check Results for Package krm

Last updated on 2014-04-24 15:50:40.

Flavor Version Tinstall Tcheck Ttotal Status Flags
r-devel-linux-x86_64-debian-clang 13.11-03 3.20 26.20 29.40 NOTE
r-devel-linux-x86_64-debian-gcc 13.11-03 3.83 26.36 30.19 NOTE
r-devel-linux-x86_64-fedora-clang 13.11-03 59.67 NOTE
r-devel-linux-x86_64-fedora-gcc 13.11-03 55.02 NOTE
r-devel-osx-x86_64-clang 13.11-03 46.72 NOTE
r-devel-osx-x86_64-gcc 13.11-03 NOTE
r-devel-windows-ix86+x86_64 13.11-03 18.00 57.00 75.00 NOTE
r-patched-linux-x86_64 13.11-03 3.87 25.96 29.83 NOTE
r-patched-solaris-sparc 13.11-03 341.60 NOTE
r-patched-solaris-x86 13.11-03 75.50 NOTE
r-release-linux-ix86 13.11-03 6.00 45.00 51.00 NOTE
r-release-linux-x86_64 13.11-03 3.87 26.03 29.90 NOTE
r-release-osx-x86_64-mavericks 13.11-03 WARN
r-release-osx-x86_64-snowleopard 13.11-03 OK
r-release-windows-ix86+x86_64 13.11-03 19.00 56.00 75.00 NOTE
r-oldrel-windows-ix86+x86_64 13.11-03 18.00 65.00 83.00 OK

Check Details

Version: 13.11-03
Check: foreign function calls
Result: NOTE
    Call with DUP = FALSE:
     .C("dxd", n, d1, x, d2, dxd = x * 0, DUP = FALSE, NAOK = FALSE)
    DUP = FALSE is deprecated and may be disabled in future versions of R.
Flavors: r-devel-linux-x86_64-debian-clang, r-devel-linux-x86_64-debian-gcc, r-devel-linux-x86_64-fedora-clang, r-devel-linux-x86_64-fedora-gcc, r-devel-osx-x86_64-clang, r-devel-osx-x86_64-gcc, r-devel-windows-ix86+x86_64, r-patched-linux-x86_64, r-patched-solaris-x86, r-release-linux-ix86, r-release-linux-x86_64, r-release-osx-x86_64-mavericks, r-release-windows-ix86+x86_64

Version: 13.11-03
Check: foreign function calls
Result: NOTE
    Call with DUP = FALSE:
     .C("dxd", n, d1, x, d2, dxd = x * 0, DUP = FALSE, NAOK = FALSE)
    See the chapter ‘System and foreign language interfaces’ of the
    ‘Writing R Extensions’ manual.
Flavor: r-patched-solaris-sparc

Version: 13.11-03
Check: PDF version of manual
Result: WARNING
    LaTeX errors when creating PDF version.
    This typically indicates Rd problems.
    LaTeX errors found:
    ! LaTeX Error: File `upquote.sty' not found.
    
    Type X to quit or <RETURN> to proceed,
    or enter new name. (Default extension: sty)
    
    26cd521/Rd2.tex:8: ==> Fatal error occurred, no output PDF file produced!
Flavor: r-release-osx-x86_64-mavericks