CRAN Package Check Results for Package krm

Last updated on 2017-02-24 11:48:18.

Flavor Version Tinstall Tcheck Ttotal Status Flags
r-devel-linux-x86_64-debian-clang 2016.7-9 4.59 22.92 27.51 NOTE
r-devel-linux-x86_64-debian-gcc 2016.7-9 4.35 22.48 26.83 NOTE
r-devel-linux-x86_64-fedora-clang 2016.7-9 58.39 NOTE --no-stop-on-test-error
r-devel-linux-x86_64-fedora-gcc 2016.7-9 51.69 NOTE --no-stop-on-test-error
r-devel-macos-x86_64-clang 2016.7-9 41.98 NOTE --no-stop-on-test-error
r-devel-windows-ix86+x86_64 2016.7-9 45.00 88.00 133.00 OK
r-patched-linux-x86_64 2016.7-9 3.69 20.09 23.78 OK
r-patched-solaris-sparc 2016.7-9 288.30 OK
r-patched-solaris-x86 2016.7-9 61.70 OK
r-release-linux-x86_64 2016.7-9 3.91 20.01 23.92 OK
r-release-osx-x86_64-mavericks 2016.7-9 OK
r-release-windows-ix86+x86_64 2016.7-9 49.00 81.00 130.00 OK
r-oldrel-windows-ix86+x86_64 2016.7-9 44.00 79.00 123.00 NOTE

Check Details

Version: 2016.7-9
Check: compiled code
Result: NOTE
    File ‘krm/libs/krm.so’:
     Found no calls to: ‘R_registerRoutines’, ‘R_useDynamicSymbols’
    
    It is good practice to register native routines and to disable symbol
    search.
    
    See ‘Writing portable packages’ in the ‘Writing R Extensions’ manual.
Flavors: r-devel-linux-x86_64-debian-clang, r-devel-linux-x86_64-debian-gcc

Version: 2016.7-9
Flags: --no-stop-on-test-error
Check: compiled code
Result: NOTE
    File ‘krm/libs/krm.so’:
     Found no calls to: ‘R_registerRoutines’, ‘R_useDynamicSymbols’
    
    It is good practice to register native routines and to disable symbol
    search.
    
    See ‘Writing portable packages’ in the ‘Writing R Extensions’ manual.
Flavors: r-devel-linux-x86_64-fedora-clang, r-devel-linux-x86_64-fedora-gcc, r-devel-macos-x86_64-clang

Version: 2016.7-9
Check: R code for possible problems
Result: NOTE
    readSelexFile: no visible global function definition for 'startsWith'
Flavor: r-oldrel-windows-ix86+x86_64