CRAN Package Check Results for Package krm

Last updated on 2016-07-24 15:46:44.

Flavor Version Tinstall Tcheck Ttotal Status Flags
r-devel-linux-x86_64-debian-clang 2016.7-9 6.44 27.23 33.67 OK
r-devel-linux-x86_64-debian-gcc 2016.7-9 6.06 26.19 32.25 OK
r-devel-linux-x86_64-fedora-clang 2016.7-9 49.60 OK
r-devel-linux-x86_64-fedora-gcc 2016.7-9 42.03 OK
r-devel-osx-x86_64-clang 2016.7-9 38.04 OK
r-devel-windows-ix86+x86_64 2016.7-9 18.00 58.00 76.00 OK
r-patched-linux-x86_64 2016.7-9 4.74 25.65 30.39 OK
r-patched-solaris-sparc 2016.7-9 283.10 OK
r-patched-solaris-x86 2016.7-9 59.00 OK
r-release-linux-x86_64 2016.7-9 4.30 26.59 30.89 OK
r-release-osx-x86_64-mavericks 2016.7-9 OK
r-release-windows-ix86+x86_64 2016.7-9 18.00 60.00 78.00 OK
r-oldrel-windows-ix86+x86_64 2016.7-9 29.00 69.00 98.00 NOTE

Check Details

Version: 2016.7-9
Check: R code for possible problems
Result: NOTE
    readSelexFile: no visible global function definition for 'startsWith'
Flavor: r-oldrel-windows-ix86+x86_64