CRAN Package Check Results for Package krm

Last updated on 2014-09-17 08:49:20.

Flavor Version Tinstall Tcheck Ttotal Status Flags
r-devel-linux-x86_64-debian-clang 13.11-03 3.27 24.51 27.78 NOTE
r-devel-linux-x86_64-debian-gcc 13.11-03 3.76 24.22 27.99 NOTE
r-devel-linux-x86_64-fedora-clang 13.11-03 61.00 NOTE
r-devel-linux-x86_64-fedora-gcc 13.11-03 53.12 NOTE
r-devel-osx-x86_64-clang 13.11-03 48.48 NOTE
r-devel-windows-ix86+x86_64 13.11-03 20.00 55.00 75.00 NOTE
r-patched-linux-x86_64 13.11-03 3.92 25.00 28.92 NOTE
r-patched-solaris-sparc 13.11-03 350.90 NOTE
r-patched-solaris-x86 13.11-03 73.90 NOTE
r-release-linux-ix86 13.11-03 5.36 34.74 40.10 NOTE
r-release-linux-x86_64 13.11-03 3.88 25.32 29.20 NOTE
r-release-osx-x86_64-mavericks 13.11-03 NOTE
r-release-osx-x86_64-snowleopard 13.11-03 OK
r-release-windows-ix86+x86_64 13.11-03 19.00 59.00 78.00 NOTE
r-oldrel-windows-ix86+x86_64 13.11-03 21.00 59.00 80.00 OK

Check Details

Version: 13.11-03
Check: foreign function calls
Result: NOTE
    Call with DUP:
     .C("dxd", n, d1, x, d2, dxd = x * 0, DUP = FALSE, NAOK = FALSE)
    DUP is no longer supported and will be ignored.
Flavors: r-devel-linux-x86_64-debian-clang, r-devel-linux-x86_64-debian-gcc, r-devel-linux-x86_64-fedora-clang, r-devel-linux-x86_64-fedora-gcc, r-devel-osx-x86_64-clang, r-devel-windows-ix86+x86_64

Version: 13.11-03
Check: R code for possible problems
Result: NOTE
    getSeqKernel: no visible binding for global variable ‘aa.prop.list’
    getSeqKernel: no visible binding for global variable ‘cloud9’
    krm.most : <anonymous> : <anonymous>: no visible global function
     definition for ‘mvrnorm’
    mytex: no visible global function definition for ‘xtable’
    sim.liu.2007: no visible global function definition for ‘mvrnorm’
    sim.liu.2008: no visible global function definition for ‘mvrnorm’
Flavors: r-devel-linux-x86_64-debian-clang, r-devel-linux-x86_64-debian-gcc, r-devel-linux-x86_64-fedora-clang, r-devel-linux-x86_64-fedora-gcc, r-devel-osx-x86_64-clang, r-devel-windows-ix86+x86_64

Version: 13.11-03
Check: foreign function calls
Result: NOTE
    Call with DUP != TRUE:
     .C("dxd", n, d1, x, d2, dxd = x * 0, DUP = FALSE, NAOK = FALSE)
    DUP = FALSE is deprecated and may be disabled in future versions of R.
Flavor: r-patched-linux-x86_64

Version: 13.11-03
Check: foreign function calls
Result: NOTE
    Call with DUP != TRUE:
     .C("dxd", n, d1, x, d2, dxd = x * 0, DUP = FALSE, NAOK = FALSE)
    DUP = FALSE is deprecated and will be disabled in future versions of R.
Flavors: r-patched-solaris-sparc, r-patched-solaris-x86

Version: 13.11-03
Check: foreign function calls
Result: NOTE
    Call with DUP = FALSE:
     .C("dxd", n, d1, x, d2, dxd = x * 0, DUP = FALSE, NAOK = FALSE)
    DUP = FALSE is deprecated and may be disabled in future versions of R.
Flavors: r-release-linux-ix86, r-release-linux-x86_64, r-release-osx-x86_64-mavericks, r-release-windows-ix86+x86_64