CRAN Package Check Results for Package krm

Last updated on 2015-01-31 19:51:26.

Flavor Version Tinstall Tcheck Ttotal Status Flags
r-devel-linux-x86_64-debian-clang 2014.12-1 3.40 19.87 23.26 NOTE
r-devel-linux-x86_64-debian-gcc 2014.12-1 3.88 19.24 23.12 NOTE
r-devel-linux-x86_64-fedora-clang 2014.12-1 53.70 NOTE
r-devel-linux-x86_64-fedora-gcc 2014.12-1 46.43 NOTE
r-devel-osx-x86_64-clang 2014.12-1 45.99 NOTE
r-devel-windows-ix86+x86_64 2014.12-1 27.00 58.00 85.00 NOTE
r-patched-linux-x86_64 2014.12-1 3.92 21.67 25.60 OK
r-patched-solaris-sparc 2014.12-1 296.40 OK
r-patched-solaris-x86 2014.12-1 69.20 OK
r-release-linux-ix86 2014.12-1 5.14 28.88 34.02 OK
r-release-linux-x86_64 2014.12-1 3.95 21.04 24.99 OK
r-release-osx-x86_64-mavericks 2014.12-1 OK
r-release-osx-x86_64-snowleopard 2014.12-1 OK
r-release-windows-ix86+x86_64 2014.12-1 20.00 56.00 76.00 OK
r-oldrel-windows-ix86+x86_64 2014.12-1 20.00 60.00 80.00 NOTE

Check Details

Version: 2014.12-1
Check: dependencies in R code
Result: NOTE
    'library' or 'require' call to ‘MASS’ in package code.
     Please use :: or requireNamespace() instead.
     See section 'Suggested packages' in the 'Writing R Extensions' manual.
Flavors: r-devel-linux-x86_64-debian-clang, r-devel-linux-x86_64-debian-gcc, r-devel-linux-x86_64-fedora-clang, r-devel-linux-x86_64-fedora-gcc, r-devel-osx-x86_64-clang, r-devel-windows-ix86+x86_64

Version: 2014.12-1
Check: dependencies in R code
Result: NOTE
    Missing or unexported objects:
     'krm::aa.prop.list' 'krm::cloud9'
    See the information on DESCRIPTION files in the chapter 'Creating R
    packages' of the 'Writing R Extensions' manual.
Flavor: r-oldrel-windows-ix86+x86_64