CRAN Package Check Results for Package krm

Last updated on 2014-12-19 03:47:36.

Flavor Version Tinstall Tcheck Ttotal Status Flags
r-devel-linux-x86_64-debian-clang 2014.12-1 3.35 25.12 28.47 OK
r-devel-linux-x86_64-debian-gcc 2014.12-1 3.88 20.45 24.32 OK
r-devel-linux-x86_64-fedora-clang 2014.12-1 55.39 OK
r-devel-linux-x86_64-fedora-gcc 2014.12-1 47.57 OK
r-devel-osx-x86_64-clang 2014.12-1 44.91 OK
r-devel-windows-ix86+x86_64 2014.12-1 20.00 57.00 77.00 OK
r-patched-linux-x86_64 2014.12-1 3.94 20.76 24.71 OK
r-patched-solaris-sparc 2014.12-1 280.10 OK
r-patched-solaris-x86 2014.12-1 68.80 OK
r-release-linux-ix86 2014.12-1 5.14 28.15 33.30 OK
r-release-linux-x86_64 2014.12-1 3.91 21.05 24.96 OK
r-release-osx-x86_64-mavericks 2014.12-1 OK
r-release-osx-x86_64-snowleopard 2014.12-1 OK
r-release-windows-ix86+x86_64 2014.12-1 19.00 59.00 78.00 OK
r-oldrel-windows-ix86+x86_64 2014.12-1 19.00 59.00 78.00 NOTE

Check Details

Version: 2014.12-1
Check: dependencies in R code
Result: NOTE
    Missing or unexported objects:
     'krm::aa.prop.list' 'krm::cloud9'
    See the information on DESCRIPTION files in the chapter 'Creating R
    packages' of the 'Writing R Extensions' manual.
Flavor: r-oldrel-windows-ix86+x86_64