CRAN Package Check Results for Package krm

Last updated on 2017-05-28 21:46:57.

Flavor Version Tinstall Tcheck Ttotal Status Flags
r-devel-linux-x86_64-debian-clang 2016.7-9 5.02 23.31 28.33 NOTE
r-devel-linux-x86_64-debian-gcc 2016.7-9 4.52 23.08 27.59 NOTE
r-devel-linux-x86_64-fedora-clang 2016.7-9 59.49 NOTE
r-devel-linux-x86_64-fedora-gcc 2016.7-9 51.63 NOTE
r-devel-windows-ix86+x86_64 2016.7-9 22.00 84.00 106.00 OK
r-patched-linux-x86_64 2016.7-9 4.08 22.86 26.94 NOTE
r-patched-solaris-sparc 2016.7-9 328.70 OK
r-patched-solaris-x86 2016.7-9 73.60 OK
r-release-linux-x86_64 2016.7-9 3.91 23.15 27.06 NOTE
r-release-windows-ix86+x86_64 2016.7-9 31.00 92.00 123.00 OK
r-release-osx-x86_64 2016.7-9 OK
r-oldrel-windows-ix86+x86_64 2016.7-9 40.00 63.00 103.00 OK
r-oldrel-osx-x86_64 2016.7-9 OK

Check Details

Version: 2016.7-9
Check: compiled code
Result: NOTE
    File ‘krm/libs/krm.so’:
     Found no calls to: ‘R_registerRoutines’, ‘R_useDynamicSymbols’
    
    It is good practice to register native routines and to disable symbol
    search.
    
    See ‘Writing portable packages’ in the ‘Writing R Extensions’ manual.
Flavors: r-devel-linux-x86_64-debian-clang, r-devel-linux-x86_64-debian-gcc, r-devel-linux-x86_64-fedora-clang, r-devel-linux-x86_64-fedora-gcc, r-patched-linux-x86_64, r-release-linux-x86_64