CRAN Package Check Results for Package krm

Last updated on 2014-07-22 15:51:52.

Flavor Version Tinstall Tcheck Ttotal Status Flags
r-devel-linux-x86_64-debian-clang 13.11-03 3.04 24.83 27.88 NOTE
r-devel-linux-x86_64-debian-gcc 13.11-03 3.81 24.97 28.78 NOTE
r-devel-linux-x86_64-fedora-clang 13.11-03 63.83 NOTE
r-devel-linux-x86_64-fedora-gcc 13.11-03 55.64 NOTE
r-devel-osx-x86_64-clang 13.11-03 50.65 NOTE
r-devel-windows-ix86+x86_64 13.11-03 19.00 57.00 76.00 NOTE
r-patched-linux-x86_64 13.11-03 3.84 26.15 29.99 NOTE
r-patched-solaris-sparc 13.11-03 341.60 NOTE
r-patched-solaris-x86 13.11-03 75.60 NOTE
r-release-linux-ix86 13.11-03 5.26 34.04 39.31 NOTE
r-release-linux-x86_64 13.11-03 3.84 26.36 30.20 NOTE
r-release-osx-x86_64-mavericks 13.11-03 NOTE
r-release-osx-x86_64-snowleopard 13.11-03 OK
r-release-windows-ix86+x86_64 13.11-03 19.00 58.00 77.00 NOTE
r-oldrel-windows-ix86+x86_64 13.11-03 21.00 57.00 78.00 OK

Check Details

Version: 13.11-03
Check: foreign function calls
Result: NOTE
    Call with DUP = FALSE:
     .C("dxd", n, d1, x, d2, dxd = x * 0, DUP = FALSE, NAOK = FALSE)
    DUP = FALSE is deprecated and may be disabled in future versions of R.
Flavors: r-devel-linux-x86_64-debian-clang, r-devel-linux-x86_64-debian-gcc, r-devel-linux-x86_64-fedora-clang, r-devel-linux-x86_64-fedora-gcc, r-devel-osx-x86_64-clang, r-devel-windows-ix86+x86_64, r-patched-linux-x86_64, r-patched-solaris-x86, r-release-linux-ix86, r-release-linux-x86_64, r-release-osx-x86_64-mavericks, r-release-windows-ix86+x86_64

Version: 13.11-03
Check: foreign function calls
Result: NOTE
    Call with DUP = FALSE:
     .C("dxd", n, d1, x, d2, dxd = x * 0, DUP = FALSE, NAOK = FALSE)
    See the chapter ‘System and foreign language interfaces’ of the
    ‘Writing R Extensions’ manual.
Flavor: r-patched-solaris-sparc