CRAN Package Check Results for Package krm

Last updated on 2017-03-31 01:49:08.

Flavor Version Tinstall Tcheck Ttotal Status Flags
r-devel-linux-x86_64-debian-clang 2016.7-9 4.98 23.41 28.39 NOTE
r-devel-linux-x86_64-debian-gcc 2016.7-9 4.27 22.80 27.06 NOTE
r-devel-linux-x86_64-fedora-clang 2016.7-9 66.71 NOTE --no-stop-on-test-error
r-devel-linux-x86_64-fedora-gcc 2016.7-9 51.39 NOTE --no-stop-on-test-error
r-devel-macos-x86_64-clang 2016.7-9 39.54 NOTE --no-stop-on-test-error
r-devel-windows-ix86+x86_64 2016.7-9 22.00 76.00 98.00 OK
r-patched-linux-x86_64 2016.7-9 3.92 22.73 26.65 NOTE
r-patched-solaris-sparc 2016.7-9 328.70 OK
r-patched-solaris-x86 2016.7-9 72.00 OK
r-release-linux-x86_64 2016.7-9 3.94 20.12 24.06 OK
r-release-osx-x86_64-mavericks 2016.7-9 OK
r-release-windows-ix86+x86_64 2016.7-9 30.00 86.00 116.00 OK
r-oldrel-windows-ix86+x86_64 2016.7-9 28.00 84.00 112.00 NOTE

Check Details

Version: 2016.7-9
Check: compiled code
Result: NOTE
    File ‘krm/libs/krm.so’:
     Found no calls to: ‘R_registerRoutines’, ‘R_useDynamicSymbols’
    
    It is good practice to register native routines and to disable symbol
    search.
    
    See ‘Writing portable packages’ in the ‘Writing R Extensions’ manual.
Flavors: r-devel-linux-x86_64-debian-clang, r-devel-linux-x86_64-debian-gcc, r-patched-linux-x86_64

Version: 2016.7-9
Flags: --no-stop-on-test-error
Check: compiled code
Result: NOTE
    File ‘krm/libs/krm.so’:
     Found no calls to: ‘R_registerRoutines’, ‘R_useDynamicSymbols’
    
    It is good practice to register native routines and to disable symbol
    search.
    
    See ‘Writing portable packages’ in the ‘Writing R Extensions’ manual.
Flavors: r-devel-linux-x86_64-fedora-clang, r-devel-linux-x86_64-fedora-gcc, r-devel-macos-x86_64-clang

Version: 2016.7-9
Check: R code for possible problems
Result: NOTE
    readSelexFile: no visible global function definition for 'startsWith'
Flavor: r-oldrel-windows-ix86+x86_64