CRAN Package Check Results for Package krm

Last updated on 2015-07-05 03:47:30.

Flavor Version Tinstall Tcheck Ttotal Status Flags
r-devel-linux-x86_64-debian-clang 2015.3-4 3.48 18.98 22.46 NOTE
r-devel-linux-x86_64-debian-gcc 2015.3-4 3.94 18.80 22.74 NOTE
r-devel-linux-x86_64-fedora-clang 2015.3-4 47.78 NOTE
r-devel-linux-x86_64-fedora-gcc 2015.3-4 42.01 NOTE
r-devel-osx-x86_64-clang 2015.3-4 40.31 OK
r-devel-windows-ix86+x86_64 2015.3-4 21.00 83.00 104.00 NOTE
r-patched-linux-x86_64 2015.3-4 3.91 20.58 24.49 OK
r-patched-solaris-sparc 2015.3-4 298.50 OK
r-patched-solaris-x86 2015.3-4 63.10 OK
r-release-linux-x86_64 2015.3-4 3.82 19.81 23.63 OK
r-release-osx-x86_64-mavericks 2015.3-4 OK
r-release-windows-ix86+x86_64 2015.3-4 28.00 55.00 83.00 OK
r-oldrel-windows-ix86+x86_64 2015.3-4 30.00 63.00 93.00 OK

Check Details

Version: 2015.3-4
Check: R code for possible problems
Result: NOTE
    krm.most: no visible global function definition for ‘is’
    krm.most: no visible global function definition for ‘model.matrix’
    krm.most: no visible global function definition for ‘median’
    krm.most: no visible global function definition for ‘model.frame’
    krm.most: no visible global function definition for ‘str’
    krm.most: no visible global function definition for ‘glm’
    krm.most: no visible global function definition for ‘coef’
    krm.most : <anonymous> : <anonymous>: no visible global function
     definition for ‘rnorm’
    krm.most : <anonymous>: no visible global function definition for ‘str’
    krm.most: no visible global function definition for ‘pnorm’
    krm.score.test: no visible global function definition for ‘model.frame’
    krm.score.test: no visible global function definition for
     ‘model.matrix’
    krm.score.test: no visible global function definition for ‘glm’
    krm.score.test: no visible global function definition for ‘coef’
    krm.score.test: no visible global function definition for ‘pnorm’
    krm.score.test: no visible global function definition for ‘pchisq’
    perturbation.test: no visible global function definition for ‘pchisq’
    perturbation.test: no visible global function definition for ‘pnorm’
    rdirichlet: no visible global function definition for ‘rgamma’
    rmdirichlet: no visible global function definition for ‘runif’
    sim.liu.2007: no visible global function definition for ‘rnorm’
    sim.liu.2008: no visible global function definition for ‘rnorm’
    Undefined global functions or variables:
     coef glm is median model.frame model.matrix pchisq pnorm rgamma rnorm
     runif str
Flavors: r-devel-linux-x86_64-debian-clang, r-devel-linux-x86_64-debian-gcc, r-devel-linux-x86_64-fedora-clang, r-devel-linux-x86_64-fedora-gcc, r-devel-windows-ix86+x86_64