CRAN Package Check Results for Package krm

Last updated on 2017-07-22 14:46:32.

Flavor Version Tinstall Tcheck Ttotal Status Flags
r-devel-linux-x86_64-debian-clang 2016.7-9 4.89 28.95 33.84 NOTE
r-devel-linux-x86_64-debian-gcc 2016.7-9 4.28 29.41 33.69 NOTE
r-devel-linux-x86_64-fedora-clang 2016.7-9 59.77 NOTE
r-devel-linux-x86_64-fedora-gcc 2016.7-9 51.93 NOTE
r-devel-windows-ix86+x86_64 2016.7-9 33.00 90.00 123.00 OK
r-patched-linux-x86_64 2016.7-9 4.33 29.11 33.44 NOTE
r-patched-solaris-x86 2016.7-9 74.20 OK
r-release-linux-x86_64 2016.7-9 4.31 28.97 33.28 NOTE
r-release-windows-ix86+x86_64 2016.7-9 19.00 87.00 106.00 OK
r-release-osx-x86_64 2016.7-9 OK
r-oldrel-windows-ix86+x86_64 2016.7-9 22.00 84.00 106.00 OK
r-oldrel-osx-x86_64 2016.7-9 OK

Check Details

Version: 2016.7-9
Check: compiled code
Result: NOTE
    File ‘krm/libs/krm.so’:
     Found no calls to: ‘R_registerRoutines’, ‘R_useDynamicSymbols’
    
    It is good practice to register native routines and to disable symbol
    search.
    
    See ‘Writing portable packages’ in the ‘Writing R Extensions’ manual.
Flavors: r-devel-linux-x86_64-debian-clang, r-devel-linux-x86_64-debian-gcc, r-devel-linux-x86_64-fedora-clang, r-devel-linux-x86_64-fedora-gcc, r-patched-linux-x86_64, r-release-linux-x86_64