CRAN Package Check Results for Package krm

Last updated on 2016-12-03 23:47:44.

Flavor Version Tinstall Tcheck Ttotal Status Flags
r-devel-linux-x86_64-debian-clang 2016.7-9 4.66 26.81 31.46 OK
r-devel-linux-x86_64-debian-gcc 2016.7-9 4.25 26.43 30.68 OK
r-devel-linux-x86_64-fedora-clang 2016.7-9 59.87 OK
r-devel-linux-x86_64-fedora-gcc 2016.7-9 53.42 OK
r-devel-macos-x86_64-clang 2016.7-9 41.40 OK
r-devel-windows-ix86+x86_64 2016.7-9 16.00 58.00 74.00 OK
r-patched-linux-x86_64 2016.7-9 3.73 24.32 28.06 OK
r-patched-solaris-sparc 2016.7-9 283.10 OK
r-patched-solaris-x86 2016.7-9 59.90 OK
r-release-linux-x86_64 2016.7-9 3.91 23.93 27.84 OK
r-release-osx-x86_64-mavericks 2016.7-9 OK
r-release-windows-ix86+x86_64 2016.7-9 26.00 62.00 88.00 OK
r-oldrel-windows-ix86+x86_64 2016.7-9 26.00 66.00 92.00 NOTE

Check Details

Version: 2016.7-9
Check: R code for possible problems
Result: NOTE
    readSelexFile: no visible global function definition for 'startsWith'
Flavor: r-oldrel-windows-ix86+x86_64