CRAN Package Check Results for Package krm

Last updated on 2015-08-05 08:48:33.

Flavor Version Tinstall Tcheck Ttotal Status Flags
r-devel-linux-x86_64-debian-clang 2015.3-4 3.41 18.93 22.34 NOTE
r-devel-linux-x86_64-debian-gcc 2015.3-4 3.84 18.60 22.44 NOTE
r-devel-linux-x86_64-fedora-clang 2015.3-4 48.55 NOTE
r-devel-linux-x86_64-fedora-gcc 2015.3-4 43.17 NOTE
r-devel-osx-x86_64-clang 2015.3-4 40.35 OK
r-devel-windows-ix86+x86_64 2015.3-4 28.00 57.00 85.00 NOTE
r-patched-linux-x86_64 2015.3-4 3.96 20.10 24.06 OK
r-patched-solaris-sparc 2015.3-4 279.60 OK
r-patched-solaris-x86 2015.3-4 64.50 OK
r-release-linux-x86_64 2015.3-4 4.09 19.56 23.65 OK
r-release-osx-x86_64-mavericks 2015.3-4 OK
r-release-windows-ix86+x86_64 2015.3-4 27.00 65.00 92.00 OK
r-oldrel-windows-ix86+x86_64 2015.3-4 27.00 84.00 111.00 OK

Check Details

Version: 2015.3-4
Check: R code for possible problems
Result: NOTE
    krm.most: no visible global function definition for ‘is’
    krm.most: no visible global function definition for ‘model.matrix’
    krm.most: no visible global function definition for ‘median’
    krm.most: no visible global function definition for ‘model.frame’
    krm.most: no visible global function definition for ‘str’
    krm.most: no visible global function definition for ‘glm’
    krm.most: no visible global function definition for ‘coef’
    krm.most : <anonymous> : <anonymous>: no visible global function
     definition for ‘rnorm’
    krm.most : <anonymous>: no visible global function definition for ‘str’
    krm.most: no visible global function definition for ‘pnorm’
    krm.score.test: no visible global function definition for ‘model.frame’
    krm.score.test: no visible global function definition for
     ‘model.matrix’
    krm.score.test: no visible global function definition for ‘glm’
    krm.score.test: no visible global function definition for ‘coef’
    krm.score.test: no visible global function definition for ‘pnorm’
    krm.score.test: no visible global function definition for ‘pchisq’
    perturbation.test: no visible global function definition for ‘pchisq’
    perturbation.test: no visible global function definition for ‘pnorm’
    rdirichlet: no visible global function definition for ‘rgamma’
    rmdirichlet: no visible global function definition for ‘runif’
    sim.liu.2007: no visible global function definition for ‘rnorm’
    sim.liu.2008: no visible global function definition for ‘rnorm’
    Undefined global functions or variables:
     coef glm is median model.frame model.matrix pchisq pnorm rgamma rnorm
     runif str
    Consider adding
     importFrom("methods", "is")
     importFrom("stats", "coef", "glm", "median", "model.frame",
     "model.matrix", "pchisq", "pnorm", "rgamma", "rnorm",
     "runif")
     importFrom("utils", "str")
    to your NAMESPACE.
Flavors: r-devel-linux-x86_64-debian-clang, r-devel-linux-x86_64-debian-gcc, r-devel-linux-x86_64-fedora-clang, r-devel-linux-x86_64-fedora-gcc, r-devel-windows-ix86+x86_64