CRAN Package Check Results for Package krm

Last updated on 2015-03-03 12:50:37.

Flavor Version Tinstall Tcheck Ttotal Status Flags
r-devel-linux-x86_64-debian-clang 2014.12-1 3.46 20.20 23.66 NOTE
r-devel-linux-x86_64-debian-gcc 2014.12-1 3.84 19.39 23.22 NOTE
r-devel-linux-x86_64-fedora-clang 2014.12-1 50.51 NOTE
r-devel-linux-x86_64-fedora-gcc 2014.12-1 44.79 NOTE
r-devel-osx-x86_64-clang 2014.12-1 43.54 NOTE
r-devel-windows-ix86+x86_64 2014.12-1 35.00 69.00 104.00 NOTE
r-patched-linux-x86_64 2014.12-1 3.99 21.66 25.66 NOTE
r-patched-solaris-sparc 2014.12-1 341.80 NOTE
r-patched-solaris-x86 2014.12-1 71.30 NOTE
r-release-linux-ix86 2014.12-1 5.13 31.29 36.42 OK
r-release-linux-x86_64 2014.12-1 4.12 21.44 25.56 OK
r-release-osx-x86_64-mavericks 2014.12-1 OK
r-release-osx-x86_64-snowleopard 2014.12-1 OK
r-release-windows-ix86+x86_64 2014.12-1 36.00 76.00 112.00 OK
r-oldrel-windows-ix86+x86_64 2014.12-1 19.00 59.00 78.00 NOTE

Check Details

Version: 2014.12-1
Check: dependencies in R code
Result: NOTE
    'library' or 'require' call to ‘MASS’ in package code.
     Please use :: or requireNamespace() instead.
     See section 'Suggested packages' in the 'Writing R Extensions' manual.
Flavors: r-devel-linux-x86_64-debian-clang, r-devel-linux-x86_64-debian-gcc, r-devel-linux-x86_64-fedora-clang, r-devel-linux-x86_64-fedora-gcc, r-devel-osx-x86_64-clang, r-devel-windows-ix86+x86_64, r-patched-linux-x86_64, r-patched-solaris-sparc, r-patched-solaris-x86

Version: 2014.12-1
Check: dependencies in R code
Result: NOTE
    Missing or unexported objects:
     'krm::aa.prop.list' 'krm::cloud9'
    See the information on DESCRIPTION files in the chapter 'Creating R
    packages' of the 'Writing R Extensions' manual.
Flavor: r-oldrel-windows-ix86+x86_64