CRAN Package Check Results for Package ks

Last updated on 2015-05-28 05:46:53.

Flavor Version Tinstall Tcheck Ttotal Status Flags
r-devel-linux-x86_64-debian-clang 1.9.4 1.40 63.27 64.67 OK
r-devel-linux-x86_64-debian-gcc 1.9.4 1.53 62.00 63.53 OK
r-devel-linux-x86_64-fedora-clang 1.9.4 123.90 OK
r-devel-linux-x86_64-fedora-gcc 1.9.4 115.87 OK
r-devel-osx-x86_64-clang 1.9.4 107.21 OK
r-devel-windows-ix86+x86_64 1.9.4 7.00 120.00 127.00 OK
r-patched-linux-x86_64 1.9.4 1.52 61.39 62.92 OK
r-patched-solaris-sparc 1.9.4 810.60 OK
r-patched-solaris-x86 1.9.4 152.80 OK
r-release-linux-x86_64 1.9.4 1.55 61.87 63.42 OK
r-release-osx-x86_64-mavericks 1.9.4 OK
r-release-osx-x86_64-snowleopard 1.9.4 ERROR
r-release-windows-ix86+x86_64 1.9.4 8.00 118.00 126.00 OK
r-oldrel-windows-ix86+x86_64 1.9.4 10.00 128.00 138.00 OK

Check Details

Version: 1.9.4
Check: examples
Result: ERROR
    Running examples in ‘ks-Ex.R’ failed
    The error most likely occurred in:
    
    > ### Name: plot.kda
    > ### Title: Plot for kernel discriminant analysis
    > ### Aliases: plot.kda
    > ### Keywords: hplot
    >
    > ### ** Examples
    >
    > library(MASS)
    > data(iris)
    >
    > ## univariate example
    > ir <- iris[,1]
    > ir.gr <- iris[,5]
    > kda.fhat <- kda(x=ir, x.group=ir.gr, xmin=3, xmax=9)
    > plot(kda.fhat, xlab="Sepal length")
    >
    > ## bivariate example
    > ir <- iris[,1:2]
    > ir.gr <- iris[,5]
    > kda.fhat <- kda(x=ir, x.group=ir.gr)
    > plot(kda.fhat)
    >
    > ## trivariate example
    > ir <- iris[,1:3]
    > ir.gr <- iris[,5]
    > H <- Hkda(x=ir, x.group=ir.gr, bw="plugin", pilot="dscalar")
    > kda.fhat <- kda(x=ir, x.group=ir.gr, Hs=H)
    > plot(kda.fhat)
    Wed Apr 29 07:21:13 hagal.research.att.com R[95248] <Error>: unknown error code: invalid pixel format
    Wed Apr 29 07:21:13 hagal.research.att.com R[95248] <Error>: kCGErrorFailure: Set a breakpoint @ CGErrorBreakpoint() to catch errors as they are logged.
    X Error of failed request: GLXBadContext
     Major opcode of failed request: 0 ()
     Serial number of failed request: 27
     Current serial number in output stream: 27
Flavor: r-release-osx-x86_64-snowleopard