CRAN Package Check Results for Package ks

Last updated on 2017-02-19 18:47:43.

Flavor Version Tinstall Tcheck Ttotal Status Flags
r-devel-linux-x86_64-debian-clang 1.10.5 2.71 64.83 67.53 NOTE
r-devel-linux-x86_64-debian-gcc 1.10.5 2.96 64.49 67.45 NOTE
r-devel-linux-x86_64-fedora-clang 1.10.5 125.51 NOTE --no-stop-on-test-error
r-devel-linux-x86_64-fedora-gcc 1.10.5 124.77 NOTE --no-stop-on-test-error
r-devel-macos-x86_64-clang 1.10.5 99.64 NOTE --no-stop-on-test-error
r-devel-windows-ix86+x86_64 1.10.5 16.00 186.00 202.00 OK
r-patched-linux-x86_64 1.10.5 2.54 58.06 60.60 OK
r-patched-solaris-sparc 1.10.5 715.20 OK
r-patched-solaris-x86 1.10.5 183.20 OK
r-release-linux-x86_64 1.10.5 2.36 56.55 58.91 OK
r-release-osx-x86_64-mavericks 1.10.5 OK
r-release-windows-ix86+x86_64 1.10.5 10.00 123.00 133.00 OK
r-oldrel-windows-ix86+x86_64 1.10.5 18.00 172.00 190.00 OK

Check Details

Version: 1.10.5
Check: compiled code
Result: NOTE
    File ‘ks/libs/ks.so’:
     Found no calls to: ‘R_registerRoutines’, ‘R_useDynamicSymbols’
    
    It is good practice to register native routines and to disable symbol
    search.
    
    See ‘Writing portable packages’ in the ‘Writing R Extensions’ manual.
Flavors: r-devel-linux-x86_64-debian-clang, r-devel-linux-x86_64-debian-gcc

Version: 1.10.5
Flags: --no-stop-on-test-error
Check: compiled code
Result: NOTE
    File ‘ks/libs/ks.so’:
     Found no calls to: ‘R_registerRoutines’, ‘R_useDynamicSymbols’
    
    It is good practice to register native routines and to disable symbol
    search.
    
    See ‘Writing portable packages’ in the ‘Writing R Extensions’ manual.
Flavors: r-devel-linux-x86_64-fedora-clang, r-devel-linux-x86_64-fedora-gcc, r-devel-macos-x86_64-clang