CRAN Package Check Results for Package ks

Last updated on 2015-09-02 03:48:29.

Flavor Version Tinstall Tcheck Ttotal Status Flags
r-devel-linux-x86_64-debian-clang 1.9.4 1.39 64.27 65.66 NOTE
r-devel-linux-x86_64-debian-gcc 1.9.4 1.56 60.10 61.66 NOTE
r-devel-linux-x86_64-fedora-clang 1.9.4 122.57 NOTE
r-devel-linux-x86_64-fedora-gcc 1.9.4 116.26 NOTE
r-devel-osx-x86_64-clang 1.9.4 101.13 OK
r-devel-windows-ix86+x86_64 1.9.4 9.00 170.00 179.00 NOTE
r-patched-linux-x86_64 1.9.4 1.54 63.67 65.21 OK
r-patched-solaris-sparc 1.9.4 815.60 OK
r-patched-solaris-x86 1.9.4 158.90 OK
r-release-linux-x86_64 1.9.4 1.65 64.94 66.59 OK
r-release-osx-x86_64-mavericks 1.9.4 OK
r-release-windows-ix86+x86_64 1.9.4 9.00 173.00 182.00 OK
r-oldrel-windows-ix86+x86_64 1.9.4 12.00 147.00 159.00 OK

Check Details

Version: 1.9.4
Check: R code for possible problems
Result: NOTE
    Gdunconstr: no visible global function definition for ‘var’
    Gdunconstr: no visible global function definition for ‘nlm’
    Gdunconstr: no visible global function definition for ‘optim’
    Gunconstr.scv: no visible global function definition for ‘var’
    Gunconstr.scv: no visible global function definition for ‘nlm’
    Gunconstr.scv: no visible global function definition for ‘optim’
    Hamise.mixt: no visible global function definition for ‘var’
    Hamise.mixt: no visible global function definition for ‘nlm’
    Hamise.mixt.diag: no visible global function definition for ‘var’
    Hamise.mixt.diag: no visible global function definition for ‘nlm’
    Hbcv: no visible global function definition for ‘var’
    Hbcv: no visible global function definition for ‘optim’
    Hbcv.diag: no visible global function definition for ‘var’
    Hbcv.diag: no visible global function definition for ‘optim’
    Hise.mixt: no visible global function definition for ‘var’
    Hise.mixt: no visible global function definition for ‘nlm’
    Hlscv: no visible global function definition for ‘nlm’
    Hlscv: no visible global function definition for ‘optim’
    Hlscv.diag: no visible global function definition for ‘nlm’
    Hlscv.diag: no visible global function definition for ‘optim’
    Hmise.mixt: no visible global function definition for ‘var’
    Hmise.mixt: no visible global function definition for ‘nlm’
    Hmise.mixt.diag: no visible global function definition for ‘var’
    Hmise.mixt.diag: no visible global function definition for ‘nlm’
    Hns: no visible global function definition for ‘var’
    Hns.kcde: no visible global function definition for ‘var’
    Hpi: no visible global function definition for ‘var’
    Hpi: no visible global function definition for ‘nlm’
    Hpi: no visible global function definition for ‘optim’
    Hpi.diag: no visible global function definition for ‘var’
    Hpi.diag: no visible global function definition for ‘sd’
    Hpi.diag: no visible global function definition for ‘nlm’
    Hpi.diag: no visible global function definition for ‘optim’
    Hpi.diag.kcde: no visible global function definition for ‘var’
    Hpi.diag.kcde: no visible global function definition for ‘nlm’
    Hpi.diag.kcde: no visible global function definition for ‘optim’
    Hpi.diag.kfe: no visible global function definition for ‘var’
    Hpi.diag.kfe: no visible global function definition for ‘nlm’
    Hpi.diag.kfe: no visible global function definition for ‘optim’
    Hpi.kcde: no visible global function definition for ‘var’
    Hpi.kcde: no visible global function definition for ‘nlm’
    Hpi.kcde: no visible global function definition for ‘optim’
    Hpi.kfe: no visible global function definition for ‘var’
    Hpi.kfe: no visible global function definition for ‘nlm’
    Hpi.kfe: no visible global function definition for ‘optim’
    Hscv: no visible global function definition for ‘var’
    Hscv: no visible global function definition for ‘nlm’
    Hscv: no visible global function definition for ‘optim’
    Hscv.diag: no visible global function definition for ‘var’
    Hscv.diag: no visible global function definition for ‘nlm’
    Hscv.diag: no visible global function definition for ‘optim’
    Lpdiff: no visible global function definition for ‘head’
    Qr.1d: no visible global function definition for ‘txtProgressBar’
    Qr.1d: no visible global function definition for ‘setTxtProgressBar’
    Qr.cumulant: no visible global function definition for ‘txtProgressBar’
    Qr.cumulant: no visible global function definition for
     ‘setTxtProgressBar’
    block.indices: no visible global function definition for ‘tail’
    block.indices2: no visible global function definition for ‘tail’
    compare.kda.cv: no visible global function definition for
     ‘txtProgressBar’
    compare.kda.cv: no visible global function definition for
     ‘setTxtProgressBar’
    compare.kda.diag.cv: no visible global function definition for
     ‘txtProgressBar’
    compare.kda.diag.cv: no visible global function definition for
     ‘setTxtProgressBar’
    contourLevels.kdde: no visible global function definition for
     ‘quantile’
    contourLevels.kde: no visible global function definition for ‘predict’
    contourLevels.kde: no visible global function definition for ‘quantile’
    contourSizes: no visible global function definition for ‘head’
    dbeta.kernel: no visible global function definition for ‘dbeta’
    dbeta.kernel2: no visible global function definition for ‘dbeta’
    dmvnorm.deriv: no visible global function definition for ‘head’
    dmvnorm.deriv.scalar.sum: no visible global function definition for
     ‘txtProgressBar’
    dmvnorm.deriv.scalar.sum: no visible global function definition for
     ‘setTxtProgressBar’
    dmvnorm.deriv.sum: no visible global function definition for
     ‘txtProgressBar’
    dmvnorm.deriv.sum: no visible global function definition for
     ‘setTxtProgressBar’
    dnorm.deriv: no visible global function definition for ‘dnorm’
    dnorm.mixt: no visible global function definition for ‘dnorm’
    drvkde: no visible global function definition for ‘dnorm’
    gdscalar: no visible global function definition for ‘var’
    hamise.mixt: no visible global function definition for ‘var’
    hamise.mixt: no visible global function definition for ‘optimize’
    hlscv: no visible global function definition for ‘var’
    hlscv: no visible global function definition for ‘optimise’
    hmise.mixt: no visible global function definition for ‘var’
    hmise.mixt: no visible global function definition for ‘optimize’
    hns: no visible global function definition for ‘sd’
    hns.kcde: no visible global function definition for ‘sd’
    hpi: no visible global function definition for ‘sd’
    hpi.kcde: no visible global function definition for ‘sd’
    hpi.kfe: no visible global function definition for ‘sd’
    hscv: no visible global function definition for ‘sd’
    hscv: no visible global function definition for ‘var’
    hscv: no visible global function definition for ‘optimise’
    indices.kroc: no visible global function definition for ‘head’
    indices.kroc: no visible global function definition for ‘tail’
    kcde: no visible global function definition for ‘predict’
    kcde.points: no visible global function definition for ‘txtProgressBar’
    kcde.points: no visible global function definition for
     ‘setTxtProgressBar’
    kcopula: no visible global function definition for ‘ecdf’
    kcopula: no visible global function definition for ‘loess’
    kcopula: no visible global function definition for ‘predict’
    kdde.binned.nd: no visible global function definition for
     ‘txtProgressBar’
    kdde.binned.nd: no visible global function definition for
     ‘setTxtProgressBar’
    kdde.grid.2d: no visible global function definition for
     ‘txtProgressBar’
    kdde.grid.2d: no visible global function definition for
     ‘setTxtProgressBar’
    kde: no visible global function definition for ‘predict’
    kde.boundary.grid.2d: no visible global function definition for
     ‘txtProgressBar’
    kde.boundary.grid.2d: no visible global function definition for
     ‘setTxtProgressBar’
    kde.boundary.grid.3d: no visible global function definition for
     ‘txtProgressBar’
    kde.boundary.grid.3d: no visible global function definition for
     ‘setTxtProgressBar’
    kde.grid.2d: no visible global function definition for ‘txtProgressBar’
    kde.grid.2d: no visible global function definition for
     ‘setTxtProgressBar’
    kde.grid.3d: no visible global function definition for ‘txtProgressBar’
    kde.grid.3d: no visible global function definition for
     ‘setTxtProgressBar’
    kde.local.test: no visible global function definition for ‘pchisq’
    kde.local.test.1d: no visible global function definition for ‘pchisq’
    kde.local.test.1d: no visible global function definition for ‘dnorm’
    kde.test: no visible global function definition for ‘var’
    kde.test: no visible global function definition for ‘pnorm’
    kde.test.1d: no visible global function definition for ‘sd’
    kde.test.1d: no visible global function definition for ‘pnorm’
    kde.unit.interval.1d: no visible global function definition for ‘qnorm’
    kde.unit.interval.1d: no visible global function definition for ‘tail’
    kde.unit.interval.1d: no visible global function definition for ‘head’
    kde.unit.interval.1d: no visible global function definition for ‘dnorm’
    kde.unit.interval.1d: no visible global function definition for ‘loess’
    kde.unit.interval.1d: no visible global function definition for
     ‘predict’
    kroc: no visible global function definition for ‘predict’
    kroc: no visible global function definition for ‘qnorm’
    kroc: no visible global function definition for ‘pnorm’
    kroc: no visible global function definition for ‘smooth.spline’
    kroc: no visible global function definition for ‘head’
    kroc: no visible global function definition for ‘tail’
    make.grid.ks: no visible global function definition for ‘qnorm’
    plot.kdde: no visible global function definition for ‘plot’
    plot.kroc: no visible global function definition for ‘lines’
    plot.kroc: no visible global function definition for ‘plot’
    plotkcde.1d: no visible global function definition for ‘lines’
    plotkcde.1d: no visible global function definition for ‘plot’
    plotkcde.1d: no visible global function definition for ‘rug’
    plotkcde.2d: no visible global function definition for ‘grey’
    plotkcde.2d: no visible global function definition for ‘persp’
    plotkcde.2d: no visible global function definition for ‘plot’
    plotkcde.2d: no visible global function definition for ‘contour’
    plotkcde.2d: no visible global function definition for ‘points’
    plotkcde.2d: no visible global function definition for ‘image’
    plotkcde.2d: no visible global function definition for ‘box’
    plotkcde.2d: no visible global function definition for ‘heat.colors’
    plotkcde.2d: no visible global function definition for ‘tail’
    plotkcde.2d: no visible global function definition for ‘filled.contour’
    plotkcde.3d: no visible global function definition for ‘heat.colors’
    plotkda.1d: no visible global function definition for ‘plot’
    plotkda.1d: no visible global function definition for ‘lines’
    plotkda.1d: no visible global function definition for ‘par’
    plotkda.1d: no visible global function definition for ‘image’
    plotkda.1d: no visible global function definition for ‘rug’
    plotkda.2d: no visible global function definition for ‘grey.colors’
    plotkda.2d: no visible global function definition for ‘plot’
    plotkda.2d: no visible global function definition for ‘image’
    plotkda.2d: no visible global function definition for ‘box’
    plotkda.2d: no visible global function definition for ‘contour’
    plotkda.2d: no visible global function definition for ‘points’
    plotkda.3d: no visible global function definition for ‘rainbow’
    plotkdde.1d: no visible global function definition for ‘plot’
    plotkdde.2d: no visible global function definition for ‘grey’
    plotkdde.2d: no visible global function definition for ‘heat.colors’
    plotkdde.2d: no visible global function definition for ‘topo.colors’
    plotkdde.2d: no visible global function definition for ‘plot’
    plotkde.1d: no visible global function definition for ‘lines’
    plotkde.1d: no visible global function definition for ‘plot’
    plotkde.1d: no visible global function definition for ‘tail’
    plotkde.1d: no visible global function definition for ‘rug’
    plotkde.2d: no visible global function definition for ‘grey’
    plotkde.2d: no visible global function definition for ‘persp’
    plotkde.2d: no visible global function definition for ‘plot’
    plotkde.2d: no visible global function definition for ‘contour’
    plotkde.2d: no visible global function definition for ‘points’
    plotkde.2d: no visible global function definition for ‘image’
    plotkde.2d: no visible global function definition for ‘box’
    plotkde.2d: no visible global function definition for ‘heat.colors’
    plotkde.2d: no visible global function definition for ‘tail’
    plotkde.2d: no visible global function definition for ‘filled.contour’
    plotkde.3d: no visible global function definition for ‘heat.colors’
    plotkde.cumul: no visible global function definition for ‘plot’
    plotkde.cumul: no visible global function definition for ‘polygon’
    plotkde.loctest.1d: no visible global function definition for ‘plot’
    plotkde.loctest.1d: no visible global function definition for ‘lines’
    plotkde.loctest.1d: no visible global function definition for ‘par’
    plotkde.loctest.1d: no visible global function definition for ‘image’
    plotkde.loctest.1d: no visible global function definition for ‘legend’
    plotkde.loctest.2d: no visible global function definition for ‘plot’
    plotkde.loctest.2d: no visible global function definition for ‘legend’
    plotkde.loctest.3d: no visible global function definition for ‘plot’
    plotmixt: no visible global function definition for ‘rnorm’
    plotmixt.1d: no visible global function definition for ‘plot’
    plotmixt.2d: no visible global function definition for ‘plot’
    plotmixt.3d: no visible global function definition for ‘head’
    plotmixt.3d: no visible global function definition for ‘plot’
    pre.scale: no visible binding for global variable ‘sd’
    pre.sphere: no visible global function definition for ‘var’
    pseudo.unif.empirical: no visible global function definition for ‘ecdf’
    psifun1: no visible global function definition for ‘var’
    psifun1.unconstr: no visible global function definition for ‘var’
    psifun2: no visible global function definition for ‘var’
    psifun2.unconstr: no visible global function definition for ‘var’
    psifun2.unconstr: no visible global function definition for ‘nlm’
    psifun2.unconstr: no visible global function definition for ‘optim’
    psins: no visible global function definition for ‘head’
    rkde: no visible global function definition for ‘rnorm’
    rnorm.mixt: no visible global function definition for ‘rnorm’
    symconv.ks: no visible global function definition for ‘fft’
    symconv2D.ks: no visible global function definition for ‘fft’
    symconv3D.ks: no visible global function definition for ‘fft’
    symconv4D.ks: no visible global function definition for ‘fft’
    Undefined global functions or variables:
     box contour dbeta dnorm ecdf fft filled.contour grey grey.colors head
     heat.colors image legend lines loess nlm optim optimise optimize par
     pchisq persp plot pnorm points polygon predict qnorm quantile rainbow
     rnorm rug sd setTxtProgressBar smooth.spline tail topo.colors
     txtProgressBar var
    Consider adding
     importFrom("grDevices", "grey", "grey.colors", "heat.colors",
     "rainbow", "topo.colors")
     importFrom("graphics", "box", "contour", "filled.contour", "image",
     "legend", "lines", "par", "persp", "plot", "points",
     "polygon", "rug")
     importFrom("stats", "dbeta", "dnorm", "ecdf", "fft", "loess", "nlm",
     "optim", "optimise", "optimize", "pchisq", "pnorm",
     "predict", "qnorm", "quantile", "rnorm", "sd",
     "smooth.spline", "var")
     importFrom("utils", "head", "setTxtProgressBar", "tail",
     "txtProgressBar")
    to your NAMESPACE.
Flavors: r-devel-linux-x86_64-debian-clang, r-devel-linux-x86_64-debian-gcc, r-devel-linux-x86_64-fedora-clang, r-devel-linux-x86_64-fedora-gcc, r-devel-windows-ix86+x86_64