CRAN Package Check Results for Package ks

Last updated on 2016-07-24 14:48:03.

Flavor Version Tinstall Tcheck Ttotal Status Flags
r-devel-linux-x86_64-debian-clang 1.10.4 3.17 64.27 67.44 OK
r-devel-linux-x86_64-debian-gcc 1.10.4 2.87 64.52 67.39 OK
r-devel-linux-x86_64-fedora-clang 1.10.4 105.64 OK
r-devel-linux-x86_64-fedora-gcc 1.10.4 102.45 OK
r-devel-osx-x86_64-clang 1.10.4 88.73 OK
r-devel-windows-ix86+x86_64 1.10.4 8.00 125.00 133.00 OK
r-patched-linux-x86_64 1.10.4 3.53 63.41 66.94 OK
r-patched-solaris-sparc 1.10.4 678.20 OK
r-patched-solaris-x86 1.10.4 172.60 OK
r-release-linux-x86_64 1.10.4 3.40 63.72 67.12 OK
r-release-osx-x86_64-mavericks 1.10.4 WARN
r-release-windows-ix86+x86_64 1.10.4 9.00 151.00 160.00 OK
r-oldrel-windows-ix86+x86_64 1.10.4 14.00 126.00 140.00 OK

Check Details

Version: 1.10.4
Check: whether package can be installed
Result: WARN
    Found the following significant warnings:
     Warning: 'rgl_init' failed, running with rgl.useNULL = TRUE
Flavor: r-release-osx-x86_64-mavericks

Version: 1.10.4
Check: dependencies in R code
Result: NOTE
    Invalid MIT-MAGIC-COOKIE-1 key
Flavor: r-release-osx-x86_64-mavericks

Version: 1.10.4
Check: S3 generic/method consistency
Result: WARN
    Invalid MIT-MAGIC-COOKIE-1 key
    See section ‘Generic functions and methods’ in the ‘Writing R
    Extensions’ manual.
Flavor: r-release-osx-x86_64-mavericks

Version: 1.10.4
Check: replacement functions
Result: WARN
    Invalid MIT-MAGIC-COOKIE-1 key
    The argument of a replacement function which corresponds to the right
    hand side must be named ‘value’.
Flavor: r-release-osx-x86_64-mavericks

Version: 1.10.4
Check: foreign function calls
Result: NOTE
    Invalid MIT-MAGIC-COOKIE-1 key
    See chapter ‘System and foreign language interfaces’ in the ‘Writing R
    Extensions’ manual.
Flavor: r-release-osx-x86_64-mavericks

Version: 1.10.4
Check: R code for possible problems
Result: NOTE
    Invalid MIT-MAGIC-COOKIE-1 key
Flavor: r-release-osx-x86_64-mavericks

Version: 1.10.4
Check: for missing documentation entries
Result: WARN
    Invalid MIT-MAGIC-COOKIE-1 key
    All user-level objects in a package should have documentation entries.
    See chapter ‘Writing R documentation files’ in the ‘Writing R
    Extensions’ manual.
Flavor: r-release-osx-x86_64-mavericks

Version: 1.10.4
Check: for code/documentation mismatches
Result: WARN
    Invalid MIT-MAGIC-COOKIE-1 key
    Invalid MIT-MAGIC-COOKIE-1 key
    Invalid MIT-MAGIC-COOKIE-1 key
Flavor: r-release-osx-x86_64-mavericks

Version: 1.10.4
Check: Rd \usage sections
Result: NOTE
    Invalid MIT-MAGIC-COOKIE-1 key
    The \usage entries for S3 methods should use the \method markup and not
    their full name.
    See chapter ‘Writing R documentation files’ in the ‘Writing R
    Extensions’ manual.
Flavor: r-release-osx-x86_64-mavericks