CRAN Package Check Results for Package ks

Last updated on 2015-03-29 09:49:18.

Flavor Version Tinstall Tcheck Ttotal Status Flags
r-devel-linux-x86_64-debian-clang 1.9.4 1.52 62.36 63.89 OK
r-devel-linux-x86_64-debian-gcc 1.9.4 1.55 62.16 63.71 OK
r-devel-linux-x86_64-fedora-clang 1.9.4 125.23 OK
r-devel-linux-x86_64-fedora-gcc 1.9.4 126.79 OK
r-devel-osx-x86_64-clang 1.9.4 118.77 OK
r-prerel-windows-ix86+x86_64 1.9.4 9.00 121.00 130.00 OK
r-prerel-linux-x86_64 1.9.4 1.47 63.03 64.50 OK
r-prerel-solaris-sparc 1.9.4 827.80 OK
r-prerel-solaris-x86 1.9.4 153.00 OK
r-release-linux-x86_64 1.9.4 1.77 69.32 71.09 OK
r-release-osx-x86_64-mavericks 1.9.4 OK
r-release-osx-x86_64-snowleopard 1.9.4 ERROR
r-release-windows-ix86+x86_64 1.9.4 9.00 127.00 136.00 OK
r-oldrel-windows-ix86+x86_64 1.9.4 9.00 185.00 194.00 OK

Check Details

Version: 1.9.4
Check: examples
Result: ERROR
    Running examples in ‘ks-Ex.R’ failed
    The error most likely occurred in:
    
    > ### Name: plot.kda
    > ### Title: Plot for kernel discriminant analysis
    > ### Aliases: plot.kda
    > ### Keywords: hplot
    >
    > ### ** Examples
    >
    > library(MASS)
    > data(iris)
    >
    > ## univariate example
    > ir <- iris[,1]
    > ir.gr <- iris[,5]
    > kda.fhat <- kda(x=ir, x.group=ir.gr, xmin=3, xmax=9)
    > plot(kda.fhat, xlab="Sepal length")
    >
    > ## bivariate example
    > ir <- iris[,1:2]
    > ir.gr <- iris[,5]
    > kda.fhat <- kda(x=ir, x.group=ir.gr)
    > plot(kda.fhat)
    >
    > ## trivariate example
    > ir <- iris[,1:3]
    > ir.gr <- iris[,5]
    > H <- Hkda(x=ir, x.group=ir.gr, bw="plugin", pilot="dscalar")
    > kda.fhat <- kda(x=ir, x.group=ir.gr, Hs=H)
    > plot(kda.fhat)
    Sat Mar 28 02:19:48 hagal.research.att.com R[74970] <Error>: unknown error code: invalid pixel format
    Sat Mar 28 02:19:48 hagal.research.att.com R[74970] <Error>: kCGErrorFailure: Set a breakpoint @ CGErrorBreakpoint() to catch errors as they are logged.
    X Error of failed request: GLXBadContext
     Major opcode of failed request: 0 ()
     Serial number of failed request: 27
     Current serial number in output stream: 27
Flavor: r-release-osx-x86_64-snowleopard