CRAN Package Check Results for Package ks

Last updated on 2014-09-23 03:48:21.

Flavor Version Tinstall Tcheck Ttotal Status Flags
r-devel-linux-x86_64-debian-clang 1.9.3 1.57 64.53 66.10 OK
r-devel-linux-x86_64-debian-gcc 1.9.3 1.62 64.25 65.87 OK
r-devel-linux-x86_64-fedora-clang 1.9.3 136.45 OK
r-devel-linux-x86_64-fedora-gcc 1.9.3 126.14 OK
r-devel-osx-x86_64-clang 1.9.3 105.59 OK
r-devel-windows-ix86+x86_64 1.9.3 7.00 120.00 127.00 OK
r-patched-linux-x86_64 1.9.3 1.70 67.07 68.77 OK
r-patched-solaris-sparc 1.9.3 792.00 OK
r-patched-solaris-x86 1.9.3 168.70 OK
r-release-linux-ix86 1.9.3 2.30 84.64 86.94 OK
r-release-linux-x86_64 1.9.3 1.66 67.64 69.30 OK
r-release-osx-x86_64-mavericks 1.9.3 OK
r-release-osx-x86_64-snowleopard 1.9.3 ERROR
r-release-windows-ix86+x86_64 1.9.3 8.00 121.00 129.00 OK
r-oldrel-windows-ix86+x86_64 1.9.3 8.00 140.00 148.00 OK

Check Details

Version: 1.9.3
Check: examples
Result: ERROR
    Running examples in ‘ks-Ex.R’ failed
    The error most likely occurred in:
    
    > ### Name: plot.kda
    > ### Title: Plot for kernel discriminant analysis
    > ### Aliases: plot.kda
    > ### Keywords: hplot
    >
    > ### ** Examples
    >
    > library(MASS)
    > data(iris)
    >
    > ## univariate example
    > ir <- iris[,1]
    > ir.gr <- iris[,5]
    > kda.fhat <- kda(x=ir, x.group=ir.gr, xmin=3, xmax=9)
    > plot(kda.fhat, xlab="Sepal length")
    >
    > ## bivariate example
    > ir <- iris[,1:2]
    > ir.gr <- iris[,5]
    > kda.fhat <- kda(x=ir, x.group=ir.gr)
    > plot(kda.fhat)
    >
    > ## trivariate example
    > ir <- iris[,1:3]
    > ir.gr <- iris[,5]
    > H <- Hkda(x=ir, x.group=ir.gr, bw="plugin", pilot="dscalar")
    > kda.fhat <- kda(x=ir, x.group=ir.gr, Hs=H)
    > plot(kda.fhat, asp=c(2,4,1))
    Thu Sep 11 06:05:18 hagal.research.att.com R[22689] <Error>: unknown error code: invalid pixel format
    Thu Sep 11 06:05:18 hagal.research.att.com R[22689] <Error>: kCGErrorFailure: Set a breakpoint @ CGErrorBreakpoint() to catch errors as they are logged.
    X Error of failed request: GLXBadContext
     Major opcode of failed request: 0 ()
     Serial number of failed request: 27
     Current serial number in output stream: 27
Flavor: r-release-osx-x86_64-snowleopard