CRAN Package Check Results for Package ks

Last updated on 2016-08-30 04:50:31.

Flavor Version Tinstall Tcheck Ttotal Status Flags
r-devel-linux-x86_64-debian-clang 1.10.4 2.26 60.28 62.54 OK
r-devel-linux-x86_64-debian-gcc 1.10.4 2.50 59.10 61.60 OK
r-devel-linux-x86_64-fedora-clang 1.10.4 104.92 OK
r-devel-linux-x86_64-fedora-gcc 1.10.4 102.27 OK
r-devel-osx-x86_64-clang 1.10.4 89.65 OK
r-devel-windows-ix86+x86_64 1.10.4 13.00 200.00 213.00 OK
r-patched-linux-x86_64 1.10.4 2.50 60.05 62.55 OK
r-patched-solaris-sparc 1.10.4 678.20 OK
r-patched-solaris-x86 1.10.4 174.50 OK
r-release-linux-x86_64 1.10.4 2.81 58.94 61.75 OK
r-release-osx-x86_64-mavericks 1.10.4 WARN
r-release-windows-ix86+x86_64 1.10.4 10.00 135.00 145.00 OK
r-oldrel-windows-ix86+x86_64 1.10.4 16.00 257.00 273.00 OK

Check Details

Version: 1.10.4
Check: whether package can be installed
Result: WARN
    Found the following significant warnings:
     Warning: 'rgl_init' failed, running with rgl.useNULL = TRUE
Flavor: r-release-osx-x86_64-mavericks

Version: 1.10.4
Check: dependencies in R code
Result: NOTE
    Invalid MIT-MAGIC-COOKIE-1 key
Flavor: r-release-osx-x86_64-mavericks

Version: 1.10.4
Check: S3 generic/method consistency
Result: WARN
    Invalid MIT-MAGIC-COOKIE-1 key
    See section ‘Generic functions and methods’ in the ‘Writing R
    Extensions’ manual.
Flavor: r-release-osx-x86_64-mavericks

Version: 1.10.4
Check: replacement functions
Result: WARN
    Invalid MIT-MAGIC-COOKIE-1 key
    The argument of a replacement function which corresponds to the right
    hand side must be named ‘value’.
Flavor: r-release-osx-x86_64-mavericks

Version: 1.10.4
Check: foreign function calls
Result: NOTE
    Invalid MIT-MAGIC-COOKIE-1 key
    See chapter ‘System and foreign language interfaces’ in the ‘Writing R
    Extensions’ manual.
Flavor: r-release-osx-x86_64-mavericks

Version: 1.10.4
Check: R code for possible problems
Result: NOTE
    Invalid MIT-MAGIC-COOKIE-1 key
Flavor: r-release-osx-x86_64-mavericks

Version: 1.10.4
Check: for missing documentation entries
Result: WARN
    Invalid MIT-MAGIC-COOKIE-1 key
    All user-level objects in a package should have documentation entries.
    See chapter ‘Writing R documentation files’ in the ‘Writing R
    Extensions’ manual.
Flavor: r-release-osx-x86_64-mavericks

Version: 1.10.4
Check: for code/documentation mismatches
Result: WARN
    Invalid MIT-MAGIC-COOKIE-1 key
    Invalid MIT-MAGIC-COOKIE-1 key
    Invalid MIT-MAGIC-COOKIE-1 key
Flavor: r-release-osx-x86_64-mavericks

Version: 1.10.4
Check: Rd \usage sections
Result: NOTE
    Invalid MIT-MAGIC-COOKIE-1 key
    The \usage entries for S3 methods should use the \method markup and not
    their full name.
    See chapter ‘Writing R documentation files’ in the ‘Writing R
    Extensions’ manual.
Flavor: r-release-osx-x86_64-mavericks