CRAN Package Check Results for Package ks

Last updated on 2014-10-22 04:47:17.

Flavor Version Tinstall Tcheck Ttotal Status Flags
r-devel-linux-x86_64-debian-clang 1.9.3 1.86 67.37 69.22 OK
r-devel-linux-x86_64-debian-gcc 1.9.3 1.76 65.67 67.43 OK
r-devel-linux-x86_64-fedora-clang 1.9.3 140.18 OK
r-devel-linux-x86_64-fedora-gcc 1.9.3 128.48 OK
r-devel-osx-x86_64-clang 1.9.3 117.47 OK
r-devel-windows-ix86+x86_64 1.9.3 8.00 110.00 118.00 OK
r-patched-linux-x86_64 1.9.3 1.78 70.50 72.28 OK
r-patched-solaris-sparc 1.9.3 792.00 OK
r-patched-solaris-x86 1.9.3 168.00 OK
r-release-linux-ix86 1.9.3 2.58 84.95 87.53 OK
r-release-linux-x86_64 1.9.3 1.75 67.79 69.54 OK
r-release-osx-x86_64-mavericks 1.9.3 OK
r-release-osx-x86_64-snowleopard 1.9.3 ERROR
r-release-windows-ix86+x86_64 1.9.3 7.00 126.00 133.00 OK
r-oldrel-windows-ix86+x86_64 1.9.3 9.00 125.00 134.00 OK

Check Details

Version: 1.9.3
Check: examples
Result: ERROR
    Running examples in ‘ks-Ex.R’ failed
    The error most likely occurred in:
    
    > ### Name: plot.kda
    > ### Title: Plot for kernel discriminant analysis
    > ### Aliases: plot.kda
    > ### Keywords: hplot
    >
    > ### ** Examples
    >
    > library(MASS)
    > data(iris)
    >
    > ## univariate example
    > ir <- iris[,1]
    > ir.gr <- iris[,5]
    > kda.fhat <- kda(x=ir, x.group=ir.gr, xmin=3, xmax=9)
    > plot(kda.fhat, xlab="Sepal length")
    >
    > ## bivariate example
    > ir <- iris[,1:2]
    > ir.gr <- iris[,5]
    > kda.fhat <- kda(x=ir, x.group=ir.gr)
    > plot(kda.fhat)
    >
    > ## trivariate example
    > ir <- iris[,1:3]
    > ir.gr <- iris[,5]
    > H <- Hkda(x=ir, x.group=ir.gr, bw="plugin", pilot="dscalar")
    > kda.fhat <- kda(x=ir, x.group=ir.gr, Hs=H)
    > plot(kda.fhat, asp=c(2,4,1))
    Tue Oct 21 06:30:06 hagal.research.att.com R[14269] <Error>: unknown error code: invalid pixel format
    Tue Oct 21 06:30:06 hagal.research.att.com R[14269] <Error>: kCGErrorFailure: Set a breakpoint @ CGErrorBreakpoint() to catch errors as they are logged.
    X Error of failed request: GLXBadContext
     Major opcode of failed request: 0 ()
     Serial number of failed request: 27
     Current serial number in output stream: 27
Flavor: r-release-osx-x86_64-snowleopard