CRAN Package Check Results for Package ks

Last updated on 2014-08-22 11:47:59.

Flavor Version Tinstall Tcheck Ttotal Status Flags
r-devel-linux-x86_64-debian-clang 1.9.2 1.92 67.18 69.10 OK
r-devel-linux-x86_64-debian-gcc 1.9.2 1.54 66.95 68.50 OK
r-devel-linux-x86_64-fedora-clang 1.9.2 137.15 NOTE
r-devel-linux-x86_64-fedora-gcc 1.9.2 129.71 NOTE
r-devel-osx-x86_64-clang 1.9.2 111.39 NOTE
r-devel-windows-ix86+x86_64 1.9.2 8.00 120.00 128.00 OK
r-patched-linux-x86_64 1.9.2 1.58 69.82 71.40 OK
r-patched-solaris-sparc 1.9.2 875.00 OK
r-patched-solaris-x86 1.9.2 170.90 OK
r-release-linux-ix86 1.9.2 2.40 87.81 90.20 OK
r-release-linux-x86_64 1.9.2 1.67 70.74 72.40 OK
r-release-osx-x86_64-mavericks 1.9.2 NOTE
r-release-osx-x86_64-snowleopard 1.9.2 OK
r-release-windows-ix86+x86_64 1.9.2 7.00 126.00 133.00 OK
r-oldrel-windows-ix86+x86_64 1.9.2 7.00 124.00 131.00 OK

Check Details

Version: 1.9.2
Check: R code for possible problems
Result: NOTE
    copula.grid: no visible binding for global variable ‘dCopula’
    copula.grid: no visible global function definition for ‘rCopula’
    copula.grid: no visible binding for global variable ‘pCopula’
Flavors: r-devel-linux-x86_64-fedora-clang, r-devel-linux-x86_64-fedora-gcc, r-devel-osx-x86_64-clang, r-release-osx-x86_64-mavericks

Version: 1.9.2
Check: package dependencies
Result: NOTE
    Package suggested but not available for checking: ‘copula’
Flavor: r-release-osx-x86_64-mavericks