CRAN Package Check Results for Package ks

Last updated on 2014-11-22 11:49:14.

Flavor Version Tinstall Tcheck Ttotal Status Flags
r-devel-linux-x86_64-debian-clang 1.9.3 1.85 67.33 69.18 OK
r-devel-linux-x86_64-debian-gcc 1.9.3 1.62 65.88 67.50 OK
r-devel-linux-x86_64-fedora-clang 1.9.3 135.27 OK
r-devel-linux-x86_64-fedora-gcc 1.9.3 127.05 OK
r-devel-osx-x86_64-clang 1.9.3 116.04 OK
r-devel-windows-ix86+x86_64 1.9.3 7.00 161.00 168.00 OK
r-patched-linux-x86_64 1.9.3 1.83 70.52 72.36 OK
r-patched-solaris-sparc 1.9.3 792.00 OK
r-patched-solaris-x86 1.9.3 165.70 OK
r-release-linux-ix86 1.9.3 2.30 81.66 83.95 OK
r-release-linux-x86_64 1.9.3 1.81 70.18 72.00 OK
r-release-osx-x86_64-mavericks 1.9.3 OK
r-release-osx-x86_64-snowleopard 1.9.3 ERROR
r-release-windows-ix86+x86_64 1.9.3 11.00 131.00 142.00 OK
r-oldrel-windows-ix86+x86_64 1.9.3 7.00 131.00 138.00 OK

Check Details

Version: 1.9.3
Check: examples
Result: ERROR
    Running examples in ‘ks-Ex.R’ failed
    The error most likely occurred in:
    
    > ### Name: plot.kda
    > ### Title: Plot for kernel discriminant analysis
    > ### Aliases: plot.kda
    > ### Keywords: hplot
    >
    > ### ** Examples
    >
    > library(MASS)
    > data(iris)
    >
    > ## univariate example
    > ir <- iris[,1]
    > ir.gr <- iris[,5]
    > kda.fhat <- kda(x=ir, x.group=ir.gr, xmin=3, xmax=9)
    > plot(kda.fhat, xlab="Sepal length")
    >
    > ## bivariate example
    > ir <- iris[,1:2]
    > ir.gr <- iris[,5]
    > kda.fhat <- kda(x=ir, x.group=ir.gr)
    > plot(kda.fhat)
    >
    > ## trivariate example
    > ir <- iris[,1:3]
    > ir.gr <- iris[,5]
    > H <- Hkda(x=ir, x.group=ir.gr, bw="plugin", pilot="dscalar")
    > kda.fhat <- kda(x=ir, x.group=ir.gr, Hs=H)
    > plot(kda.fhat, asp=c(2,4,1))
    Fri Nov 21 07:26:52 hagal.research.att.com R[64292] <Error>: unknown error code: invalid pixel format
    Fri Nov 21 07:26:52 hagal.research.att.com R[64292] <Error>: kCGErrorFailure: Set a breakpoint @ CGErrorBreakpoint() to catch errors as they are logged.
    X Error of failed request: GLXBadContext
     Major opcode of failed request: 0 ()
     Serial number of failed request: 27
     Current serial number in output stream: 27
Flavor: r-release-osx-x86_64-snowleopard