CRAN Package Check Results for Package ks

Last updated on 2014-07-26 11:52:22.

Flavor Version Tinstall Tcheck Ttotal Status Flags
r-devel-linux-x86_64-debian-clang 1.9.2 1.62 67.96 69.58 OK
r-devel-linux-x86_64-debian-gcc 1.9.2 1.78 67.54 69.32 OK
r-devel-linux-x86_64-fedora-clang 1.9.2 149.76 OK
r-devel-linux-x86_64-fedora-gcc 1.9.2 137.74 OK
r-devel-osx-x86_64-clang 1.9.2 113.99 OK
r-devel-windows-ix86+x86_64 1.9.2 8.00 123.00 131.00 OK
r-patched-linux-x86_64 1.9.2 1.57 68.84 70.41 OK
r-patched-solaris-sparc 1.9.2 857.30 OK
r-patched-solaris-x86 1.9.2 168.50 OK
r-release-linux-ix86 1.9.2 2.36 86.58 88.94 OK
r-release-linux-x86_64 1.9.2 1.66 68.54 70.20 OK
r-release-osx-x86_64-mavericks 1.9.2 NOTE
r-release-osx-x86_64-snowleopard 1.9.2 OK
r-release-windows-ix86+x86_64 1.9.2 8.00 124.00 132.00 OK
r-oldrel-windows-ix86+x86_64 1.9.2 7.00 133.00 140.00 OK

Check Details

Version: 1.9.2
Check: package dependencies
Result: NOTE
    Package suggested but not available for checking: ‘copula’
Flavor: r-release-osx-x86_64-mavericks

Version: 1.9.2
Check: R code for possible problems
Result: NOTE
    copula.grid: no visible binding for global variable ‘dCopula’
    copula.grid: no visible global function definition for ‘rCopula’
    copula.grid: no visible binding for global variable ‘pCopula’
Flavor: r-release-osx-x86_64-mavericks