CRAN Package Check Results for Package ks

Last updated on 2014-04-19 05:47:46.

Flavor Version Tinstall Tcheck Ttotal Status Flags
r-devel-linux-x86_64-debian-clang 1.9.1 1.77 55.74 57.51 ERROR
r-devel-linux-x86_64-debian-gcc 1.9.1 1.68 57.24 58.93 ERROR
r-devel-linux-x86_64-fedora-clang 1.9.1 56.54 ERROR
r-devel-linux-x86_64-fedora-gcc 1.9.1 54.43 ERROR
r-devel-macosx-x86_64-clang 1.9.1 77.33 ERROR
r-devel-macosx-x86_64-gcc 1.9.1 OK
r-devel-windows-ix86+x86_64 1.9.1 6.00 91.00 97.00 ERROR
r-patched-linux-x86_64 1.9.1 1.83 72.29 74.12 OK
r-patched-solaris-sparc 1.9.1 819.20 OK
r-patched-solaris-x86 1.9.1 107.60 ERROR
r-release-linux-ix86 1.9.1 4.00 111.00 115.00 OK
r-release-linux-x86_64 1.9.1 1.79 54.98 56.77 ERROR
r-release-macosx-x86_64 1.9.1 OK
r-release-windows-ix86+x86_64 1.9.1 7.00 123.00 130.00 OK
r-oldrel-windows-ix86+x86_64 1.9.1 8.00 98.00 106.00 ERROR

Check Details

Version: 1.9.1
Check: examples
Result: ERROR
    Running examples in ‘ks-Ex.R’ failed
    The error most likely occurred in:
    
    > ### Name: plot.kroc
    > ### Title: Plot for kernel receiver operating characteristic curve (ROC)
    > ### estimate
    > ### Aliases: plot.kroc
    > ### Keywords: hplot
    >
    > ### ** Examples
    >
    > library(MASS)
    > data(iris)
    > x1 <- iris[iris[,5]=="versicolor",1:2]
    > x2 <- iris[iris[,5]=="virginica",1:2]
    > Rhat <- kroc(x1=x1, x2=x2, nref=1e3)
    Error in smooth.spline(Rhat.trans$eval.points, Rhat.trans$estimate) :
     'tol' must be strictly positive and finite
    Calls: kroc -> kroc.transform -> smooth.spline
    Execution halted
Flavors: r-devel-linux-x86_64-debian-clang, r-devel-linux-x86_64-debian-gcc, r-devel-linux-x86_64-fedora-clang, r-devel-linux-x86_64-fedora-gcc, r-devel-macosx-x86_64-clang, r-patched-solaris-x86, r-release-linux-x86_64

Version: 1.9.1
Check: running examples for arch 'i386'
Result: ERROR
    Running examples in 'ks-Ex.R' failed
    The error most likely occurred in:
    
    > ### Name: plot.kroc
    > ### Title: Plot for kernel receiver operating characteristic curve (ROC)
    > ### estimate
    > ### Aliases: plot.kroc
    > ### Keywords: hplot
    >
    > ### ** Examples
    >
    > library(MASS)
    > data(iris)
    > x1 <- iris[iris[,5]=="versicolor",1:2]
    > x2 <- iris[iris[,5]=="virginica",1:2]
    > Rhat <- kroc(x1=x1, x2=x2, nref=1e3)
    Error in smooth.spline(Rhat.trans$eval.points, Rhat.trans$estimate) :
     'tol' must be strictly positive and finite
    Calls: kroc -> kroc.transform -> smooth.spline
    Execution halted
Flavors: r-devel-windows-ix86+x86_64, r-oldrel-windows-ix86+x86_64

Version: 1.9.1
Check: running examples for arch 'x64'
Result: ERROR
    Running examples in 'ks-Ex.R' failed
    The error most likely occurred in:
    
    > ### Name: plot.kroc
    > ### Title: Plot for kernel receiver operating characteristic curve (ROC)
    > ### estimate
    > ### Aliases: plot.kroc
    > ### Keywords: hplot
    >
    > ### ** Examples
    >
    > library(MASS)
    > data(iris)
    > x1 <- iris[iris[,5]=="versicolor",1:2]
    > x2 <- iris[iris[,5]=="virginica",1:2]
    > Rhat <- kroc(x1=x1, x2=x2, nref=1e3)
    Error in smooth.spline(Rhat.trans$eval.points, Rhat.trans$estimate) :
     'tol' must be strictly positive and finite
    Calls: kroc -> kroc.transform -> smooth.spline
    Execution halted
Flavors: r-devel-windows-ix86+x86_64, r-oldrel-windows-ix86+x86_64