CRAN Package Check Results for Package ks

Last updated on 2014-12-21 07:48:25.

Flavor Version Tinstall Tcheck Ttotal Status Flags
r-devel-linux-x86_64-debian-clang 1.9.3 1.78 68.08 69.86 OK
r-devel-linux-x86_64-debian-gcc 1.9.3 1.73 64.84 66.56 OK
r-devel-linux-x86_64-fedora-clang 1.9.3 136.92 OK
r-devel-linux-x86_64-fedora-gcc 1.9.3 123.80 OK
r-devel-osx-x86_64-clang 1.9.3 116.57 OK
r-devel-windows-ix86+x86_64 1.9.3 8.00 120.00 128.00 OK
r-patched-linux-x86_64 1.9.3 1.69 69.89 71.58 OK
r-patched-solaris-sparc 1.9.3 792.00 OK
r-patched-solaris-x86 1.9.3 169.20 OK
r-release-linux-ix86 1.9.3 2.37 82.33 84.70 OK
r-release-linux-x86_64 1.9.3 1.78 68.95 70.73 OK
r-release-osx-x86_64-mavericks 1.9.3 OK
r-release-osx-x86_64-snowleopard 1.9.3 ERROR
r-release-windows-ix86+x86_64 1.9.3 10.00 124.00 134.00 OK
r-oldrel-windows-ix86+x86_64 1.9.3 9.00 141.00 150.00 OK

Check Details

Version: 1.9.3
Check: examples
Result: ERROR
    Running examples in ‘ks-Ex.R’ failed
    The error most likely occurred in:
    
    > ### Name: plot.kda
    > ### Title: Plot for kernel discriminant analysis
    > ### Aliases: plot.kda
    > ### Keywords: hplot
    >
    > ### ** Examples
    >
    > library(MASS)
    > data(iris)
    >
    > ## univariate example
    > ir <- iris[,1]
    > ir.gr <- iris[,5]
    > kda.fhat <- kda(x=ir, x.group=ir.gr, xmin=3, xmax=9)
    > plot(kda.fhat, xlab="Sepal length")
    >
    > ## bivariate example
    > ir <- iris[,1:2]
    > ir.gr <- iris[,5]
    > kda.fhat <- kda(x=ir, x.group=ir.gr)
    > plot(kda.fhat)
    >
    > ## trivariate example
    > ir <- iris[,1:3]
    > ir.gr <- iris[,5]
    > H <- Hkda(x=ir, x.group=ir.gr, bw="plugin", pilot="dscalar")
    > kda.fhat <- kda(x=ir, x.group=ir.gr, Hs=H)
    > plot(kda.fhat, asp=c(2,4,1))
    Sat Dec 20 07:32:24 hagal.research.att.com R[73303] <Error>: unknown error code: invalid pixel format
    Sat Dec 20 07:32:24 hagal.research.att.com R[73303] <Error>: kCGErrorFailure: Set a breakpoint @ CGErrorBreakpoint() to catch errors as they are logged.
    X Error of failed request: GLXBadContext
     Major opcode of failed request: 0 ()
     Serial number of failed request: 27
     Current serial number in output stream: 27
Flavor: r-release-osx-x86_64-snowleopard