CRAN Package Check Results for Package ks

Last updated on 2015-04-21 03:49:30.

Flavor Version Tinstall Tcheck Ttotal Status Flags
r-devel-linux-x86_64-debian-clang 1.9.4 1.44 62.78 64.22 OK
r-devel-linux-x86_64-debian-gcc 1.9.4 1.60 66.28 67.88 OK
r-devel-linux-x86_64-fedora-clang 1.9.4 124.39 OK
r-devel-linux-x86_64-fedora-gcc 1.9.4 118.47 OK
r-devel-osx-x86_64-clang 1.9.4 107.03 OK
r-devel-windows-ix86+x86_64 1.9.4 9.00 129.00 138.00 OK
r-patched-linux-x86_64 1.9.4 1.46 64.71 66.16 OK
r-patched-solaris-sparc 1.9.4 827.80 OK
r-patched-solaris-x86 1.9.4 149.60 OK
r-release-linux-x86_64 1.9.4 1.88 62.52 64.40 OK
r-release-osx-x86_64-mavericks 1.9.4 OK
r-release-osx-x86_64-snowleopard 1.9.4 ERROR
r-release-windows-ix86+x86_64 1.9.4 5.00 113.00 118.00 OK
r-oldrel-windows-ix86+x86_64 1.9.4 5.00 117.00 122.00 OK

Check Details

Version: 1.9.4
Check: examples
Result: ERROR
    Running examples in ‘ks-Ex.R’ failed
    The error most likely occurred in:
    
    > ### Name: plot.kda
    > ### Title: Plot for kernel discriminant analysis
    > ### Aliases: plot.kda
    > ### Keywords: hplot
    >
    > ### ** Examples
    >
    > library(MASS)
    > data(iris)
    >
    > ## univariate example
    > ir <- iris[,1]
    > ir.gr <- iris[,5]
    > kda.fhat <- kda(x=ir, x.group=ir.gr, xmin=3, xmax=9)
    > plot(kda.fhat, xlab="Sepal length")
    >
    > ## bivariate example
    > ir <- iris[,1:2]
    > ir.gr <- iris[,5]
    > kda.fhat <- kda(x=ir, x.group=ir.gr)
    > plot(kda.fhat)
    >
    > ## trivariate example
    > ir <- iris[,1:3]
    > ir.gr <- iris[,5]
    > H <- Hkda(x=ir, x.group=ir.gr, bw="plugin", pilot="dscalar")
    > kda.fhat <- kda(x=ir, x.group=ir.gr, Hs=H)
    > plot(kda.fhat)
    Mon Apr 20 07:06:51 hagal.research.att.com R[38853] <Error>: unknown error code: invalid pixel format
    Mon Apr 20 07:06:51 hagal.research.att.com R[38853] <Error>: kCGErrorFailure: Set a breakpoint @ CGErrorBreakpoint() to catch errors as they are logged.
    X Error of failed request: GLXBadContext
     Major opcode of failed request: 0 ()
     Serial number of failed request: 27
     Current serial number in output stream: 27
Flavor: r-release-osx-x86_64-snowleopard