CRAN Package Check Results for Package ks

Last updated on 2016-10-01 10:47:41.

Flavor Version Tinstall Tcheck Ttotal Status Flags
r-devel-linux-x86_64-debian-clang 1.10.4 2.50 63.44 65.94 OK
r-devel-linux-x86_64-debian-gcc 1.10.4 2.55 63.29 65.84 OK
r-devel-linux-x86_64-fedora-clang 1.10.4 118.11 OK
r-devel-linux-x86_64-fedora-gcc 1.10.4 107.06 OK
r-devel-macos-x86_64-clang 1.10.4 89.07 OK
r-devel-windows-ix86+x86_64 1.10.4 18.00 155.00 173.00 OK
r-patched-linux-x86_64 1.10.4 2.59 59.32 61.91 OK
r-patched-solaris-sparc 1.10.4 678.20 OK
r-patched-solaris-x86 1.10.4 171.80 OK
r-release-linux-x86_64 1.10.4 2.85 59.85 62.70 OK
r-release-osx-x86_64-mavericks 1.10.4 WARN
r-release-windows-ix86+x86_64 1.10.4 9.00 172.00 181.00 OK
r-oldrel-windows-ix86+x86_64 1.10.4 17.00 167.00 184.00 OK

Check Details

Version: 1.10.4
Check: whether package can be installed
Result: WARN
    Found the following significant warnings:
     Warning: 'rgl_init' failed, running with rgl.useNULL = TRUE
Flavor: r-release-osx-x86_64-mavericks

Version: 1.10.4
Check: dependencies in R code
Result: NOTE
    Invalid MIT-MAGIC-COOKIE-1 key
Flavor: r-release-osx-x86_64-mavericks

Version: 1.10.4
Check: S3 generic/method consistency
Result: WARN
    Invalid MIT-MAGIC-COOKIE-1 key
    See section ‘Generic functions and methods’ in the ‘Writing R
    Extensions’ manual.
Flavor: r-release-osx-x86_64-mavericks

Version: 1.10.4
Check: replacement functions
Result: WARN
    Invalid MIT-MAGIC-COOKIE-1 key
    The argument of a replacement function which corresponds to the right
    hand side must be named ‘value’.
Flavor: r-release-osx-x86_64-mavericks

Version: 1.10.4
Check: foreign function calls
Result: NOTE
    Invalid MIT-MAGIC-COOKIE-1 key
    See chapter ‘System and foreign language interfaces’ in the ‘Writing R
    Extensions’ manual.
Flavor: r-release-osx-x86_64-mavericks

Version: 1.10.4
Check: R code for possible problems
Result: NOTE
    Invalid MIT-MAGIC-COOKIE-1 key
Flavor: r-release-osx-x86_64-mavericks

Version: 1.10.4
Check: for missing documentation entries
Result: WARN
    Invalid MIT-MAGIC-COOKIE-1 key
    All user-level objects in a package should have documentation entries.
    See chapter ‘Writing R documentation files’ in the ‘Writing R
    Extensions’ manual.
Flavor: r-release-osx-x86_64-mavericks

Version: 1.10.4
Check: for code/documentation mismatches
Result: WARN
    Invalid MIT-MAGIC-COOKIE-1 key
    Invalid MIT-MAGIC-COOKIE-1 key
    Invalid MIT-MAGIC-COOKIE-1 key
Flavor: r-release-osx-x86_64-mavericks

Version: 1.10.4
Check: Rd \usage sections
Result: NOTE
    Invalid MIT-MAGIC-COOKIE-1 key
    The \usage entries for S3 methods should use the \method markup and not
    their full name.
    See chapter ‘Writing R documentation files’ in the ‘Writing R
    Extensions’ manual.
Flavor: r-release-osx-x86_64-mavericks