CRAN Package Check Results for Package ks

Last updated on 2015-02-28 02:48:48.

Flavor Version Tinstall Tcheck Ttotal Status Flags
r-devel-linux-x86_64-debian-clang 1.9.3 1.54 64.05 65.59 NOTE
r-devel-linux-x86_64-debian-gcc 1.9.3 1.48 61.74 63.22 NOTE
r-devel-linux-x86_64-fedora-clang 1.9.3 127.05 NOTE
r-devel-linux-x86_64-fedora-gcc 1.9.3 122.72 NOTE
r-devel-osx-x86_64-clang 1.9.3 112.66 NOTE
r-devel-windows-ix86+x86_64 1.9.3 10.00 121.00 131.00 NOTE
r-patched-linux-x86_64 1.9.3 1.81 70.85 72.66 OK
r-patched-solaris-sparc 1.9.3 853.80 OK
r-release-linux-ix86 1.9.3 2.38 92.12 94.50 OK
r-release-linux-x86_64 1.9.3 1.82 73.95 75.77 OK
r-release-osx-x86_64-mavericks 1.9.3 OK
r-release-osx-x86_64-snowleopard 1.9.3 ERROR
r-release-windows-ix86+x86_64 1.9.3 7.00 128.00 135.00 OK
r-oldrel-windows-ix86+x86_64 1.9.3 8.00 132.00 140.00 OK

Check Details

Version: 1.9.3
Check: DESCRIPTION meta-information
Result: NOTE
    Malformed Description field: should contain one or more complete sentences.
Flavors: r-devel-linux-x86_64-debian-clang, r-devel-linux-x86_64-debian-gcc, r-devel-linux-x86_64-fedora-clang, r-devel-linux-x86_64-fedora-gcc, r-devel-osx-x86_64-clang, r-devel-windows-ix86+x86_64

Version: 1.9.3
Check: examples
Result: ERROR
    Running examples in ‘ks-Ex.R’ failed
    The error most likely occurred in:
    
    > ### Name: plot.kda
    > ### Title: Plot for kernel discriminant analysis
    > ### Aliases: plot.kda
    > ### Keywords: hplot
    >
    > ### ** Examples
    >
    > library(MASS)
    > data(iris)
    >
    > ## univariate example
    > ir <- iris[,1]
    > ir.gr <- iris[,5]
    > kda.fhat <- kda(x=ir, x.group=ir.gr, xmin=3, xmax=9)
    > plot(kda.fhat, xlab="Sepal length")
    >
    > ## bivariate example
    > ir <- iris[,1:2]
    > ir.gr <- iris[,5]
    > kda.fhat <- kda(x=ir, x.group=ir.gr)
    > plot(kda.fhat)
    >
    > ## trivariate example
    > ir <- iris[,1:3]
    > ir.gr <- iris[,5]
    > H <- Hkda(x=ir, x.group=ir.gr, bw="plugin", pilot="dscalar")
    > kda.fhat <- kda(x=ir, x.group=ir.gr, Hs=H)
    > plot(kda.fhat, asp=c(2,4,1))
    Fri Feb 27 08:48:47 hagal.research.att.com R[60407] <Error>: unknown error code: invalid pixel format
    Fri Feb 27 08:48:47 hagal.research.att.com R[60407] <Error>: kCGErrorFailure: Set a breakpoint @ CGErrorBreakpoint() to catch errors as they are logged.
    X Error of failed request: GLXBadContext
     Major opcode of failed request: 0 ()
     Serial number of failed request: 27
     Current serial number in output stream: 27
Flavor: r-release-osx-x86_64-snowleopard