CRAN Package Check Results for Package kst

Last updated on 2018-01-21 14:47:30 CET.

Flavor Version Tinstall Tcheck Ttotal Status Flags
r-devel-linux-x86_64-debian-clang 0.3-0 1.13 36.87 38.00 NOTE
r-devel-linux-x86_64-debian-gcc 0.3-0 0.88 28.69 29.57 NOTE
r-devel-linux-x86_64-fedora-clang 0.3-0 45.10 NOTE
r-devel-linux-x86_64-fedora-gcc 0.3-0 42.94 NOTE
r-devel-windows-ix86+x86_64 0.3-0 3.00 55.00 58.00 OK
r-patched-linux-x86_64 0.3-0 1.28 34.91 36.19 OK
r-patched-solaris-x86 0.3-0 60.30 OK
r-release-linux-x86_64 0.3-0 1.37 34.67 36.04 OK
r-release-windows-ix86+x86_64 0.3-0 4.00 66.00 70.00 OK
r-release-osx-x86_64 0.3-0 ERROR
r-oldrel-windows-ix86+x86_64 0.3-0 4.00 65.00 69.00 OK
r-oldrel-osx-x86_64 0.3-0 ERROR

Check Details

Version: 0.3-0
Check: DESCRIPTION meta-information
Result: NOTE
    Dependence on R version ‘3.3.3’ not with patchlevel 0
Flavors: r-devel-linux-x86_64-debian-clang, r-devel-linux-x86_64-debian-gcc, r-devel-linux-x86_64-fedora-clang, r-devel-linux-x86_64-fedora-gcc

Version: 0.3-0
Check: package dependencies
Result: ERROR
    Package required and available but unsuitable version: ‘relations’
    
    See section ‘The DESCRIPTION file’ in the ‘Writing R Extensions’
    manual.
Flavor: r-release-osx-x86_64

Version: 0.3-0
Check: whether package can be installed
Result: ERROR
    Installation failed.
Flavor: r-oldrel-osx-x86_64