CRAN Package Check Results for Package kst

Last updated on 2015-07-03 23:47:38.

Flavor Version Tinstall Tcheck Ttotal Status Flags
r-devel-linux-x86_64-debian-clang 0.2-1 0.84 21.06 21.90 NOTE
r-devel-linux-x86_64-debian-gcc 0.2-1 0.84 20.40 21.24 NOTE
r-devel-linux-x86_64-fedora-clang 0.2-1 41.93 NOTE
r-devel-linux-x86_64-fedora-gcc 0.2-1 38.97 NOTE
r-devel-osx-x86_64-clang 0.2-1 40.93 NOTE
r-devel-windows-ix86+x86_64 0.2-1 5.00 60.00 65.00 NOTE
r-patched-linux-x86_64 0.2-1 0.81 20.38 21.19 NOTE
r-patched-solaris-sparc 0.2-1 274.20 NOTE
r-patched-solaris-x86 0.2-1 59.30 NOTE
r-release-linux-x86_64 0.2-1 0.77 20.92 21.69 NOTE
r-release-osx-x86_64-mavericks 0.2-1 NOTE
r-release-windows-ix86+x86_64 0.2-1 4.00 36.00 40.00 NOTE
r-oldrel-windows-ix86+x86_64 0.2-1 5.00 47.00 52.00 NOTE

Check Details

Version: 0.2-1
Check: dependencies in R code
Result: NOTE
    'library' or 'require' call to ‘Rgraphviz’ in package code.
     Please use :: or requireNamespace() instead.
     See section 'Suggested packages' in the 'Writing R Extensions' manual.
Flavors: r-devel-linux-x86_64-debian-clang, r-devel-linux-x86_64-debian-gcc, r-devel-linux-x86_64-fedora-clang, r-devel-linux-x86_64-fedora-gcc, r-devel-osx-x86_64-clang, r-devel-windows-ix86+x86_64, r-patched-linux-x86_64, r-patched-solaris-sparc, r-patched-solaris-x86, r-release-linux-x86_64, r-release-osx-x86_64-mavericks, r-release-windows-ix86+x86_64, r-oldrel-windows-ix86+x86_64

Version: 0.2-1
Check: R code for possible problems
Result: NOTE
    closure.kstructure: no visible global function definition for
     ‘binary_closure’
    closure.kstructure: no visible global function definition for ‘as.set’
    closure.kstructure : <anonymous>: no visible global function definition
     for ‘as.set’
    kassess: no visible global function definition for ‘as.set’
    katoms: no visible global function definition for ‘as.set’
    katoms: no visible global function definition for ‘set’
    katoms: no visible binding for global variable ‘set_is_subset’
    kbase: no visible global function definition for ‘as.set’
    kdomain: no visible global function definition for ‘as.set’
    kfringe: no visible global function definition for
     ‘set_contains_element’
    kfringe_inner: no visible global function definition for ‘set_outer’
    kfringe_inner: no visible binding for global variable
     ‘set_is_proper_subset’
    kfringe_inner: no visible global function definition for ‘relation’
    kfringe_inner: no visible global function definition for
     ‘relation_domain’
    kfringe_inner: no visible global function definition for
     ‘relation_incidence’
    kfringe_inner: no visible global function definition for
     ‘transitive_reduction’
    kfringe_inner: no visible global function definition for ‘set’
    kfringe_inner: no visible global function definition for ‘set_symdiff’
    kfringe_inner: no visible global function definition for ‘LABEL’
    kfringe_outer: no visible global function definition for ‘set_outer’
    kfringe_outer: no visible binding for global variable
     ‘set_is_proper_subset’
    kfringe_outer: no visible global function definition for ‘relation’
    kfringe_outer: no visible global function definition for
     ‘relation_domain’
    kfringe_outer: no visible global function definition for
     ‘relation_incidence’
    kfringe_outer: no visible global function definition for
     ‘transitive_reduction’
    kfringe_outer: no visible global function definition for ‘set’
    kfringe_outer: no visible global function definition for ‘set_symdiff’
    kfringe_outer: no visible global function definition for ‘LABEL’
    knotions: no visible global function definition for ‘set’
    knotions: no visible global function definition for ‘as.set’
    kspace: no visible global function definition for ‘set’
    kstructure: no visible global function definition for
     ‘relation_incidence’
    kstructure: no visible global function definition for ‘as.set’
    kstructure : <anonymous>: no visible global function definition for
     ‘as.set’
    kstructure: no visible binding for global variable ‘as.set’
    kstructure_is_wellgraded: no visible global function definition for
     ‘tuple’
    ktrace: no visible global function definition for ‘as.set’
    ktrace: no visible binding for global variable ‘set_intersection’
    kvalidate: no visible global function definition for ‘as.set’
    kvalidate: no visible global function definition for
     ‘relation_incidence’
    kvalidate: no visible global function definition for ‘set’
    lpath: no visible global function definition for ‘set_outer’
    lpath: no visible binding for global variable ‘set_is_proper_subset’
    lpath: no visible global function definition for ‘relation’
    lpath: no visible global function definition for ‘relation_domain’
    lpath: no visible global function definition for ‘relation_incidence’
    lpath: no visible global function definition for ‘transitive_reduction’
    lpath : FUN: no visible global function definition for ‘as.tuple’
    plot.kstructure: no visible global function definition for ‘set_outer’
    plot.kstructure: no visible binding for global variable ‘set_is_subset’
    plot.kstructure: no visible global function definition for ‘plot’
    plot.kstructure: no visible global function definition for ‘relation’
    reduction.kstructure: no visible global function definition for ‘set’
    reduction.kstructure: no visible global function definition for
     ‘set_is_subset’
    reduction.kstructure: no visible global function definition for
     ‘set_union’
    reduction.kstructure: no visible global function definition for
     ‘set_symdiff’
    reduction.kstructure: no visible global function definition for
     ‘as.set’
    Undefined global functions or variables:
     LABEL as.set as.tuple binary_closure plot relation relation_domain
     relation_incidence set set_contains_element set_intersection
     set_is_proper_subset set_is_subset set_outer set_symdiff set_union
     transitive_reduction tuple
Flavors: r-devel-linux-x86_64-debian-clang, r-devel-linux-x86_64-debian-gcc, r-devel-linux-x86_64-fedora-clang, r-devel-linux-x86_64-fedora-gcc, r-devel-windows-ix86+x86_64

Version: 0.2-1
Check: R code for possible problems
Result: NOTE
    closure.kstructure: no visible global function definition for
     ‘binary_closure’
    closure.kstructure: no visible global function definition for ‘as.set’
    closure.kstructure : <anonymous>: no visible global function definition
     for ‘as.set’
    kassess: no visible global function definition for ‘as.set’
    katoms: no visible global function definition for ‘as.set’
    katoms: no visible global function definition for ‘set’
    katoms: no visible binding for global variable ‘set_is_subset’
    kbase: no visible global function definition for ‘as.set’
    kdomain: no visible global function definition for ‘as.set’
    kfringe: no visible global function definition for
     ‘set_contains_element’
    kfringe_inner: no visible global function definition for ‘set_outer’
    kfringe_inner: no visible binding for global variable
     ‘set_is_proper_subset’
    kfringe_inner: no visible global function definition for ‘relation’
    kfringe_inner: no visible global function definition for
     ‘relation_domain’
    kfringe_inner: no visible global function definition for
     ‘relation_incidence’
    kfringe_inner: no visible global function definition for
     ‘transitive_reduction’
    kfringe_inner: no visible global function definition for ‘set’
    kfringe_inner: no visible global function definition for ‘set_symdiff’
    kfringe_inner: no visible global function definition for ‘LABEL’
    kfringe_outer: no visible global function definition for ‘set_outer’
    kfringe_outer: no visible binding for global variable
     ‘set_is_proper_subset’
    kfringe_outer: no visible global function definition for ‘relation’
    kfringe_outer: no visible global function definition for
     ‘relation_domain’
    kfringe_outer: no visible global function definition for
     ‘relation_incidence’
    kfringe_outer: no visible global function definition for
     ‘transitive_reduction’
    kfringe_outer: no visible global function definition for ‘set’
    kfringe_outer: no visible global function definition for ‘set_symdiff’
    kfringe_outer: no visible global function definition for ‘LABEL’
    knotions: no visible global function definition for ‘set’
    knotions: no visible global function definition for ‘as.set’
    kspace: no visible global function definition for ‘set’
    kstructure: no visible global function definition for
     ‘relation_incidence’
    kstructure: no visible global function definition for ‘as.set’
    kstructure : <anonymous>: no visible global function definition for
     ‘as.set’
    kstructure: no visible binding for global variable ‘as.set’
    kstructure_is_wellgraded: no visible global function definition for
     ‘tuple’
    ktrace: no visible global function definition for ‘as.set’
    ktrace: no visible binding for global variable ‘set_intersection’
    kvalidate: no visible global function definition for ‘as.set’
    kvalidate: no visible global function definition for
     ‘relation_incidence’
    kvalidate: no visible global function definition for ‘set’
    lpath: no visible global function definition for ‘set_outer’
    lpath: no visible binding for global variable ‘set_is_proper_subset’
    lpath: no visible global function definition for ‘relation’
    lpath: no visible global function definition for ‘relation_domain’
    lpath: no visible global function definition for ‘relation_incidence’
    lpath: no visible global function definition for ‘transitive_reduction’
    lpath : FUN: no visible global function definition for ‘as.tuple’
    plot.kstructure: no visible global function definition for ‘set_outer’
    plot.kstructure: no visible binding for global variable ‘set_is_subset’
    plot.kstructure: no visible global function definition for ‘relation’
    reduction.kstructure: no visible global function definition for ‘set’
    reduction.kstructure: no visible global function definition for
     ‘set_is_subset’
    reduction.kstructure: no visible global function definition for
     ‘set_union’
    reduction.kstructure: no visible global function definition for
     ‘set_symdiff’
    reduction.kstructure: no visible global function definition for
     ‘as.set’
    Undefined global functions or variables:
     LABEL as.set as.tuple binary_closure relation relation_domain
     relation_incidence set set_contains_element set_intersection
     set_is_proper_subset set_is_subset set_outer set_symdiff set_union
     transitive_reduction tuple
Flavor: r-devel-osx-x86_64-clang

Version: 0.2-1
Check: R code for possible problems
Result: NOTE
    closure.kstructure: no visible global function definition for
     ‘binary_closure’
    closure.kstructure: no visible global function definition for ‘as.set’
    closure.kstructure : <anonymous>: no visible global function definition
     for ‘as.set’
    kassess: no visible global function definition for ‘as.set’
    katoms: no visible global function definition for ‘as.set’
    katoms: no visible global function definition for ‘set’
    katoms: no visible binding for global variable ‘set_is_subset’
    kbase: no visible global function definition for ‘as.set’
    kdomain: no visible global function definition for ‘as.set’
    kfringe: no visible global function definition for
     ‘set_contains_element’
    kfringe_inner: no visible global function definition for ‘set_outer’
    kfringe_inner: no visible binding for global variable
     ‘set_is_proper_subset’
    kfringe_inner: no visible global function definition for ‘relation’
    kfringe_inner: no visible global function definition for
     ‘relation_domain’
    kfringe_inner: no visible global function definition for
     ‘relation_incidence’
    kfringe_inner: no visible global function definition for
     ‘transitive_reduction’
    kfringe_inner: no visible global function definition for ‘set’
    kfringe_inner: no visible global function definition for ‘set_symdiff’
    kfringe_inner: no visible global function definition for ‘LABEL’
    kfringe_outer: no visible global function definition for ‘set_outer’
    kfringe_outer: no visible binding for global variable
     ‘set_is_proper_subset’
    kfringe_outer: no visible global function definition for ‘relation’
    kfringe_outer: no visible global function definition for
     ‘relation_domain’
    kfringe_outer: no visible global function definition for
     ‘relation_incidence’
    kfringe_outer: no visible global function definition for
     ‘transitive_reduction’
    kfringe_outer: no visible global function definition for ‘set’
    kfringe_outer: no visible global function definition for ‘set_symdiff’
    kfringe_outer: no visible global function definition for ‘LABEL’
    knotions: no visible global function definition for ‘set’
    knotions: no visible global function definition for ‘as.set’
    kspace: no visible global function definition for ‘set’
    kstructure: no visible global function definition for
     ‘relation_incidence’
    kstructure: no visible global function definition for ‘as.set’
    kstructure : <anonymous>: no visible global function definition for
     ‘as.set’
    kstructure: no visible binding for global variable ‘as.set’
    kstructure_is_wellgraded: no visible global function definition for
     ‘tuple’
    ktrace: no visible global function definition for ‘as.set’
    ktrace: no visible binding for global variable ‘set_intersection’
    kvalidate: no visible global function definition for ‘as.set’
    kvalidate: no visible global function definition for
     ‘relation_incidence’
    kvalidate: no visible global function definition for ‘set’
    lpath: no visible global function definition for ‘set_outer’
    lpath: no visible binding for global variable ‘set_is_proper_subset’
    lpath: no visible global function definition for ‘relation’
    lpath: no visible global function definition for ‘relation_domain’
    lpath: no visible global function definition for ‘relation_incidence’
    lpath: no visible global function definition for ‘transitive_reduction’
    lpath : FUN: no visible global function definition for ‘as.tuple’
    plot.kstructure: no visible global function definition for ‘set_outer’
    plot.kstructure: no visible binding for global variable ‘set_is_subset’
    plot.kstructure: no visible global function definition for ‘relation’
    reduction.kstructure: no visible global function definition for ‘set’
    reduction.kstructure: no visible global function definition for
     ‘set_is_subset’
    reduction.kstructure: no visible global function definition for
     ‘set_union’
    reduction.kstructure: no visible global function definition for
     ‘set_symdiff’
    reduction.kstructure: no visible global function definition for
     ‘as.set’
Flavors: r-patched-linux-x86_64, r-patched-solaris-sparc, r-patched-solaris-x86, r-release-linux-x86_64, r-release-osx-x86_64-mavericks, r-release-windows-ix86+x86_64, r-oldrel-windows-ix86+x86_64