CRAN Package Check Results for Package kst

Last updated on 2014-10-25 22:47:56.

Flavor Version Tinstall Tcheck Ttotal Status Flags
r-devel-linux-x86_64-debian-clang 0.2-1 0.95 23.62 24.58 NOTE
r-devel-linux-x86_64-debian-gcc 0.2-1 0.94 23.66 24.60 NOTE
r-devel-linux-x86_64-fedora-clang 0.2-1 52.24 NOTE
r-devel-linux-x86_64-fedora-gcc 0.2-1 51.00 NOTE
r-devel-osx-x86_64-clang 0.2-1 56.96 NOTE
r-devel-windows-ix86+x86_64 0.2-1 4.00 42.00 46.00 NOTE
r-patched-linux-x86_64 0.2-1 0.97 24.60 25.56 NOTE
r-patched-solaris-sparc 0.2-1 296.10 NOTE
r-patched-solaris-x86 0.2-1 68.50 NOTE
r-release-linux-ix86 0.2-1 1.34 34.38 35.72 OK
r-release-linux-x86_64 0.2-1 1.42 25.27 26.70 OK
r-release-osx-x86_64-mavericks 0.2-1 NOTE
r-release-osx-x86_64-snowleopard 0.2-1 NOTE
r-release-windows-ix86+x86_64 0.2-1 4.00 40.00 44.00 OK
r-oldrel-windows-ix86+x86_64 0.2-1 5.00 45.00 50.00 OK

Check Details

Version: 0.2-1
Check: R code for possible problems
Result: NOTE
    closure.kstructure: no visible global function definition for
     ‘binary_closure’
    closure.kstructure: no visible global function definition for ‘as.set’
    closure.kstructure : <anonymous>: no visible global function definition
     for ‘as.set’
    kassess: no visible global function definition for ‘as.set’
    katoms: no visible global function definition for ‘as.set’
    katoms: no visible global function definition for ‘set’
    katoms: no visible binding for global variable ‘set_is_subset’
    kbase: no visible global function definition for ‘as.set’
    kdomain: no visible global function definition for ‘as.set’
    kfringe: no visible global function definition for
     ‘set_contains_element’
    kfringe_inner: no visible global function definition for ‘set_outer’
    kfringe_inner: no visible binding for global variable
     ‘set_is_proper_subset’
    kfringe_inner: no visible global function definition for ‘relation’
    kfringe_inner: no visible global function definition for
     ‘relation_domain’
    kfringe_inner: no visible global function definition for
     ‘relation_incidence’
    kfringe_inner: no visible global function definition for
     ‘transitive_reduction’
    kfringe_inner: no visible global function definition for ‘set’
    kfringe_inner: no visible global function definition for ‘set_symdiff’
    kfringe_inner: no visible global function definition for ‘LABEL’
    kfringe_outer: no visible global function definition for ‘set_outer’
    kfringe_outer: no visible binding for global variable
     ‘set_is_proper_subset’
    kfringe_outer: no visible global function definition for ‘relation’
    kfringe_outer: no visible global function definition for
     ‘relation_domain’
    kfringe_outer: no visible global function definition for
     ‘relation_incidence’
    kfringe_outer: no visible global function definition for
     ‘transitive_reduction’
    kfringe_outer: no visible global function definition for ‘set’
    kfringe_outer: no visible global function definition for ‘set_symdiff’
    kfringe_outer: no visible global function definition for ‘LABEL’
    knotions: no visible global function definition for ‘set’
    knotions: no visible global function definition for ‘as.set’
    kspace: no visible global function definition for ‘set’
    kstructure: no visible global function definition for
     ‘relation_incidence’
    kstructure: no visible global function definition for ‘as.set’
    kstructure : <anonymous>: no visible global function definition for
     ‘as.set’
    kstructure: no visible binding for global variable ‘as.set’
    kstructure_is_wellgraded: no visible global function definition for
     ‘tuple’
    ktrace: no visible global function definition for ‘as.set’
    ktrace: no visible binding for global variable ‘set_intersection’
    kvalidate: no visible global function definition for ‘as.set’
    kvalidate: no visible global function definition for
     ‘relation_incidence’
    kvalidate: no visible global function definition for ‘set’
    lpath: no visible global function definition for ‘set_outer’
    lpath: no visible binding for global variable ‘set_is_proper_subset’
    lpath: no visible global function definition for ‘relation’
    lpath: no visible global function definition for ‘relation_domain’
    lpath: no visible global function definition for ‘relation_incidence’
    lpath: no visible global function definition for ‘transitive_reduction’
    lpath : FUN: no visible global function definition for ‘as.tuple’
    plot.kstructure: no visible global function definition for ‘set_outer’
    plot.kstructure: no visible binding for global variable ‘set_is_subset’
    plot.kstructure: no visible global function definition for ‘relation’
    reduction.kstructure: no visible global function definition for ‘set’
    reduction.kstructure: no visible global function definition for
     ‘set_is_subset’
    reduction.kstructure: no visible global function definition for
     ‘set_union’
    reduction.kstructure: no visible global function definition for
     ‘set_symdiff’
    reduction.kstructure: no visible global function definition for
     ‘as.set’
Flavors: r-devel-linux-x86_64-debian-clang, r-devel-linux-x86_64-debian-gcc, r-devel-linux-x86_64-fedora-clang, r-devel-linux-x86_64-fedora-gcc, r-devel-osx-x86_64-clang, r-devel-windows-ix86+x86_64, r-patched-linux-x86_64, r-patched-solaris-sparc, r-patched-solaris-x86

Version: 0.2-1
Check: package dependencies
Result: NOTE
    Package suggested but not available for checking: ‘Rgraphviz’
Flavors: r-release-osx-x86_64-mavericks, r-release-osx-x86_64-snowleopard

Version: 0.2-1
Check: re-building of vignette outputs
Result: NOTE
    Error in re-building vignettes:
     ...
    
    The following objects are masked from ‘package:stats’:
    
     as.dist, dist
    
    Loading required package: relations
    Loading required package: sets
    Loading required package: Rgraphviz
    Warning in library(package, lib.loc = lib.loc, character.only = TRUE, logical.return = TRUE, :
     there is no package called ‘Rgraphviz’
    Loading required package: Rgraphviz
    Warning in library(package, lib.loc = lib.loc, character.only = TRUE, logical.return = TRUE, :
     there is no package called ‘Rgraphviz’
    Error in texi2dvi(file = file, pdf = TRUE, clean = clean, quiet = quiet, :
     Running 'texi2dvi' on 'kst.tex' failed.
    LaTeX errors:
    ! LaTeX Error: File `a4wide.sty' not found.
    
    Type X to quit or <RETURN> to proceed,
    or enter new name. (Default extension: sty)
    
    t/kst/vignettes/kst.tex:4: ==> Fatal error occurred, no output PDF file produc
    ed!
    Calls: buildVignettes -> texi2pdf -> texi2dvi
    Execution halted
Flavor: r-release-osx-x86_64-mavericks

Version: 0.2-1
Check: re-building of vignette outputs
Result: NOTE
    Error in re-building vignettes:
     ...
    Loading required package: proxy
    
    Attaching package: ‘proxy’
    
    The following objects are masked from ‘package:stats’:
    
     as.dist, dist
    
    Loading required package: relations
    Loading required package: sets
    Loading required package: Rgraphviz
    Warning in library(package, lib.loc = lib.loc, character.only = TRUE, logical.return = TRUE, :
     there is no package called ‘Rgraphviz’
    Loading required package: Rgraphviz
    Warning in library(package, lib.loc = lib.loc, character.only = TRUE, logical.return = TRUE, :
     there is no package called ‘Rgraphviz’
    Error in texi2dvi(file = file, pdf = TRUE, clean = clean, quiet = quiet, :
     Running 'texi2dvi' on 'kst.tex' failed.
    LaTeX errors:
    !pdfTeX error: pdflatex (file ./kst-011.pdf): PDF inclusion: required page does
     not exist <0>
     ==> Fatal error occurred, no output PDF file produced!
    Calls: buildVignettes -> texi2pdf -> texi2dvi
    Execution halted
Flavor: r-release-osx-x86_64-snowleopard