CRAN Package Check Results for Package kst

Last updated on 2018-06-19 23:50:06 CEST.

Flavor Version Tinstall Tcheck Ttotal Status Flags
r-devel-linux-x86_64-debian-clang 0.4-0 1.78 35.22 37.00 OK
r-devel-linux-x86_64-debian-gcc 0.4-0 1.81 27.66 29.47 OK
r-devel-linux-x86_64-fedora-clang 0.4-0 45.52 OK
r-devel-linux-x86_64-fedora-gcc 0.4-0 42.91 OK
r-devel-windows-ix86+x86_64 0.4-0 6.00 71.00 77.00 OK
r-patched-linux-x86_64 0.4-0 1.46 33.72 35.18 OK
r-patched-solaris-x86 0.4-0 61.70 OK
r-release-linux-x86_64 0.4-0 1.69 33.57 35.26 OK
r-release-windows-ix86+x86_64 0.4-0 4.00 67.00 71.00 OK
r-release-osx-x86_64 0.4-0 OK
r-oldrel-windows-ix86+x86_64 0.4-0 4.00 65.00 69.00 OK
r-oldrel-osx-x86_64 0.4-0 ERROR

Check Details

Version: 0.4-0
Check: package dependencies
Result: ERROR
    Package required and available but unsuitable version: ‘relations’
    
    See section ‘The DESCRIPTION file’ in the ‘Writing R Extensions’
    manual.
Flavor: r-oldrel-osx-x86_64