CRAN Package Check Results for Package kst

Last updated on 2014-04-25 09:52:16.

Flavor Version Tinstall Tcheck Ttotal Status Flags
r-devel-linux-x86_64-debian-clang 0.2-1 1.00 25.80 26.80 OK
r-devel-linux-x86_64-debian-gcc 0.2-1 1.07 25.73 26.80 OK
r-devel-linux-x86_64-fedora-clang 0.2-1 54.87 OK
r-devel-linux-x86_64-fedora-gcc 0.2-1 52.58 OK
r-devel-osx-x86_64-clang 0.2-1 55.10 OK
r-devel-osx-x86_64-gcc 0.2-1 ERROR
r-devel-windows-ix86+x86_64 0.2-1 4.00 42.00 46.00 OK
r-patched-linux-x86_64 0.2-1 1.04 24.72 25.76 OK
r-patched-solaris-sparc 0.2-1 281.50 OK
r-patched-solaris-x86 0.2-1 69.60 OK
r-release-linux-ix86 0.2-1 2.00 47.00 49.00 OK
r-release-linux-x86_64 0.2-1 1.00 25.02 26.02 OK
r-release-osx-x86_64-mavericks 0.2-1 WARN
r-release-osx-x86_64-snowleopard 0.2-1 NOTE
r-release-windows-ix86+x86_64 0.2-1 4.00 40.00 44.00 OK
r-oldrel-windows-ix86+x86_64 0.2-1 5.00 42.00 47.00 OK

Check Details

Version: 0.2-1
Check: package dependencies
Result: ERROR
    Package required but not available: ‘proxy’
    
    Package suggested but not available for checking: ‘Rgraphviz’
    
    See the information on DESCRIPTION files in the chapter ‘Creating R
    packages’ of the ‘Writing R Extensions’ manual.
Flavor: r-devel-osx-x86_64-gcc

Version: 0.2-1
Check: package dependencies
Result: NOTE
    Package suggested but not available for checking: ‘Rgraphviz’
Flavors: r-release-osx-x86_64-mavericks, r-release-osx-x86_64-snowleopard

Version: 0.2-1
Check: re-building of vignette outputs
Result: NOTE
    Error in re-building vignettes:
     ...
    
    The following objects are masked from ‘package:stats’:
    
     as.dist, dist
    
    Loading required package: relations
    Loading required package: sets
    Loading required package: Rgraphviz
    Warning in library(package, lib.loc = lib.loc, character.only = TRUE, logical.return = TRUE, :
     there is no package called ‘Rgraphviz’
    Loading required package: Rgraphviz
    Warning in library(package, lib.loc = lib.loc, character.only = TRUE, logical.return = TRUE, :
     there is no package called ‘Rgraphviz’
    Error in texi2dvi(file = file, pdf = TRUE, clean = clean, quiet = quiet, :
     Running 'texi2dvi' on 'kst.tex' failed.
    LaTeX errors:
    ! LaTeX Error: File `a4wide.sty' not found.
    
    Type X to quit or <RETURN> to proceed,
    or enter new name. (Default extension: sty)
    
    t/kst/vignettes/kst.tex:4: ==> Fatal error occurred, no output PDF file produc
    ed!
    Calls: buildVignettes -> texi2pdf -> texi2dvi
    Execution halted
Flavor: r-release-osx-x86_64-mavericks

Version: 0.2-1
Check: PDF version of manual
Result: WARNING
    LaTeX errors when creating PDF version.
    This typically indicates Rd problems.
    LaTeX errors found:
    ! LaTeX Error: File `upquote.sty' not found.
    
    Type X to quit or <RETURN> to proceed,
    or enter new name. (Default extension: sty)
    
    3bdd5b7/Rd2.tex:8: ==> Fatal error occurred, no output PDF file produced!
Flavor: r-release-osx-x86_64-mavericks

Version: 0.2-1
Check: re-building of vignette outputs
Result: NOTE
    Error in re-building vignettes:
     ...
    Loading required package: proxy
    
    Attaching package: ‘proxy’
    
    The following objects are masked from ‘package:stats’:
    
     as.dist, dist
    
    Loading required package: relations
    Loading required package: sets
    Loading required package: Rgraphviz
    Warning in library(package, lib.loc = lib.loc, character.only = TRUE, logical.return = TRUE, :
     there is no package called ‘Rgraphviz’
    Loading required package: Rgraphviz
    Warning in library(package, lib.loc = lib.loc, character.only = TRUE, logical.return = TRUE, :
     there is no package called ‘Rgraphviz’
    Error in texi2dvi(file = file, pdf = TRUE, clean = clean, quiet = quiet, :
     Running 'texi2dvi' on 'kst.tex' failed.
    LaTeX errors:
    !pdfTeX error: pdflatex (file ./kst-011.pdf): PDF inclusion: required page does
     not exist <0>
     ==> Fatal error occurred, no output PDF file produced!
    Calls: buildVignettes -> texi2pdf -> texi2dvi
    Execution halted
Flavor: r-release-osx-x86_64-snowleopard