Last updated on 2018-04-21 14:46:51 CEST.
Flavor | Version | Tinstall | Tcheck | Ttotal | Status | Flags |
---|---|---|---|---|---|---|
r-devel-linux-x86_64-debian-clang | 0.4-0 | 1.90 | 32.85 | 34.75 | OK | |
r-devel-linux-x86_64-debian-gcc | 0.4-0 | 1.51 | 26.77 | 28.28 | OK | |
r-devel-linux-x86_64-fedora-clang | 0.4-0 | 43.02 | OK | |||
r-devel-linux-x86_64-fedora-gcc | 0.4-0 | 41.58 | OK | |||
r-devel-windows-ix86+x86_64 | 0.4-0 | 5.00 | 76.00 | 81.00 | OK | |
r-devel-osx-x86_64 | 0.4-0 | OK | ||||
r-patched-linux-x86_64 | 0.4-0 | 2.05 | 32.89 | 34.94 | OK | |
r-patched-solaris-x86 | 0.4-0 | 60.10 | OK | |||
r-release-linux-x86_64 | 0.4-0 | 1.38 | 35.27 | 36.65 | OK | |
r-release-windows-ix86+x86_64 | 0.4-0 | 6.00 | 75.00 | 81.00 | OK | |
r-release-osx-x86_64 | 0.4-0 | ERROR | ||||
r-oldrel-windows-ix86+x86_64 | 0.4-0 | 6.00 | 51.00 | 57.00 | OK |
Version: 0.4-0
Check: package dependencies
Result: ERROR
Package required and available but unsuitable version: ‘relations’
See section ‘The DESCRIPTION file’ in the ‘Writing R Extensions’
manual.
Flavor: r-release-osx-x86_64