CRAN Package Check Results for Package kst

Last updated on 2016-02-08 19:48:27.

Flavor Version Tinstall Tcheck Ttotal Status Flags
r-devel-linux-x86_64-debian-gcc 0.2-1 0.84 17.63 18.47 NOTE
r-devel-linux-x86_64-fedora-clang 0.2-1 35.07 NOTE
r-devel-linux-x86_64-fedora-gcc 0.2-1 33.75 NOTE
r-devel-osx-x86_64-clang 0.2-1 41.15 NOTE
r-devel-windows-ix86+x86_64 0.2-1 5.00 37.00 42.00 NOTE
r-patched-linux-x86_64 0.2-1 0.85 20.71 21.56 NOTE
r-patched-solaris-sparc 0.2-1 246.20 NOTE
r-patched-solaris-x86 0.2-1 52.20 NOTE
r-release-linux-x86_64 0.2-1 0.89 20.73 21.62 NOTE
r-release-osx-x86_64-mavericks 0.2-1 NOTE
r-release-windows-ix86+x86_64 0.2-1 5.00 53.00 58.00 NOTE
r-oldrel-windows-ix86+x86_64 0.2-1 8.00 46.00 54.00 NOTE

Check Details

Version: 0.2-1
Check: dependencies in R code
Result: NOTE
    'library' or 'require' call to ‘Rgraphviz’ in package code.
     Please use :: or requireNamespace() instead.
     See section 'Suggested packages' in the 'Writing R Extensions' manual.
Flavors: r-devel-linux-x86_64-debian-gcc, r-devel-linux-x86_64-fedora-clang, r-devel-linux-x86_64-fedora-gcc, r-devel-osx-x86_64-clang, r-devel-windows-ix86+x86_64, r-patched-linux-x86_64, r-patched-solaris-sparc, r-patched-solaris-x86, r-release-linux-x86_64, r-release-osx-x86_64-mavericks, r-release-windows-ix86+x86_64, r-oldrel-windows-ix86+x86_64

Version: 0.2-1
Check: R code for possible problems
Result: NOTE
    closure.kstructure: no visible global function definition for
     ‘binary_closure’
    closure.kstructure: no visible global function definition for ‘as.set’
    closure.kstructure : <anonymous>: no visible global function definition
     for ‘as.set’
    kassess: no visible global function definition for ‘as.set’
    katoms: no visible global function definition for ‘as.set’
    katoms: no visible global function definition for ‘set’
    katoms: no visible binding for global variable ‘set_is_subset’
    kbase: no visible global function definition for ‘as.set’
    kdomain: no visible global function definition for ‘as.set’
    kfringe: no visible global function definition for
     ‘set_contains_element’
    kfringe_inner: no visible global function definition for ‘set_outer’
    kfringe_inner: no visible binding for global variable
     ‘set_is_proper_subset’
    kfringe_inner: no visible global function definition for ‘relation’
    kfringe_inner: no visible global function definition for
     ‘relation_domain’
    kfringe_inner: no visible global function definition for
     ‘relation_incidence’
    kfringe_inner: no visible global function definition for
     ‘transitive_reduction’
    kfringe_inner: no visible global function definition for ‘set’
    kfringe_inner: no visible global function definition for ‘set_symdiff’
    kfringe_inner: no visible global function definition for ‘LABEL’
    kfringe_outer: no visible global function definition for ‘set_outer’
    kfringe_outer: no visible binding for global variable
     ‘set_is_proper_subset’
    kfringe_outer: no visible global function definition for ‘relation’
    kfringe_outer: no visible global function definition for
     ‘relation_domain’
    kfringe_outer: no visible global function definition for
     ‘relation_incidence’
    kfringe_outer: no visible global function definition for
     ‘transitive_reduction’
    kfringe_outer: no visible global function definition for ‘set’
    kfringe_outer: no visible global function definition for ‘set_symdiff’
    kfringe_outer: no visible global function definition for ‘LABEL’
    knotions: no visible global function definition for ‘set’
    knotions: no visible global function definition for ‘as.set’
    kspace: no visible global function definition for ‘set’
    kstructure: no visible global function definition for
     ‘relation_incidence’
    kstructure: no visible global function definition for ‘as.set’
    kstructure : <anonymous>: no visible global function definition for
     ‘as.set’
    kstructure: no visible binding for global variable ‘as.set’
    kstructure_is_wellgraded: no visible global function definition for
     ‘tuple’
    ktrace: no visible global function definition for ‘as.set’
    ktrace: no visible binding for global variable ‘set_intersection’
    kvalidate: no visible global function definition for ‘as.set’
    kvalidate: no visible global function definition for
     ‘relation_incidence’
    kvalidate: no visible global function definition for ‘set’
    lpath: no visible global function definition for ‘set_outer’
    lpath: no visible binding for global variable ‘set_is_proper_subset’
    lpath: no visible global function definition for ‘relation’
    lpath: no visible global function definition for ‘relation_domain’
    lpath: no visible global function definition for ‘relation_incidence’
    lpath: no visible global function definition for ‘transitive_reduction’
    lpath : FUN: no visible global function definition for ‘as.tuple’
    plot.kstructure: no visible global function definition for ‘set_outer’
    plot.kstructure: no visible binding for global variable ‘set_is_subset’
    plot.kstructure: no visible global function definition for ‘plot’
    plot.kstructure: no visible global function definition for ‘relation’
    reduction.kstructure: no visible global function definition for ‘set’
    reduction.kstructure: no visible global function definition for
     ‘set_is_subset’
    reduction.kstructure: no visible global function definition for
     ‘set_union’
    reduction.kstructure: no visible global function definition for
     ‘set_symdiff’
    reduction.kstructure: no visible global function definition for
     ‘as.set’
    Undefined global functions or variables:
     LABEL as.set as.tuple binary_closure plot relation relation_domain
     relation_incidence set set_contains_element set_intersection
     set_is_proper_subset set_is_subset set_outer set_symdiff set_union
     transitive_reduction tuple
    Consider adding
     importFrom("graphics", "plot")
    to your NAMESPACE file.
Flavors: r-devel-linux-x86_64-debian-gcc, r-devel-linux-x86_64-fedora-clang, r-devel-linux-x86_64-fedora-gcc, r-devel-osx-x86_64-clang, r-devel-windows-ix86+x86_64

Version: 0.2-1
Check: R code for possible problems
Result: NOTE
    closure.kstructure: no visible global function definition for
     ‘binary_closure’
    closure.kstructure: no visible global function definition for ‘as.set’
    closure.kstructure : <anonymous>: no visible global function definition
     for ‘as.set’
    kassess: no visible global function definition for ‘as.set’
    katoms: no visible global function definition for ‘as.set’
    katoms: no visible global function definition for ‘set’
    katoms: no visible binding for global variable ‘set_is_subset’
    kbase: no visible global function definition for ‘as.set’
    kdomain: no visible global function definition for ‘as.set’
    kfringe: no visible global function definition for
     ‘set_contains_element’
    kfringe_inner: no visible global function definition for ‘set_outer’
    kfringe_inner: no visible binding for global variable
     ‘set_is_proper_subset’
    kfringe_inner: no visible global function definition for ‘relation’
    kfringe_inner: no visible global function definition for
     ‘relation_domain’
    kfringe_inner: no visible global function definition for
     ‘relation_incidence’
    kfringe_inner: no visible global function definition for
     ‘transitive_reduction’
    kfringe_inner: no visible global function definition for ‘set’
    kfringe_inner: no visible global function definition for ‘set_symdiff’
    kfringe_inner: no visible global function definition for ‘LABEL’
    kfringe_outer: no visible global function definition for ‘set_outer’
    kfringe_outer: no visible binding for global variable
     ‘set_is_proper_subset’
    kfringe_outer: no visible global function definition for ‘relation’
    kfringe_outer: no visible global function definition for
     ‘relation_domain’
    kfringe_outer: no visible global function definition for
     ‘relation_incidence’
    kfringe_outer: no visible global function definition for
     ‘transitive_reduction’
    kfringe_outer: no visible global function definition for ‘set’
    kfringe_outer: no visible global function definition for ‘set_symdiff’
    kfringe_outer: no visible global function definition for ‘LABEL’
    knotions: no visible global function definition for ‘set’
    knotions: no visible global function definition for ‘as.set’
    kspace: no visible global function definition for ‘set’
    kstructure: no visible global function definition for
     ‘relation_incidence’
    kstructure: no visible global function definition for ‘as.set’
    kstructure : <anonymous>: no visible global function definition for
     ‘as.set’
    kstructure: no visible binding for global variable ‘as.set’
    kstructure_is_wellgraded: no visible global function definition for
     ‘tuple’
    ktrace: no visible global function definition for ‘as.set’
    ktrace: no visible binding for global variable ‘set_intersection’
    kvalidate: no visible global function definition for ‘as.set’
    kvalidate: no visible global function definition for
     ‘relation_incidence’
    kvalidate: no visible global function definition for ‘set’
    lpath: no visible global function definition for ‘set_outer’
    lpath: no visible binding for global variable ‘set_is_proper_subset’
    lpath: no visible global function definition for ‘relation’
    lpath: no visible global function definition for ‘relation_domain’
    lpath: no visible global function definition for ‘relation_incidence’
    lpath: no visible global function definition for ‘transitive_reduction’
    lpath : FUN: no visible global function definition for ‘as.tuple’
    plot.kstructure: no visible global function definition for ‘set_outer’
    plot.kstructure: no visible binding for global variable ‘set_is_subset’
    plot.kstructure: no visible global function definition for ‘relation’
    reduction.kstructure: no visible global function definition for ‘set’
    reduction.kstructure: no visible global function definition for
     ‘set_is_subset’
    reduction.kstructure: no visible global function definition for
     ‘set_union’
    reduction.kstructure: no visible global function definition for
     ‘set_symdiff’
    reduction.kstructure: no visible global function definition for
     ‘as.set’
Flavors: r-patched-linux-x86_64, r-patched-solaris-sparc, r-patched-solaris-x86, r-release-linux-x86_64, r-release-osx-x86_64-mavericks, r-release-windows-ix86+x86_64, r-oldrel-windows-ix86+x86_64