CRAN Package Check Results for Package kulife

Last updated on 2017-10-22 22:48:51.

Flavor Version Tinstall Tcheck Ttotal Status Flags
r-devel-linux-x86_64-debian-clang 0.1-14 0.76 17.03 17.79 NOTE
r-devel-linux-x86_64-debian-gcc 0.1-14 0.76 17.70 18.46 NOTE
r-devel-linux-x86_64-fedora-clang 0.1-14 32.44 NOTE
r-devel-linux-x86_64-fedora-gcc 0.1-14 31.12 NOTE
r-devel-windows-ix86+x86_64 0.1-14 2.00 53.00 55.00 NOTE
r-patched-linux-x86_64 0.1-14 0.73 17.59 18.32 NOTE
r-patched-solaris-x86 0.1-14 54.70 NOTE
r-release-linux-x86_64 0.1-14 0.75 17.48 18.23 NOTE
r-release-windows-ix86+x86_64 0.1-14 3.00 50.00 53.00 NOTE
r-release-osx-x86_64 0.1-14 NOTE
r-oldrel-windows-ix86+x86_64 0.1-14 2.00 46.00 48.00 NOTE
r-oldrel-osx-x86_64 0.1-14 NOTE

Check Details

Version: 0.1-14
Check: DESCRIPTION meta-information
Result: NOTE
    Malformed Description field: should contain one or more complete sentences.
Flavors: r-devel-linux-x86_64-debian-clang, r-devel-linux-x86_64-debian-gcc, r-devel-linux-x86_64-fedora-clang, r-devel-linux-x86_64-fedora-gcc, r-devel-windows-ix86+x86_64, r-patched-linux-x86_64, r-patched-solaris-x86, r-release-linux-x86_64, r-release-windows-ix86+x86_64, r-release-osx-x86_64, r-oldrel-windows-ix86+x86_64, r-oldrel-osx-x86_64

Version: 0.1-14
Check: dependencies in R code
Result: NOTE
    'library' or 'require' call to ‘XML’ in package code.
     Please use :: or requireNamespace() instead.
     See section 'Suggested packages' in the 'Writing R Extensions' manual.
Flavors: r-devel-linux-x86_64-debian-clang, r-devel-linux-x86_64-debian-gcc, r-devel-linux-x86_64-fedora-clang, r-devel-linux-x86_64-fedora-gcc, r-devel-windows-ix86+x86_64, r-patched-linux-x86_64, r-patched-solaris-x86, r-release-linux-x86_64, r-release-windows-ix86+x86_64, r-release-osx-x86_64, r-oldrel-windows-ix86+x86_64, r-oldrel-osx-x86_64

Version: 0.1-14
Check: R code for possible problems
Result: NOTE
    auc: no visible global function definition for ‘approx’
    kulife.colors: no visible global function definition for ‘palette’
    rootonorm: no visible global function definition for ‘sd’
    rootonorm: no visible global function definition for ‘hist’
    rootonorm: no visible global function definition for ‘pnorm’
    rootonorm: no visible global function definition for ‘dnorm’
    rootonorm: no visible global function definition for ‘plot’
    rootonorm: no visible global function definition for ‘rect’
    rootonorm: no visible global function definition for ‘lines’
    rootonorm: no visible global function definition for ‘abline’
    Undefined global functions or variables:
     abline approx dnorm hist lines palette plot pnorm rect sd
    Consider adding
     importFrom("grDevices", "palette")
     importFrom("graphics", "abline", "hist", "lines", "plot", "rect")
     importFrom("stats", "approx", "dnorm", "pnorm", "sd")
    to your NAMESPACE file.
Flavors: r-devel-linux-x86_64-debian-clang, r-devel-linux-x86_64-debian-gcc, r-devel-linux-x86_64-fedora-clang, r-devel-linux-x86_64-fedora-gcc, r-devel-windows-ix86+x86_64, r-patched-linux-x86_64, r-patched-solaris-x86, r-release-linux-x86_64, r-release-windows-ix86+x86_64, r-release-osx-x86_64, r-oldrel-windows-ix86+x86_64, r-oldrel-osx-x86_64