CRAN Package Check Results for Package kulife

Last updated on 2015-03-01 03:48:37.

Flavor Version Tinstall Tcheck Ttotal Status Flags
r-devel-linux-x86_64-debian-clang 0.1-14 0.96 16.36 17.32 NOTE
r-devel-linux-x86_64-debian-gcc 0.1-14 0.65 15.77 16.42 NOTE
r-devel-linux-x86_64-fedora-clang 0.1-14 32.55 NOTE
r-devel-linux-x86_64-fedora-gcc 0.1-14 30.60 NOTE
r-devel-osx-x86_64-clang 0.1-14 33.53 NOTE
r-devel-windows-ix86+x86_64 0.1-14 3.00 27.00 30.00 NOTE
r-patched-linux-x86_64 0.1-14 0.75 16.81 17.56 NOTE
r-patched-solaris-sparc 0.1-14 252.00 NOTE
r-patched-solaris-x86 0.1-14 59.80 NOTE
r-release-linux-ix86 0.1-14 1.07 26.29 27.36 OK
r-release-linux-x86_64 0.1-14 0.74 16.98 17.71 OK
r-release-osx-x86_64-mavericks 0.1-14 OK
r-release-windows-ix86+x86_64 0.1-14 3.00 29.00 32.00 OK
r-oldrel-windows-ix86+x86_64 0.1-14 2.00 30.00 32.00 OK

Check Details

Version: 0.1-14
Check: DESCRIPTION meta-information
Result: NOTE
    Malformed Description field: should contain one or more complete sentences.
Flavors: r-devel-linux-x86_64-debian-clang, r-devel-linux-x86_64-debian-gcc, r-devel-linux-x86_64-fedora-clang, r-devel-linux-x86_64-fedora-gcc, r-devel-osx-x86_64-clang, r-devel-windows-ix86+x86_64

Version: 0.1-14
Check: dependencies in R code
Result: NOTE
    'library' or 'require' call to ‘XML’ in package code.
     Please use :: or requireNamespace() instead.
     See section 'Suggested packages' in the 'Writing R Extensions' manual.
Flavors: r-devel-linux-x86_64-debian-clang, r-devel-linux-x86_64-debian-gcc, r-devel-linux-x86_64-fedora-clang, r-devel-linux-x86_64-fedora-gcc, r-devel-osx-x86_64-clang, r-devel-windows-ix86+x86_64, r-patched-linux-x86_64, r-patched-solaris-sparc, r-patched-solaris-x86