CRAN Package Check Results for Package kulife

Last updated on 2014-04-23 17:47:47.

Flavor Version Tinstall Tcheck Ttotal Status Flags
r-devel-linux-x86_64-debian-clang 0.1-14 0.70 20.23 20.93 OK
r-devel-linux-x86_64-debian-gcc 0.1-14 0.68 18.74 19.42 OK
r-devel-linux-x86_64-fedora-clang 0.1-14 40.47 OK
r-devel-linux-x86_64-fedora-gcc 0.1-14 38.21 OK
r-devel-osx-x86_64-clang 0.1-14 35.11 OK
r-devel-osx-x86_64-gcc 0.1-14 ERROR
r-devel-windows-ix86+x86_64 0.1-14 2.00 30.00 32.00 OK
r-patched-linux-x86_64 0.1-14 0.69 18.54 19.22 OK
r-patched-solaris-sparc 0.1-14 240.40 OK
r-patched-solaris-x86 0.1-14 60.40 OK
r-release-linux-ix86 0.1-14 2.00 36.00 38.00 OK
r-release-linux-x86_64 0.1-14 0.70 18.47 19.18 OK
r-release-osx-x86_64-mavericks 0.1-14 WARN
r-release-windows-ix86+x86_64 0.1-14 2.00 30.00 32.00 OK
r-oldrel-windows-ix86+x86_64 0.1-14 2.00 30.00 32.00 OK

Check Details

Version: 0.1-14
Check: package dependencies
Result: NOTE
    Package suggested but not available for checking: ‘XML’
Flavor: r-devel-osx-x86_64-gcc

Version: 0.1-14
Check: examples
Result: ERROR
    Running examples in ‘kulife-Ex.R’ failed
    The error most likely occurred in:
    
    > ### Name: write.xml
    > ### Title: Write a data frame in XML format
    > ### Aliases: write.xml
    > ### Keywords: file
    >
    > ### ** Examples
    >
    > data(trees)
    > write.xml(trees, file="mydata.xml")
    Loading required package: XML
    Warning in library(package, lib.loc = lib.loc, character.only = TRUE, logical.return = TRUE, :
     there is no package called ‘XML’
    Error in write.xml(trees, file = "mydata.xml") :
     package XML must be installed
    Execution halted
Flavor: r-devel-osx-x86_64-gcc

Version: 0.1-14
Check: package dependencies
Result: NOTE
    Package suggested but not available for checking: ‘lme4’
Flavor: r-release-osx-x86_64-mavericks

Version: 0.1-14
Check: PDF version of manual
Result: WARNING
    LaTeX errors when creating PDF version.
    This typically indicates Rd problems.
    LaTeX errors found:
    ! LaTeX Error: File `upquote.sty' not found.
    
    Type X to quit or <RETURN> to proceed,
    or enter new name. (Default extension: sty)
    
    7219ae5/Rd2.tex:8: ==> Fatal error occurred, no output PDF file produced!
Flavor: r-release-osx-x86_64-mavericks