CRAN Package Check Results for Package kulife

Last updated on 2015-05-29 11:48:54.

Flavor Version Tinstall Tcheck Ttotal Status Flags
r-devel-linux-x86_64-debian-clang 0.1-14 0.82 15.08 15.90 NOTE
r-devel-linux-x86_64-debian-gcc 0.1-14 0.66 15.59 16.24 NOTE
r-devel-linux-x86_64-fedora-clang 0.1-14 33.65 NOTE
r-devel-linux-x86_64-fedora-gcc 0.1-14 30.83 NOTE
r-devel-osx-x86_64-clang 0.1-14 32.87 NOTE
r-devel-windows-ix86+x86_64 0.1-14 3.00 24.00 27.00 NOTE
r-patched-linux-x86_64 0.1-14 0.65 15.68 16.33 NOTE
r-patched-solaris-sparc 0.1-14 220.30 NOTE
r-patched-solaris-x86 0.1-14 53.70 NOTE
r-release-linux-x86_64 0.1-14 0.67 15.38 16.05 NOTE
r-release-osx-x86_64-mavericks 0.1-14 NOTE
r-release-osx-x86_64-snowleopard 0.1-14 ERROR
r-release-windows-ix86+x86_64 0.1-14 3.00 26.00 29.00 NOTE
r-oldrel-windows-ix86+x86_64 0.1-14 3.00 27.00 30.00 NOTE

Check Details

Version: 0.1-14
Check: DESCRIPTION meta-information
Result: NOTE
    Malformed Description field: should contain one or more complete sentences.
Flavors: r-devel-linux-x86_64-debian-clang, r-devel-linux-x86_64-debian-gcc, r-devel-linux-x86_64-fedora-clang, r-devel-linux-x86_64-fedora-gcc, r-devel-osx-x86_64-clang, r-devel-windows-ix86+x86_64, r-patched-linux-x86_64, r-patched-solaris-sparc, r-patched-solaris-x86, r-release-linux-x86_64, r-release-osx-x86_64-mavericks, r-release-osx-x86_64-snowleopard, r-release-windows-ix86+x86_64

Version: 0.1-14
Check: dependencies in R code
Result: NOTE
    'library' or 'require' call to ‘XML’ in package code.
     Please use :: or requireNamespace() instead.
     See section 'Suggested packages' in the 'Writing R Extensions' manual.
Flavors: r-devel-linux-x86_64-debian-clang, r-devel-linux-x86_64-debian-gcc, r-devel-linux-x86_64-fedora-clang, r-devel-linux-x86_64-fedora-gcc, r-devel-osx-x86_64-clang, r-devel-windows-ix86+x86_64, r-patched-linux-x86_64, r-patched-solaris-sparc, r-patched-solaris-x86, r-release-linux-x86_64, r-release-osx-x86_64-mavericks, r-release-osx-x86_64-snowleopard, r-release-windows-ix86+x86_64, r-oldrel-windows-ix86+x86_64

Version: 0.1-14
Check: package dependencies
Result: NOTE
    Package suggested but not available for checking: ‘XML’
Flavor: r-release-osx-x86_64-snowleopard

Version: 0.1-14
Check: examples
Result: ERROR
    Running examples in ‘kulife-Ex.R’ failed
    The error most likely occurred in:
    
    > ### Name: write.xml
    > ### Title: Write a data frame in XML format
    > ### Aliases: write.xml
    > ### Keywords: file
    >
    > ### ** Examples
    >
    > data(trees)
    > write.xml(trees, file="mydata.xml")
    Loading required package: XML
    Warning in library(package, lib.loc = lib.loc, character.only = TRUE, logical.return = TRUE, :
     there is no package called ‘XML’
    Error in write.xml(trees, file = "mydata.xml") :
     package XML must be installed
    Execution halted
Flavor: r-release-osx-x86_64-snowleopard